{"id":1019,"date":"2021-10-06T17:00:54","date_gmt":"2021-10-06T17:00:54","guid":{"rendered":"https:\/\/mygarden.mx\/?post_type=product&#038;p=1019"},"modified":"2023-04-25T05:52:24","modified_gmt":"2023-04-25T05:52:24","slug":"cabezota-con-esqueleto","status":"publish","type":"product","link":"https:\/\/mygarden.mx\/index.php\/product\/cabezota-con-esqueleto\/","title":{"rendered":"Cabezota con esqueleto"},"content":{"rendered":"<p>Esqueleto o Monstera Adansonii\ud83d\udc80<\/p>\n<p>Planthija colgante muy peculiar por los orificios en sus hojas, como si fuera un queso suizo \ud83e\uddc0<\/p>\n<p>\ud83d\udca6En verano cada dos d\u00edas aproximadamente y en invierno cada 5, siempre cuidando no encharcarla.<\/p>\n<p>\u26c5\ufe0f Necesita mucha claridad y luz indirecta ya que los rayos del sol pueden quemar sus hojas.<\/p>\n<p>\ud83d\udd1dComo es una planta tropical, necesita riegos abundantes en los meses d emas carlo y moderados durante el invierno.<\/p>\n","protected":false},"excerpt":{"rendered":"<p>Esqueleto o Monstera Adansonii\ud83d\udc80<\/p>\n<p>&nbsp;<\/p>\n","protected":false},"featured_media":1021,"comment_status":"open","ping_status":"closed","template":"","meta":{"om_disable_all_campaigns":false,"_monsterinsights_skip_tracking":false,"_monsterinsights_sitenote_active":false,"_monsterinsights_sitenote_note":"","_monsterinsights_sitenote_category":0,"spay_email":""},"product_cat":[20],"product_tag":[31,35],"class_list":["post-1019","product","type-product","status-publish","has-post-thumbnail","hentry","product_cat-mediana-planthijamaceta","product_tag-cabezota","product_tag-monstera"],"jetpack-related-posts":[{"id":219,"url":"https:\/\/mygarden.mx\/index.php\/product\/monstera-deliciosa\/","url_meta":{"origin":1019,"position":0},"title":"Monstera Deliciosa","date":"13 de abril de 2021","format":false,"excerpt":"Tama\u00f1o: Grande Monstera deliciosa \ud83e\udd24 \ud83d\udc49Planthija conocida por sus grandes hojas con hendiduras que le ayudan a liberar estre\u0301s. Lo impresionante de esta planthija es que puede llevarla a casa cuando recie\u0301n es un tallo chico y verla crecer hasta convertirse en una gigante de metros de altura. Cuidados: \ud83c\udf24\u2026","rel":"","context":"Entrada similar","img":{"alt_text":"","src":"https:\/\/i0.wp.com\/mygarden.mx\/wp-content\/uploads\/2021\/04\/Monstera-principal.jpg?fit=548%2C821&ssl=1&resize=350%2C200","width":350,"height":200},"classes":[]},{"id":223,"url":"https:\/\/mygarden.mx\/index.php\/product\/baby-monstera\/","url_meta":{"origin":1019,"position":1},"title":"Baby Monstera","date":"13 de abril de 2021","format":false,"excerpt":"Tama\u00f1o: Chica Monstera deliciosa \ud83e\udd24 \ud83d\udc49Planthija conocida por sus grandes hojas con hendiduras que le ayudan a liberar estre\u0301s. Lo impresionante de esta planthija es que puede llevarla a casa cuando recie\u0301n es un tallo chico y verla crecer hasta convertirse en una gigante de metros de altura. Cuidados: \ud83c\udf24\u2026","rel":"","context":"Entrada similar","img":{"alt_text":"","src":"https:\/\/i0.wp.com\/mygarden.mx\/wp-content\/uploads\/2021\/04\/Baby-monstera1.png?fit=900%2C1200&ssl=1&resize=350%2C200","width":350,"height":200},"classes":[]},{"id":3522,"url":"https:\/\/mygarden.mx\/index.php\/product\/jetotas-con-esqueleto\/","url_meta":{"origin":1019,"position":2},"title":"\u00abJetotas\u00bb con esqueleto","date":"12 de septiembre de 2022","format":false,"excerpt":"Maceta \u201cJetotas\u201d con Monstera Andasonii aka esqueleto\ud83c\udf31 planthija colgante ideal para interiores. La maceta es de la nueva colecci\u00f3n de mygarden y sin duda es lo que hace falta para darle un toque m\u00e1s cool a tu espacio \ud83d\udc9a. \ud83d\udc49\ud83c\udffb Por lanzamiento tiene un costo de 550 MXN (precio normal\u2026","rel":"","context":"Entrada similar","img":{"alt_text":"Maceta rostro","src":"https:\/\/i0.wp.com\/mygarden.mx\/wp-content\/uploads\/2022\/09\/Maceta-jetotas-con-monstera-andasonii.jpeg?fit=900%2C1200&ssl=1&resize=350%2C200","width":350,"height":200},"classes":[]},{"id":3273,"url":"https:\/\/mygarden.mx\/index.php\/product\/planthija-colgante-con-macrame\/","url_meta":{"origin":1019,"position":3},"title":"Planthija colgante con macram\u00e9","date":"16 de junio de 2022","format":false,"excerpt":"Colgante macram\u00e9 con incre\u00edble dise\u00f1o + maceta bule con olitas + planthija colgante = \ud83d\udc9a Armamos este incre\u00edble set para ti\u2728 Puedes elegir la planthija colgante entre esqueleto y tel\u00e9fono, ambas son ideales para interiores y sin duda van a dar vida a cualquier lugar.","rel":"","context":"Entrada similar","img":{"alt_text":"Esqueleto colgante con macram\u00e9","src":"https:\/\/i0.wp.com\/mygarden.mx\/wp-content\/uploads\/2022\/06\/IMG_2906-1-scaled.jpg?fit=548%2C1200&ssl=1&resize=350%2C200","width":350,"height":200},"classes":[]},{"id":158,"url":"https:\/\/mygarden.mx\/index.php\/product\/garra-de-leon\/","url_meta":{"origin":1019,"position":4},"title":"Garra de le\u00f3n","date":"12 de abril de 2021","format":false,"excerpt":"Tama\u00f1o: Grande Garra de le\u00f3n \ud83e\udd81 \ud83d\udc49Es una planthija muy decorativa debido a sus grandes hojas de color verde medio brillante, que dan a la planta un aspecto tropical y ex\u00f3tico. Cuidados: \ud83d\udebf Permitir que el sustrato se seque antes de volver a regar. Reducir la frecuencia de riego durante\u2026","rel":"","context":"Entrada similar","img":{"alt_text":"","src":"https:\/\/i0.wp.com\/mygarden.mx\/wp-content\/uploads\/2021\/04\/Garra-de-leon-1.jpg?fit=960%2C1200&ssl=1&resize=350%2C200","width":350,"height":200},"classes":[]},{"id":234,"url":"https:\/\/mygarden.mx\/index.php\/product\/arbol-de-hule\/","url_meta":{"origin":1019,"position":5},"title":"\u00c1rbol de Hule","date":"13 de abril de 2021","format":false,"excerpt":"Tama\u00f1o: Grande \u00c1rbol de hule (Ficus el\u00e1stica) Arbolhija que no requiere grandes cuidados m\u00e1s all\u00e1 de los b\u00e1sicos. Con que sepas lo que detallamos a continuaci\u00f3n es m\u00e1s que suficiente Cuidados: \ud83d\udebf Necesita poco riego: dos veces por semana en verano y una en invierno (o incluso menos, en regiones\u2026","rel":"","context":"Entrada similar","img":{"alt_text":"","src":"https:\/\/i0.wp.com\/mygarden.mx\/wp-content\/uploads\/2021\/04\/arbol-de-hule2.jpg?fit=1080%2C1080&ssl=1&resize=350%2C200","width":350,"height":200},"classes":[]}],"_links":{"self":[{"href":"https:\/\/mygarden.mx\/index.php\/wp-json\/wp\/v2\/product\/1019"}],"collection":[{"href":"https:\/\/mygarden.mx\/index.php\/wp-json\/wp\/v2\/product"}],"about":[{"href":"https:\/\/mygarden.mx\/index.php\/wp-json\/wp\/v2\/types\/product"}],"replies":[{"embeddable":true,"href":"https:\/\/mygarden.mx\/index.php\/wp-json\/wp\/v2\/comments?post=1019"}],"wp:featuredmedia":[{"embeddable":true,"href":"https:\/\/mygarden.mx\/index.php\/wp-json\/wp\/v2\/media\/1021"}],"wp:attachment":[{"href":"https:\/\/mygarden.mx\/index.php\/wp-json\/wp\/v2\/media?parent=1019"}],"wp:term":[{"taxonomy":"product_cat","embeddable":true,"href":"https:\/\/mygarden.mx\/index.php\/wp-json\/wp\/v2\/product_cat?post=1019"},{"taxonomy":"product_tag","embeddable":true,"href":"https:\/\/mygarden.mx\/index.php\/wp-json\/wp\/v2\/product_tag?post=1019"}],"curies":[{"name":"wp","href":"https:\/\/api.w.org\/{rel}","templated":true}]}}

<p>Esqueleto o Monstera Adansonii💀</p>
<p>Planthija colgante muy peculiar por los orificios en sus hojas, como si fuera un queso suizo 🧀</p>
<p>💦En verano cada dos días aproximadamente y en invierno cada 5, siempre cuidando no encharcarla.</p>
<p>⛅️ Necesita mucha claridad y luz indirecta ya que los rayos del sol pueden quemar sus hojas.</p>
<p>🔝Como es una planta tropical, necesita riegos abundantes en los meses d emas carlo y moderados durante el invierno.</p>

Tamaño: Grande Monstera deliciosa 🤤 👉Planthija conocida por sus grandes hojas con hendiduras que le ayudan a liberar estrés. Lo impresionante de esta planthija es que puede llevarla a casa cuando recién es un tallo chico y verla crecer hasta convertirse en una gigante de metros de altura. Cuidados: 🌤…

Tamaño: Chica Monstera deliciosa 🤤 👉Planthija conocida por sus grandes hojas con hendiduras que le ayudan a liberar estrés. Lo impresionante de esta planthija es que puede llevarla a casa cuando recién es un tallo chico y verla crecer hasta convertirse en una gigante de metros de altura. Cuidados: 🌤…

Maceta “Jetotas” con Monstera Andasonii aka esqueleto🌱 planthija colgante ideal para interiores. La maceta es de la nueva colección de mygarden y sin duda es lo que hace falta para darle un toque más cool a tu espacio 💚. 👉🏻 Por lanzamiento tiene un costo de 550 MXN (precio normal…

Planthija colgante con macramé

Colgante macramé con increíble diseño + maceta bule con olitas + planthija colgante = 💚 Armamos este increíble set para ti✨ Puedes elegir la planthija colgante entre esqueleto y teléfono, ambas son ideales para interiores y sin duda van a dar vida a cualquier lugar.

Esqueleto colgante con macramé

Garra de león

Tamaño: Grande Garra de león 🦁 👉Es una planthija muy decorativa debido a sus grandes hojas de color verde medio brillante, que dan a la planta un aspecto tropical y exótico. Cuidados: 🚿 Permitir que el sustrato se seque antes de volver a regar. Reducir la frecuencia de riego durante…

Árbol de Hule

Tamaño: Grande Árbol de hule (Ficus elástica) Arbolhija que no requiere grandes cuidados más allá de los básicos. Con que sepas lo que detallamos a continuación es más que suficiente Cuidados: 🚿 Necesita poco riego: dos veces por semana en verano y una en invierno (o incluso menos, en regiones…
