{"id":12,"date":"2021-04-12T18:18:43","date_gmt":"2021-04-12T18:18:43","guid":{"rendered":"http:\/\/mygarden.mx\/?post_type=product&#038;p=12"},"modified":"2022-06-19T13:10:39","modified_gmt":"2022-06-19T13:10:39","slug":"bule-grande-blanco","status":"publish","type":"product","link":"https:\/\/mygarden.mx\/index.php\/product\/bule-grande-blanco\/","title":{"rendered":"Bule Grande Blanco"},"content":{"rendered":"","protected":false},"excerpt":{"rendered":"<p>Bule Grande<\/p>\n<p>Color: Blanco<\/p>\n<p>Medidas: 20cm di\u00e1metro x 18 cm altura<\/p>\n<p>Material: Cer\u00e1mica<\/p>\n","protected":false},"featured_media":13,"comment_status":"open","ping_status":"closed","template":"","meta":{"om_disable_all_campaigns":false,"_monsterinsights_skip_tracking":false,"_monsterinsights_sitenote_active":false,"_monsterinsights_sitenote_note":"","_monsterinsights_sitenote_category":0,"spay_email":""},"product_cat":[16],"product_tag":[],"class_list":["post-12","product","type-product","status-publish","has-post-thumbnail","hentry","product_cat-macetas"],"jetpack-related-posts":[{"id":51,"url":"https:\/\/mygarden.mx\/index.php\/product\/diamante-ceramica\/","url_meta":{"origin":12,"position":0},"title":"Diamante Cer\u00e1mica","date":"12 de abril de 2021","format":false,"excerpt":"Diamante Cer\u00e1mica Color: Blanco Medidas: 20 cm di\u00e1metro x 17 cm altura Material: Cer\u00e1mica","rel":"","context":"Entrada similar","img":{"alt_text":"","src":"https:\/\/i0.wp.com\/mygarden.mx\/wp-content\/uploads\/2021\/04\/Diamante-ceramica-blanco.png?fit=1200%2C1200&ssl=1&resize=350%2C200","width":350,"height":200},"classes":[]},{"id":67,"url":"https:\/\/mygarden.mx\/index.php\/product\/palomera-ceramica\/","url_meta":{"origin":12,"position":1},"title":"Palomera Cer\u00e1mica","date":"12 de abril de 2021","format":false,"excerpt":"Palomera Cer\u00e1mica Color: Blanca Medidas: 27 cm di\u00e1metro x 21 cm altura Material: Cer\u00e1mica","rel":"","context":"Entrada similar","img":{"alt_text":"","src":"https:\/\/i0.wp.com\/mygarden.mx\/wp-content\/uploads\/2021\/04\/Palomera1.png?fit=1200%2C1200&ssl=1&resize=350%2C200","width":350,"height":200},"classes":[]},{"id":37,"url":"https:\/\/mygarden.mx\/index.php\/product\/cabeza-buda-ceramica\/","url_meta":{"origin":12,"position":2},"title":"Cabeza Buda Cer\u00e1mica","date":"12 de abril de 2021","format":false,"excerpt":"Cabeza Buda Color: Blanco Medidas: 12 cm di\u00e1metro x 19 cm altura Material: Cer\u00e1mica","rel":"","context":"Entrada similar","img":{"alt_text":"","src":"https:\/\/i0.wp.com\/mygarden.mx\/wp-content\/uploads\/2021\/04\/Cabeza-de-buda-ceramica.png?fit=900%2C1200&ssl=1&resize=350%2C200","width":350,"height":200},"classes":[]},{"id":86,"url":"https:\/\/mygarden.mx\/index.php\/product\/vaso-grande-barro\/","url_meta":{"origin":12,"position":3},"title":"Vaso Grande Barro","date":"12 de abril de 2021","format":false,"excerpt":"Vaso Grande Barro \u00a1Selecciona el color de tu preferencia! Medidas: 24 cm di\u00e1metro x 22 cm altura Material: Barro","rel":"","context":"Entrada similar","img":{"alt_text":"","src":"https:\/\/i0.wp.com\/mygarden.mx\/wp-content\/uploads\/2021\/04\/Vasogrande1.png?fit=1200%2C1200&ssl=1&resize=350%2C200","width":350,"height":200},"classes":[]},{"id":3239,"url":"https:\/\/mygarden.mx\/index.php\/product\/alcatraz-negro-en-bule-de-ceramica\/","url_meta":{"origin":12,"position":4},"title":"Alcatraz negro en bule de cer\u00e1mica","date":"16 de junio de 2022","format":false,"excerpt":"Los alcatraces negros son originarios de Chilangolandia, as\u00ed como todos los dem\u00e1s colores. Cuidados: \ud83d\udebf Mantener la tierra siempre hu\u0301meda, OJO sin encharcarla. 2-3 veces por semana esta\u0301 perfecto. \u26c5\ufe0f Semisombra, que puedan recibir de forma indirecta los rayos del sol Tips: \ud83d\ude37\u00a0 NO debe exponerse a fuertes vientos, los\u2026","rel":"","context":"Entrada similar","img":{"alt_text":"Alcatraz negro","src":"https:\/\/i0.wp.com\/mygarden.mx\/wp-content\/uploads\/2022\/06\/IMG_3247-scaled.jpg?fit=584%2C1200&ssl=1&resize=350%2C200","width":350,"height":200},"classes":[]},{"id":48,"url":"https:\/\/mygarden.mx\/index.php\/product\/diamante-barro\/","url_meta":{"origin":12,"position":5},"title":"Diamante Barro","date":"12 de abril de 2021","format":false,"excerpt":"Diamante \u00a1Selecciona el color de tu preferencia! Medidas: 20 cm di\u00e1metro x 17 cm altura Material: Barro","rel":"","context":"Entrada similar","img":{"alt_text":"","src":"https:\/\/i0.wp.com\/mygarden.mx\/wp-content\/uploads\/2021\/04\/Diamante-rojo-oxido.png?fit=1200%2C1200&ssl=1&resize=350%2C200","width":350,"height":200},"classes":[]}],"_links":{"self":[{"href":"https:\/\/mygarden.mx\/index.php\/wp-json\/wp\/v2\/product\/12"}],"collection":[{"href":"https:\/\/mygarden.mx\/index.php\/wp-json\/wp\/v2\/product"}],"about":[{"href":"https:\/\/mygarden.mx\/index.php\/wp-json\/wp\/v2\/types\/product"}],"replies":[{"embeddable":true,"href":"https:\/\/mygarden.mx\/index.php\/wp-json\/wp\/v2\/comments?post=12"}],"wp:featuredmedia":[{"embeddable":true,"href":"https:\/\/mygarden.mx\/index.php\/wp-json\/wp\/v2\/media\/13"}],"wp:attachment":[{"href":"https:\/\/mygarden.mx\/index.php\/wp-json\/wp\/v2\/media?parent=12"}],"wp:term":[{"taxonomy":"product_cat","embeddable":true,"href":"https:\/\/mygarden.mx\/index.php\/wp-json\/wp\/v2\/product_cat?post=12"},{"taxonomy":"product_tag","embeddable":true,"href":"https:\/\/mygarden.mx\/index.php\/wp-json\/wp\/v2\/product_tag?post=12"}],"curies":[{"name":"wp","href":"https:\/\/api.w.org\/{rel}","templated":true}]}}

<p>Bule Grande</p>
<p>Color: Blanco</p>
<p>Medidas: 20cm diámetro x 18 cm altura</p>
<p>Material: Cerámica</p>

Diamante Cerámica

Diamante Cerámica Color: Blanco Medidas: 20 cm diámetro x 17 cm altura Material: Cerámica

Palomera Cerámica

Palomera Cerámica Color: Blanca Medidas: 27 cm diámetro x 21 cm altura Material: Cerámica

Cabeza Buda Cerámica

Cabeza Buda Color: Blanco Medidas: 12 cm diámetro x 19 cm altura Material: Cerámica

Vaso Grande Barro ¡Selecciona el color de tu preferencia! Medidas: 24 cm diámetro x 22 cm altura Material: Barro

Alcatraz negro en bule de cerámica

Los alcatraces negros son originarios de Chilangolandia, así como todos los demás colores. Cuidados: 🚿 Mantener la tierra siempre húmeda, OJO sin encharcarla. 2-3 veces por semana está perfecto. ⛅️ Semisombra, que puedan recibir de forma indirecta los rayos del sol Tips: 😷  NO debe exponerse a fuertes vientos, los…

Diamante ¡Selecciona el color de tu preferencia! Medidas: 20 cm diámetro x 17 cm altura Material: Barro
