{"id":122,"date":"2021-04-12T20:51:24","date_gmt":"2021-04-12T20:51:24","guid":{"rendered":"https:\/\/mygarden.mx\/?post_type=product&#038;p=122"},"modified":"2023-05-30T22:08:15","modified_gmt":"2023-05-30T22:08:15","slug":"sabila-en-taza","status":"publish","type":"product","link":"https:\/\/mygarden.mx\/index.php\/product\/sabila-en-taza\/","title":{"rendered":"S\u00e1bila en Taza"},"content":{"rendered":"","protected":false},"excerpt":{"rendered":"<p>Tama\u00f1o: Chica<\/p>\n<p>S\u00e1bila<\/p>\n<p>\ud83d\udc49 La s\u00e1bila, tambi\u00e9n conocida como aloe vera, es una planthija suculenta de la familia de las Asphodelaceae. Esta planta es una maravilla porque adem\u00e1s de ser bonita, tiene m\u00faltiples bondades medicinales.<\/p>\n<p>Cuidados:<\/p>\n<p>\ud83d\udebf Partiendo del riego semanal recomendado para la s\u00e1bila, basta con mirar la parte superior de las hojas para disminuir o aumentar el riego.<\/p>\n<p>\u2600\ufe0f Es una planta amante de la luz solar, por lo que tanto en interior como en exterior debe recibir la mayor cantidad posible.<\/p>\n<p>\ud83d\ude37 Si vemos que pierden su color verde natural para pasar a un tono m\u00e1s oscuro, es que hay demasiada humedad y calor insuficiente.<\/p>\n<p>Tips:<\/p>\n<p>\ud83d\udca6 Para que se vean m\u00e1s saludables, es importante protegerlas del fr\u00edo y asegurarles una temperatura mayor a 15 grados cent\u00edgrados.<\/p>\n<p>Maceta: barro<\/p>\n<p>&nbsp;<\/p>\n","protected":false},"featured_media":125,"comment_status":"open","ping_status":"closed","template":"","meta":{"om_disable_all_campaigns":false,"_monsterinsights_skip_tracking":false,"_monsterinsights_sitenote_active":false,"_monsterinsights_sitenote_note":"","_monsterinsights_sitenote_category":0,"spay_email":""},"product_cat":[20],"product_tag":[],"class_list":["post-122","product","type-product","status-publish","has-post-thumbnail","hentry","product_cat-mediana-planthijamaceta"],"jetpack-related-posts":[{"id":234,"url":"https:\/\/mygarden.mx\/index.php\/product\/arbol-de-hule\/","url_meta":{"origin":122,"position":0},"title":"\u00c1rbol de Hule","date":"13 de abril de 2021","format":false,"excerpt":"Tama\u00f1o: Grande \u00c1rbol de hule (Ficus el\u00e1stica) Arbolhija que no requiere grandes cuidados m\u00e1s all\u00e1 de los b\u00e1sicos. Con que sepas lo que detallamos a continuaci\u00f3n es m\u00e1s que suficiente Cuidados: \ud83d\udebf Necesita poco riego: dos veces por semana en verano y una en invierno (o incluso menos, en regiones\u2026","rel":"","context":"Entrada similar","img":{"alt_text":"","src":"https:\/\/i0.wp.com\/mygarden.mx\/wp-content\/uploads\/2021\/04\/arbol-de-hule2.jpg?fit=1080%2C1080&ssl=1&resize=350%2C200","width":350,"height":200},"classes":[]},{"id":158,"url":"https:\/\/mygarden.mx\/index.php\/product\/garra-de-leon\/","url_meta":{"origin":122,"position":1},"title":"Garra de le\u00f3n","date":"12 de abril de 2021","format":false,"excerpt":"Tama\u00f1o: Grande Garra de le\u00f3n \ud83e\udd81 \ud83d\udc49Es una planthija muy decorativa debido a sus grandes hojas de color verde medio brillante, que dan a la planta un aspecto tropical y ex\u00f3tico. Cuidados: \ud83d\udebf Permitir que el sustrato se seque antes de volver a regar. Reducir la frecuencia de riego durante\u2026","rel":"","context":"Entrada similar","img":{"alt_text":"","src":"https:\/\/i0.wp.com\/mygarden.mx\/wp-content\/uploads\/2021\/04\/Garra-de-leon-1.jpg?fit=960%2C1200&ssl=1&resize=350%2C200","width":350,"height":200},"classes":[]},{"id":461,"url":"https:\/\/mygarden.mx\/index.php\/product\/cabezota-con-peluca\/","url_meta":{"origin":122,"position":2},"title":"Cabezota con \u00c1lamo","date":"13 de abril de 2021","format":false,"excerpt":"Tama\u00f1o: Mediana Mi amigx con peluca. \u00c1lamo\ud83c\udf31 \ud83d\udc49Planta de la familia de las suculentas, cabali\u0301stica por su amplio follaje que puede llegar a asemejar una peluca, de ahi\u0301 que muchos la conozcan como moneda. \ud83e\udd17 Cuidados: \ud83d\udebf Mantener la tierra siempre hu\u0301meda, OJO sin encharcarla. 2-3 veces por semana esta\u0301\u2026","rel":"","context":"Entrada similar","img":{"alt_text":"Cabezota con \u00e1lamo","src":"https:\/\/i0.wp.com\/mygarden.mx\/wp-content\/uploads\/2021\/09\/Alamo.jpg?fit=677%2C822&ssl=1&resize=350%2C200","width":350,"height":200},"classes":[]},{"id":150,"url":"https:\/\/mygarden.mx\/index.php\/product\/cabeza-de-buda-con-peluca\/","url_meta":{"origin":122,"position":3},"title":"Cabeza de Buda con peluca","date":"12 de abril de 2021","format":false,"excerpt":"Tama\u00f1o: Chica Mi amigx con peluca. (Callisia Repens) \ud83c\udf31 \ud83d\udc49Planta de la familia de las suculentas, cabali\u0301stica por su amplio follaje que puede llegar a asemejar una peluca, de ahi\u0301 que muchos la conozcan como Peluca. \ud83e\udd17 Cuidados: \ud83d\udebf Mantener la tierra siempre hu\u0301meda, OJO sin encharcarla. 2-3 veces por\u2026","rel":"","context":"Con 2 comentarios","img":{"alt_text":"","src":"https:\/\/i0.wp.com\/mygarden.mx\/wp-content\/uploads\/2021\/04\/Cabezota-con-peluca-cabeza-de-buda-con-hierba-de-la-calentura.jpg?fit=931%2C1158&ssl=1&resize=350%2C200","width":350,"height":200},"classes":[]},{"id":1019,"url":"https:\/\/mygarden.mx\/index.php\/product\/cabezota-con-esqueleto\/","url_meta":{"origin":122,"position":4},"title":"Cabezota con esqueleto","date":"6 de octubre de 2021","format":false,"excerpt":"Esqueleto o Monstera Adansonii\ud83d\udc80 \u00a0","rel":"","context":"Entrada similar","img":{"alt_text":"Cabezota con Monstera","src":"https:\/\/i0.wp.com\/mygarden.mx\/wp-content\/uploads\/2021\/10\/2.jpg?fit=888%2C1024&ssl=1&resize=350%2C200","width":350,"height":200},"classes":[]},{"id":458,"url":"https:\/\/mygarden.mx\/index.php\/product\/cabezota-con-palo-de-brasil-2\/","url_meta":{"origin":122,"position":5},"title":"Cabezota con Palo de Brasil","date":"13 de abril de 2021","format":false,"excerpt":"Tama\u00f1o: Mediana Cabezota con Palo de Brasil \ud83c\udf31 Planthija tanto de interiores como exteriores, es fa\u0301cil de cuidar y adema\u0301s de tiene la propiedad de absorber la humedad del ambiente para limpiar el aire, por lo que resulta beneficiosa para la salud. Cuidados: \ud83d\udebf La frecuencia de riego depende en\u2026","rel":"","context":"Entrada similar","img":{"alt_text":"","src":"https:\/\/i0.wp.com\/mygarden.mx\/wp-content\/uploads\/2021\/04\/IMG_1146.png?fit=900%2C1200&ssl=1&resize=350%2C200","width":350,"height":200},"classes":[]}],"_links":{"self":[{"href":"https:\/\/mygarden.mx\/index.php\/wp-json\/wp\/v2\/product\/122"}],"collection":[{"href":"https:\/\/mygarden.mx\/index.php\/wp-json\/wp\/v2\/product"}],"about":[{"href":"https:\/\/mygarden.mx\/index.php\/wp-json\/wp\/v2\/types\/product"}],"replies":[{"embeddable":true,"href":"https:\/\/mygarden.mx\/index.php\/wp-json\/wp\/v2\/comments?post=122"}],"wp:featuredmedia":[{"embeddable":true,"href":"https:\/\/mygarden.mx\/index.php\/wp-json\/wp\/v2\/media\/125"}],"wp:attachment":[{"href":"https:\/\/mygarden.mx\/index.php\/wp-json\/wp\/v2\/media?parent=122"}],"wp:term":[{"taxonomy":"product_cat","embeddable":true,"href":"https:\/\/mygarden.mx\/index.php\/wp-json\/wp\/v2\/product_cat?post=122"},{"taxonomy":"product_tag","embeddable":true,"href":"https:\/\/mygarden.mx\/index.php\/wp-json\/wp\/v2\/product_tag?post=122"}],"curies":[{"name":"wp","href":"https:\/\/api.w.org\/{rel}","templated":true}]}}

Sábila en Taza

<p>Tamaño: Chica</p>
<p>Sábila</p>
<p>👉 La sábila, también conocida como aloe vera, es una planthija suculenta de la familia de las Asphodelaceae. Esta planta es una maravilla porque además de ser bonita, tiene múltiples bondades medicinales.</p>
<p>Cuidados:</p>
<p>🚿 Partiendo del riego semanal recomendado para la sábila, basta con mirar la parte superior de las hojas para disminuir o aumentar el riego.</p>
<p>☀️ Es una planta amante de la luz solar, por lo que tanto en interior como en exterior debe recibir la mayor cantidad posible.</p>
<p>😷 Si vemos que pierden su color verde natural para pasar a un tono más oscuro, es que hay demasiada humedad y calor insuficiente.</p>
<p>Tips:</p>
<p>💦 Para que se vean más saludables, es importante protegerlas del frío y asegurarles una temperatura mayor a 15 grados centígrados.</p>
<p>Maceta: barro</p>
<p>&nbsp;</p>

Árbol de Hule

Tamaño: Grande Árbol de hule (Ficus elástica) Arbolhija que no requiere grandes cuidados más allá de los básicos. Con que sepas lo que detallamos a continuación es más que suficiente Cuidados: 🚿 Necesita poco riego: dos veces por semana en verano y una en invierno (o incluso menos, en regiones…

Garra de león

Tamaño: Grande Garra de león 🦁 👉Es una planthija muy decorativa debido a sus grandes hojas de color verde medio brillante, que dan a la planta un aspecto tropical y exótico. Cuidados: 🚿 Permitir que el sustrato se seque antes de volver a regar. Reducir la frecuencia de riego durante…

Cabezota con Álamo

Tamaño: Mediana Mi amigx con peluca. Álamo🌱 👉Planta de la familia de las suculentas, cabalística por su amplio follaje que puede llegar a asemejar una peluca, de ahí que muchos la conozcan como moneda. 🤗 Cuidados: 🚿 Mantener la tierra siempre húmeda, OJO sin encharcarla. 2-3 veces por semana está…

Cabezota con álamo

Tamaño: Chica Mi amigx con peluca. (Callisia Repens) 🌱 👉Planta de la familia de las suculentas, cabalística por su amplio follaje que puede llegar a asemejar una peluca, de ahí que muchos la conozcan como Peluca. 🤗 Cuidados: 🚿 Mantener la tierra siempre húmeda, OJO sin encharcarla. 2-3 veces por…

Tamaño: Mediana Cabezota con Palo de Brasil 🌱 Planthija tanto de interiores como exteriores, es fácil de cuidar y además de tiene la propiedad de absorber la humedad del ambiente para limpiar el aire, por lo que resulta beneficiosa para la salud. Cuidados: 🚿 La frecuencia de riego depende en…
