{"id":132,"date":"2021-04-12T23:09:18","date_gmt":"2021-04-12T23:09:18","guid":{"rendered":"https:\/\/mygarden.mx\/?post_type=product&#038;p=132"},"modified":"2021-04-13T15:54:12","modified_gmt":"2021-04-13T15:54:12","slug":"corazon-de-maria","status":"publish","type":"product","link":"https:\/\/mygarden.mx\/index.php\/product\/corazon-de-maria\/","title":{"rendered":"Coraz\u00f3n de Mar\u00eda"},"content":{"rendered":"","protected":false},"excerpt":{"rendered":"<p>Tama\u00f1o: Chica<\/p>\n<p>Corazo\u0301n de Mari\u0301a\ud83d\udc9c<\/p>\n<p>\ud83d\udc49 Planthija que es perfecta para el interior de tu hogar pues le dara\u0301 un toque muy original por sus hojas con forma de corazo\u0301n. Tiene un sinfi\u0301n de propiedades, alrededor del mundo es utilizada dentro de la medicina alternativa por sus bondades medicinales.<\/p>\n<p>Cuidados:<\/p>\n<p>\ud83d\udebf Regar cuando la tierra se seque. Es regla de oro.<\/p>\n<p>\u26c5 Su lugar ideal es cerca de una ventana por la que entre mucha luz tamizada por una cortina.<\/p>\n<p>Tips:<\/p>\n<p>\ud83d\ude37 Rociar sus hojas para mejorar su crecimiento<\/p>\n<p>\u2714\ufe0fConocida por sus bondades medicinales, permite la desinflamacio\u0301n, ayuda al proceso digestivo, resfriados, tos y enfermedades del corazo\u0301n<\/p>\n<p>Maceta: barro<\/p>\n","protected":false},"featured_media":134,"comment_status":"open","ping_status":"closed","template":"","meta":{"om_disable_all_campaigns":false,"_monsterinsights_skip_tracking":false,"_monsterinsights_sitenote_active":false,"_monsterinsights_sitenote_note":"","_monsterinsights_sitenote_category":0,"spay_email":""},"product_cat":[20],"product_tag":[],"class_list":["post-132","product","type-product","status-publish","has-post-thumbnail","hentry","product_cat-mediana-planthijamaceta"],"jetpack-related-posts":[{"id":122,"url":"https:\/\/mygarden.mx\/index.php\/product\/sabila-en-taza\/","url_meta":{"origin":132,"position":0},"title":"S\u00e1bila en Taza","date":"12 de abril de 2021","format":false,"excerpt":"Tama\u00f1o: Chica S\u00e1bila \ud83d\udc49 La s\u00e1bila, tambi\u00e9n conocida como aloe vera, es una planthija suculenta de la familia de las Asphodelaceae. Esta planta es una maravilla porque adem\u00e1s de ser bonita, tiene m\u00faltiples bondades medicinales. Cuidados: \ud83d\udebf Partiendo del riego semanal recomendado para la s\u00e1bila, basta con mirar la parte\u2026","rel":"","context":"Entrada similar","img":{"alt_text":"","src":"https:\/\/i0.wp.com\/mygarden.mx\/wp-content\/uploads\/2021\/04\/Sabila-1.jpg?fit=1042%2C1042&ssl=1&resize=350%2C200","width":350,"height":200},"classes":[]},{"id":3773,"url":"https:\/\/mygarden.mx\/index.php\/product\/corazon-de-pared\/","url_meta":{"origin":132,"position":1},"title":"Coraz\u00f3n de pared","date":"23 de enero de 2023","format":false,"excerpt":"","rel":"","context":"Entrada similar","img":{"alt_text":"","src":"https:\/\/i0.wp.com\/mygarden.mx\/wp-content\/uploads\/2023\/01\/Corazo\u0301n-de-pared-bajo-scaled.jpg?fit=1200%2C963&ssl=1&resize=350%2C200","width":350,"height":200},"classes":[]},{"id":467,"url":"https:\/\/mygarden.mx\/index.php\/product\/cabezota-con-2-corazones-en-un-hilo\/","url_meta":{"origin":132,"position":2},"title":"Cabezota con 2 Corazones en un Hilo","date":"13 de abril de 2021","format":false,"excerpt":"Tama\u00f1o: Mediana Cabezota con 2 corazones en un hilo (Ceropegia woodii) \ud83d\udc95 \ud83d\udc49 Tipo de suculenta colgante que puede alcanzar un largo impresionante. Sus hojitas tienen la forma de corazones que cuelgan de un hilo. Cuidados: \ud83d\udebf Regar solo cuando el sustrato est\u00e9 seco. \u2600\ufe0f Colocar en resolana, evitando el\u2026","rel":"","context":"Entrada similar","img":{"alt_text":"","src":"https:\/\/i0.wp.com\/mygarden.mx\/wp-content\/uploads\/2021\/04\/Cabezotas-con-2-corazones.jpg?fit=960%2C1200&ssl=1&resize=350%2C200","width":350,"height":200},"classes":[]},{"id":473,"url":"https:\/\/mygarden.mx\/index.php\/product\/tinita-con-2-corazones-en-un-hilo\/","url_meta":{"origin":132,"position":3},"title":"Tinita con 2 corazones en un Hilo","date":"13 de abril de 2021","format":false,"excerpt":"Tama\u00f1o: Chico Cabezota con 2 corazones en un hilo (Ceropegia woodii) \ud83d\udc95 \ud83d\udc49 Tipo de suculenta colgante que puede alcanzar un largo impresionante. Sus hojitas tienen la forma de corazones que cuelgan de un hilo. Cuidados: \ud83d\udebf Regar solo cuando el sustrato est\u00e9 seco. \u2600\ufe0f Colocar en resolana, evitando el\u2026","rel":"","context":"Entrada similar","img":{"alt_text":"","src":"https:\/\/i0.wp.com\/mygarden.mx\/wp-content\/uploads\/2021\/04\/Tinita-con-2-corazoneprincipal.jpg?fit=750%2C912&ssl=1&resize=350%2C200","width":350,"height":200},"classes":[]},{"id":3579,"url":"https:\/\/mygarden.mx\/index.php\/product\/2-corazones-maceta-ceramica-colgante-macrame\/","url_meta":{"origin":132,"position":4},"title":"Ceropegia woodii + maceta cer\u00e1mica + colgante macram\u00e9","date":"5 de octubre de 2022","format":false,"excerpt":"Los dos corazones en un hilo(Ceropegia woodii) \ud83d\udc95 son un tipo de suculenta colgante que le dan un look Rapunzel a la cabezota. \u00bfQu\u00e9 esperas para llevarte la tuya? \u00a0Tipo de suculenta colgante que puede alcanzar un largo impresionante. Sus hojitas tienen la forma de corazones que cuelgan de un\u2026","rel":"","context":"Entrada similar","img":{"alt_text":"2 corazones en un hilo planta colgante","src":"https:\/\/i0.wp.com\/mygarden.mx\/wp-content\/uploads\/2022\/10\/Ceropegia-woodii.jpeg?fit=725%2C1200&ssl=1&resize=350%2C200","width":350,"height":200},"classes":[]},{"id":135,"url":"https:\/\/mygarden.mx\/index.php\/product\/amor-de-un-rato\/","url_meta":{"origin":132,"position":5},"title":"Amor de un Rato","date":"12 de abril de 2021","format":false,"excerpt":"Tama\u00f1o: Chica Amor de un rato\u2764\ufe0f \ud83d\udc49 \u201cAmorcito coraz\u00f3n, yo tengo tentaci\u00f3n de un beso\u2026 tururu. Qu\u00e9 canciones aquellas. El inigualable Pedro Infante haciendo de las suyas mientras le dedicaba una canci\u00f3n a su amada, o a esta flor tal vez.\" Cuidados: \ud83d\udebf Regar durante el per\u00edodo m\u00e1s c\u00e1lido; en\u2026","rel":"","context":"Entrada similar","img":{"alt_text":"","src":"https:\/\/i0.wp.com\/mygarden.mx\/wp-content\/uploads\/2021\/04\/Amor-de-un-rato.png?fit=1196%2C1200&ssl=1&resize=350%2C200","width":350,"height":200},"classes":[]}],"_links":{"self":[{"href":"https:\/\/mygarden.mx\/index.php\/wp-json\/wp\/v2\/product\/132"}],"collection":[{"href":"https:\/\/mygarden.mx\/index.php\/wp-json\/wp\/v2\/product"}],"about":[{"href":"https:\/\/mygarden.mx\/index.php\/wp-json\/wp\/v2\/types\/product"}],"replies":[{"embeddable":true,"href":"https:\/\/mygarden.mx\/index.php\/wp-json\/wp\/v2\/comments?post=132"}],"wp:featuredmedia":[{"embeddable":true,"href":"https:\/\/mygarden.mx\/index.php\/wp-json\/wp\/v2\/media\/134"}],"wp:attachment":[{"href":"https:\/\/mygarden.mx\/index.php\/wp-json\/wp\/v2\/media?parent=132"}],"wp:term":[{"taxonomy":"product_cat","embeddable":true,"href":"https:\/\/mygarden.mx\/index.php\/wp-json\/wp\/v2\/product_cat?post=132"},{"taxonomy":"product_tag","embeddable":true,"href":"https:\/\/mygarden.mx\/index.php\/wp-json\/wp\/v2\/product_tag?post=132"}],"curies":[{"name":"wp","href":"https:\/\/api.w.org\/{rel}","templated":true}]}}