{"id":158,"date":"2021-04-12T23:39:17","date_gmt":"2021-04-12T23:39:17","guid":{"rendered":"https:\/\/mygarden.mx\/?post_type=product&#038;p=158"},"modified":"2023-04-25T05:35:09","modified_gmt":"2023-04-25T05:35:09","slug":"garra-de-leon","status":"publish","type":"product","link":"https:\/\/mygarden.mx\/index.php\/product\/garra-de-leon\/","title":{"rendered":"Garra de le\u00f3n"},"content":{"rendered":"","protected":false},"excerpt":{"rendered":"<p>Tama\u00f1o: Grande<\/p>\n<p>Garra de le\u00f3n \ud83e\udd81<\/p>\n<p>\ud83d\udc49Es una planthija muy decorativa debido a sus grandes hojas de color verde medio brillante, que dan a la planta un aspecto tropical y ex\u00f3tico.<\/p>\n<p>Cuidados:<\/p>\n<p>\ud83d\udebf Permitir que el sustrato se seque antes de volver a regar. Reducir la frecuencia de riego durante el invierno.<\/p>\n<p>\u2600\ufe0f Col\u00f3cala en un lugar donde reciba buena luz, pero no donde le de la luz directa ya que puede quemar sus hojas<\/p>\n<p>\u2744\ufe0f NO resiste bien el fri\u0301o<\/p>\n<p>Tips:<\/p>\n<p>\ud83c\udf2c Hojas ca\u00eddas y suaves \u2013 Falta de riego Hojas nuevas p\u00e1lidas \u2013 Falta de luz o necesidad de fertilizante. Hojas amarillas, descoloridas \u2013 Exceso de luz<\/p>\n<p>Maceta: barro<\/p>\n","protected":false},"featured_media":213,"comment_status":"open","ping_status":"closed","template":"","meta":{"om_disable_all_campaigns":false,"_monsterinsights_skip_tracking":false,"_monsterinsights_sitenote_active":false,"_monsterinsights_sitenote_note":"","_monsterinsights_sitenote_category":0,"spay_email":""},"product_cat":[22],"product_tag":[],"class_list":["post-158","product","type-product","status-publish","has-post-thumbnail","hentry","product_cat-grande"],"jetpack-related-posts":[{"id":112,"url":"https:\/\/mygarden.mx\/index.php\/product\/ala-de-murcielago\/","url_meta":{"origin":158,"position":0},"title":"Ala de Murci\u00e9lago","date":"12 de abril de 2021","format":false,"excerpt":"Tama\u00f1o: Chica \ud83d\udc49 Planthija caracterizada por sus hermosas hojas que asimilan a las alas de un murcie\u0301lago, posee colores u\u0301nicos que no pasaran desapercibidos en ningu\u0301n lugar. Perfecta para las fechas que se avecinan. \ud83d\udc7b Cuidados: \ud83d\udca6 Mantener la tierra hu\u0301meda, evitar encharcamientos. \u2600\ufe0f Le gusta recibir luz directa Tips:\u2026","rel":"","context":"Entrada similar","img":{"alt_text":"","src":"https:\/\/i0.wp.com\/mygarden.mx\/wp-content\/uploads\/2021\/04\/Ala-de-murcielago.jpg?fit=960%2C1200&ssl=1&resize=350%2C200","width":350,"height":200},"classes":[]},{"id":214,"url":"https:\/\/mygarden.mx\/index.php\/product\/hoja-elegante\/","url_meta":{"origin":158,"position":1},"title":"Hoja Elegante","date":"13 de abril de 2021","format":false,"excerpt":"Tama\u00f1o: Grande Hoja elegante \u2728 Planthija que sera\u0301 la mejor aliada para armonizar cualquier espacio de tu hogar por sus distintivas hojas largas y elegantes. Cuidados: \ud83d\udebf Mantener la tierra siempre hu\u0301meda, OJO sin encharcarla, 2 veces por semana esta\u0301 perfecto. \u26c5\ufe0f Un lugar en el cual no reciba luz\u2026","rel":"","context":"Con 1 comentario","img":{"alt_text":"","src":"https:\/\/i0.wp.com\/mygarden.mx\/wp-content\/uploads\/2021\/04\/Hoja-elegante.jpg?fit=1200%2C1200&ssl=1&resize=350%2C200","width":350,"height":200},"classes":[]},{"id":1019,"url":"https:\/\/mygarden.mx\/index.php\/product\/cabezota-con-esqueleto\/","url_meta":{"origin":158,"position":2},"title":"Cabezota con esqueleto","date":"6 de octubre de 2021","format":false,"excerpt":"Esqueleto o Monstera Adansonii\ud83d\udc80 \u00a0","rel":"","context":"Entrada similar","img":{"alt_text":"Cabezota con Monstera","src":"https:\/\/i0.wp.com\/mygarden.mx\/wp-content\/uploads\/2021\/10\/2.jpg?fit=888%2C1024&ssl=1&resize=350%2C200","width":350,"height":200},"classes":[]},{"id":118,"url":"https:\/\/mygarden.mx\/index.php\/product\/telefono-en-vaso\/","url_meta":{"origin":158,"position":3},"title":"Tel\u00e9fono en Vaso","date":"12 de abril de 2021","format":false,"excerpt":"Tama\u00f1o: Chica Tel\u00e9fono colgante (Potus) \ud83d\udcde \ud83d\udc49 Platnthija colgante eficaz contra la contaminaci\u00f3n ambiental en interiores ya que ayuda a purificar el ambiente. Cuidados: \ud83d\udebf Regar solo cuando el sustrato est\u00e9 seco. \u2600\ufe0f Luz media indirecta; tolera una luminosidad intensa, pero largos periodos de luz solar directa queman las hojas.\u2026","rel":"","context":"Entrada similar","img":{"alt_text":"","src":"https:\/\/i0.wp.com\/mygarden.mx\/wp-content\/uploads\/2021\/04\/Telefono-en-vaso.jpg?fit=1042%2C1042&ssl=1&resize=350%2C200","width":350,"height":200},"classes":[]},{"id":230,"url":"https:\/\/mygarden.mx\/index.php\/product\/telefono-colgante\/","url_meta":{"origin":158,"position":4},"title":"Tel\u00e9fono Colgante","date":"13 de abril de 2021","format":false,"excerpt":"Tama\u00f1o: Mediana Tel\u00e9fono colgante (Potus) \ud83d\udcde \ud83d\udc49 Platnthija colgante eficaz contra la contaminaci\u00f3n ambiental en interiores ya que ayuda a purificar el ambiente. Cuidados: \ud83d\udebf Regar solo cuando el sustrato est\u00e9 seco. \u2600\ufe0f Luz media indirecta; tolera una luminosidad intensa, pero largos periodos de luz solar directa queman las hojas.\u2026","rel":"","context":"Entrada similar","img":{"alt_text":"","src":"https:\/\/i0.wp.com\/mygarden.mx\/wp-content\/uploads\/2021\/04\/Telefono-colgante.png?fit=1080%2C1080&ssl=1&resize=350%2C200","width":350,"height":200},"classes":[]},{"id":464,"url":"https:\/\/mygarden.mx\/index.php\/product\/cabezota-con-telefono\/","url_meta":{"origin":158,"position":5},"title":"Cabezota con Tel\u00e9fono","date":"13 de abril de 2021","format":false,"excerpt":"Tama\u00f1o: Mediana Cabezota con tel\u00e9fono (Potus) \ud83d\udcde \ud83d\udc49 Planthija colgante eficaz contra la contaminaci\u00f3n ambiental en interiores ya que ayuda a purificar el ambiente. Cuidados: \ud83d\udebf Regar solo cuando el sustrato est\u00e9 seco. \u2600\ufe0f Luz media indirecta; tolera una luminosidad intensa, pero largos periodos de luz solar directa queman las\u2026","rel":"","context":"Entrada similar","img":{"alt_text":"","src":"https:\/\/i0.wp.com\/mygarden.mx\/wp-content\/uploads\/2021\/04\/IMG_1762.png?fit=1080%2C1080&ssl=1&resize=350%2C200","width":350,"height":200},"classes":[]}],"_links":{"self":[{"href":"https:\/\/mygarden.mx\/index.php\/wp-json\/wp\/v2\/product\/158"}],"collection":[{"href":"https:\/\/mygarden.mx\/index.php\/wp-json\/wp\/v2\/product"}],"about":[{"href":"https:\/\/mygarden.mx\/index.php\/wp-json\/wp\/v2\/types\/product"}],"replies":[{"embeddable":true,"href":"https:\/\/mygarden.mx\/index.php\/wp-json\/wp\/v2\/comments?post=158"}],"wp:featuredmedia":[{"embeddable":true,"href":"https:\/\/mygarden.mx\/index.php\/wp-json\/wp\/v2\/media\/213"}],"wp:attachment":[{"href":"https:\/\/mygarden.mx\/index.php\/wp-json\/wp\/v2\/media?parent=158"}],"wp:term":[{"taxonomy":"product_cat","embeddable":true,"href":"https:\/\/mygarden.mx\/index.php\/wp-json\/wp\/v2\/product_cat?post=158"},{"taxonomy":"product_tag","embeddable":true,"href":"https:\/\/mygarden.mx\/index.php\/wp-json\/wp\/v2\/product_tag?post=158"}],"curies":[{"name":"wp","href":"https:\/\/api.w.org\/{rel}","templated":true}]}}

Garra de león

<p>Tamaño: Grande</p>
<p>Garra de león 🦁</p>
<p>👉Es una planthija muy decorativa debido a sus grandes hojas de color verde medio brillante, que dan a la planta un aspecto tropical y exótico.</p>
<p>Cuidados:</p>
<p>🚿 Permitir que el sustrato se seque antes de volver a regar. Reducir la frecuencia de riego durante el invierno.</p>
<p>☀️ Colócala en un lugar donde reciba buena luz, pero no donde le de la luz directa ya que puede quemar sus hojas</p>
<p>❄️ NO resiste bien el frío</p>
<p>Tips:</p>
<p>🌬 Hojas caídas y suaves – Falta de riego Hojas nuevas pálidas – Falta de luz o necesidad de fertilizante. Hojas amarillas, descoloridas – Exceso de luz</p>
<p>Maceta: barro</p>

Ala de Murciélago

Tamaño: Chica 👉 Planthija caracterizada por sus hermosas hojas que asimilan a las alas de un murciélago, posee colores únicos que no pasaran desapercibidos en ningún lugar. Perfecta para las fechas que se avecinan. 👻 Cuidados: 💦 Mantener la tierra húmeda, evitar encharcamientos. ☀️ Le gusta recibir luz directa Tips:…

Tamaño: Grande Hoja elegante ✨ Planthija que será la mejor aliada para armonizar cualquier espacio de tu hogar por sus distintivas hojas largas y elegantes. Cuidados: 🚿 Mantener la tierra siempre húmeda, OJO sin encharcarla, 2 veces por semana está perfecto. ⛅️ Un lugar en el cual no reciba luz…

Teléfono en Vaso

Tamaño: Chica Teléfono colgante (Potus) 📞 👉 Platnthija colgante eficaz contra la contaminación ambiental en interiores ya que ayuda a purificar el ambiente. Cuidados: 🚿 Regar solo cuando el sustrato esté seco. ☀️ Luz media indirecta; tolera una luminosidad intensa, pero largos periodos de luz solar directa queman las hojas.…

Teléfono Colgante

Tamaño: Mediana Teléfono colgante (Potus) 📞 👉 Platnthija colgante eficaz contra la contaminación ambiental en interiores ya que ayuda a purificar el ambiente. Cuidados: 🚿 Regar solo cuando el sustrato esté seco. ☀️ Luz media indirecta; tolera una luminosidad intensa, pero largos periodos de luz solar directa queman las hojas.…

Cabezota con Teléfono

Tamaño: Mediana Cabezota con teléfono (Potus) 📞 👉 Planthija colgante eficaz contra la contaminación ambiental en interiores ya que ayuda a purificar el ambiente. Cuidados: 🚿 Regar solo cuando el sustrato esté seco. ☀️ Luz media indirecta; tolera una luminosidad intensa, pero largos periodos de luz solar directa queman las…
