{"id":219,"date":"2021-04-13T14:46:03","date_gmt":"2021-04-13T14:46:03","guid":{"rendered":"https:\/\/mygarden.mx\/?post_type=product&#038;p=219"},"modified":"2022-01-03T20:04:43","modified_gmt":"2022-01-03T20:04:43","slug":"monstera-deliciosa","status":"publish","type":"product","link":"https:\/\/mygarden.mx\/index.php\/product\/monstera-deliciosa\/","title":{"rendered":"Monstera Deliciosa"},"content":{"rendered":"","protected":false},"excerpt":{"rendered":"<p>Tama\u00f1o: Grande<\/p>\n<p>Monstera deliciosa \ud83e\udd24<\/p>\n<p>\ud83d\udc49Planthija conocida por sus grandes hojas con hendiduras que le ayudan a liberar estre\u0301s.<\/p>\n<p>Lo impresionante de esta planthija es que puede llevarla a casa cuando recie\u0301n es un tallo chico y verla crecer hasta convertirse en una gigante de metros de altura.<\/p>\n<p>Cuidados:<\/p>\n<p>\ud83c\udf24 Si\u0301 quieres que este\u0301 co\u0301moda ponla en un lugar ca\u0301lido y luminoso, pero sin sol directo.<\/p>\n<p>\ud83d\udebf Regar una vez por semana en verano y cada dos semanas en invierno porque no le gusta estar encharcada.<\/p>\n<p>Tips:<\/p>\n<p>\ud83d\udca6 Roci\u0301a perio\u0301dicamente las hojas para que no se resequen.<\/p>\n<p>\u2b06\ufe0fEs trepadora, es aconsejable el uso de un palo o soporte para que pueda crecer feliz y desarrollarse adecuadamente.<\/p>\n<p>Maceta: barro<\/p>\n","protected":false},"featured_media":221,"comment_status":"open","ping_status":"closed","template":"","meta":{"om_disable_all_campaigns":false,"_monsterinsights_skip_tracking":false,"_monsterinsights_sitenote_active":false,"_monsterinsights_sitenote_note":"","_monsterinsights_sitenote_category":0,"spay_email":""},"product_cat":[22],"product_tag":[],"class_list":["post-219","product","type-product","status-publish","has-post-thumbnail","hentry","product_cat-grande"],"jetpack-related-posts":[{"id":223,"url":"https:\/\/mygarden.mx\/index.php\/product\/baby-monstera\/","url_meta":{"origin":219,"position":0},"title":"Baby Monstera","date":"13 de abril de 2021","format":false,"excerpt":"Tama\u00f1o: Chica Monstera deliciosa \ud83e\udd24 \ud83d\udc49Planthija conocida por sus grandes hojas con hendiduras que le ayudan a liberar estre\u0301s. Lo impresionante de esta planthija es que puede llevarla a casa cuando recie\u0301n es un tallo chico y verla crecer hasta convertirse en una gigante de metros de altura. Cuidados: \ud83c\udf24\u2026","rel":"","context":"Entrada similar","img":{"alt_text":"","src":"https:\/\/i0.wp.com\/mygarden.mx\/wp-content\/uploads\/2021\/04\/Baby-monstera1.png?fit=900%2C1200&ssl=1&resize=350%2C200","width":350,"height":200},"classes":[]},{"id":1019,"url":"https:\/\/mygarden.mx\/index.php\/product\/cabezota-con-esqueleto\/","url_meta":{"origin":219,"position":1},"title":"Cabezota con esqueleto","date":"6 de octubre de 2021","format":false,"excerpt":"Esqueleto o Monstera Adansonii\ud83d\udc80 \u00a0","rel":"","context":"Entrada similar","img":{"alt_text":"Cabezota con Monstera","src":"https:\/\/i0.wp.com\/mygarden.mx\/wp-content\/uploads\/2021\/10\/2.jpg?fit=888%2C1024&ssl=1&resize=350%2C200","width":350,"height":200},"classes":[]},{"id":3522,"url":"https:\/\/mygarden.mx\/index.php\/product\/jetotas-con-esqueleto\/","url_meta":{"origin":219,"position":2},"title":"\u00abJetotas\u00bb con esqueleto","date":"12 de septiembre de 2022","format":false,"excerpt":"Maceta \u201cJetotas\u201d con Monstera Andasonii aka esqueleto\ud83c\udf31 planthija colgante ideal para interiores. La maceta es de la nueva colecci\u00f3n de mygarden y sin duda es lo que hace falta para darle un toque m\u00e1s cool a tu espacio \ud83d\udc9a. \ud83d\udc49\ud83c\udffb Por lanzamiento tiene un costo de 550 MXN (precio normal\u2026","rel":"","context":"Entrada similar","img":{"alt_text":"Maceta rostro","src":"https:\/\/i0.wp.com\/mygarden.mx\/wp-content\/uploads\/2022\/09\/Maceta-jetotas-con-monstera-andasonii.jpeg?fit=900%2C1200&ssl=1&resize=350%2C200","width":350,"height":200},"classes":[]},{"id":214,"url":"https:\/\/mygarden.mx\/index.php\/product\/hoja-elegante\/","url_meta":{"origin":219,"position":3},"title":"Hoja Elegante","date":"13 de abril de 2021","format":false,"excerpt":"Tama\u00f1o: Grande Hoja elegante \u2728 Planthija que sera\u0301 la mejor aliada para armonizar cualquier espacio de tu hogar por sus distintivas hojas largas y elegantes. Cuidados: \ud83d\udebf Mantener la tierra siempre hu\u0301meda, OJO sin encharcarla, 2 veces por semana esta\u0301 perfecto. \u26c5\ufe0f Un lugar en el cual no reciba luz\u2026","rel":"","context":"Con 1 comentario","img":{"alt_text":"","src":"https:\/\/i0.wp.com\/mygarden.mx\/wp-content\/uploads\/2021\/04\/Hoja-elegante.jpg?fit=1200%2C1200&ssl=1&resize=350%2C200","width":350,"height":200},"classes":[]},{"id":158,"url":"https:\/\/mygarden.mx\/index.php\/product\/garra-de-leon\/","url_meta":{"origin":219,"position":4},"title":"Garra de le\u00f3n","date":"12 de abril de 2021","format":false,"excerpt":"Tama\u00f1o: Grande Garra de le\u00f3n \ud83e\udd81 \ud83d\udc49Es una planthija muy decorativa debido a sus grandes hojas de color verde medio brillante, que dan a la planta un aspecto tropical y ex\u00f3tico. Cuidados: \ud83d\udebf Permitir que el sustrato se seque antes de volver a regar. Reducir la frecuencia de riego durante\u2026","rel":"","context":"Entrada similar","img":{"alt_text":"","src":"https:\/\/i0.wp.com\/mygarden.mx\/wp-content\/uploads\/2021\/04\/Garra-de-leon-1.jpg?fit=960%2C1200&ssl=1&resize=350%2C200","width":350,"height":200},"classes":[]},{"id":115,"url":"https:\/\/mygarden.mx\/index.php\/product\/cuna-de-moises\/","url_meta":{"origin":219,"position":5},"title":"Cuna De Mois\u00e9s","date":"12 de abril de 2021","format":false,"excerpt":"Tama\u00f1o: Mediana \ud83d\udc49 Esta belli\u0301sima planthija es una de las ma\u0301s expertas en purificar el aire de tu entorno, su\u0301per fa\u0301cil de cuidar y con extraordinarias hojas verdes y flores blancas. Cuidados \ud83d\udebf Mantener la tierra siempre hu\u0301meda. OJO: sin encharcarla. Permitir que el sustrato se seque antes de volver\u2026","rel":"","context":"Entrada similar","img":{"alt_text":"","src":"https:\/\/i0.wp.com\/mygarden.mx\/wp-content\/uploads\/2021\/04\/Cuna-de-Moises.jpg?fit=750%2C727&ssl=1&resize=350%2C200","width":350,"height":200},"classes":[]}],"_links":{"self":[{"href":"https:\/\/mygarden.mx\/index.php\/wp-json\/wp\/v2\/product\/219"}],"collection":[{"href":"https:\/\/mygarden.mx\/index.php\/wp-json\/wp\/v2\/product"}],"about":[{"href":"https:\/\/mygarden.mx\/index.php\/wp-json\/wp\/v2\/types\/product"}],"replies":[{"embeddable":true,"href":"https:\/\/mygarden.mx\/index.php\/wp-json\/wp\/v2\/comments?post=219"}],"wp:featuredmedia":[{"embeddable":true,"href":"https:\/\/mygarden.mx\/index.php\/wp-json\/wp\/v2\/media\/221"}],"wp:attachment":[{"href":"https:\/\/mygarden.mx\/index.php\/wp-json\/wp\/v2\/media?parent=219"}],"wp:term":[{"taxonomy":"product_cat","embeddable":true,"href":"https:\/\/mygarden.mx\/index.php\/wp-json\/wp\/v2\/product_cat?post=219"},{"taxonomy":"product_tag","embeddable":true,"href":"https:\/\/mygarden.mx\/index.php\/wp-json\/wp\/v2\/product_tag?post=219"}],"curies":[{"name":"wp","href":"https:\/\/api.w.org\/{rel}","templated":true}]}}

<p>Tamaño: Grande</p>
<p>Monstera deliciosa 🤤</p>
<p>👉Planthija conocida por sus grandes hojas con hendiduras que le ayudan a liberar estrés.</p>
<p>Lo impresionante de esta planthija es que puede llevarla a casa cuando recién es un tallo chico y verla crecer hasta convertirse en una gigante de metros de altura.</p>
<p>Cuidados:</p>
<p>🌤 Sí quieres que esté cómoda ponla en un lugar cálido y luminoso, pero sin sol directo.</p>
<p>🚿 Regar una vez por semana en verano y cada dos semanas en invierno porque no le gusta estar encharcada.</p>
<p>Tips:</p>
<p>💦 Rocía periódicamente las hojas para que no se resequen.</p>
<p>⬆️Es trepadora, es aconsejable el uso de un palo o soporte para que pueda crecer feliz y desarrollarse adecuadamente.</p>
<p>Maceta: barro</p>

Tamaño: Chica Monstera deliciosa 🤤 👉Planthija conocida por sus grandes hojas con hendiduras que le ayudan a liberar estrés. Lo impresionante de esta planthija es que puede llevarla a casa cuando recién es un tallo chico y verla crecer hasta convertirse en una gigante de metros de altura. Cuidados: 🌤…

Maceta “Jetotas” con Monstera Andasonii aka esqueleto🌱 planthija colgante ideal para interiores. La maceta es de la nueva colección de mygarden y sin duda es lo que hace falta para darle un toque más cool a tu espacio 💚. 👉🏻 Por lanzamiento tiene un costo de 550 MXN (precio normal…

Tamaño: Grande Hoja elegante ✨ Planthija que será la mejor aliada para armonizar cualquier espacio de tu hogar por sus distintivas hojas largas y elegantes. Cuidados: 🚿 Mantener la tierra siempre húmeda, OJO sin encharcarla, 2 veces por semana está perfecto. ⛅️ Un lugar en el cual no reciba luz…

Garra de león

Tamaño: Grande Garra de león 🦁 👉Es una planthija muy decorativa debido a sus grandes hojas de color verde medio brillante, que dan a la planta un aspecto tropical y exótico. Cuidados: 🚿 Permitir que el sustrato se seque antes de volver a regar. Reducir la frecuencia de riego durante…

Cuna De Moisés

Tamaño: Mediana 👉 Esta bellísima planthija es una de las más expertas en purificar el aire de tu entorno, súper fácil de cuidar y con extraordinarias hojas verdes y flores blancas. Cuidados 🚿 Mantener la tierra siempre húmeda. OJO: sin encharcarla. Permitir que el sustrato se seque antes de volver…
