{"id":227,"date":"2021-04-13T15:29:02","date_gmt":"2021-04-13T15:29:02","guid":{"rendered":"https:\/\/mygarden.mx\/?post_type=product&#038;p=227"},"modified":"2021-04-13T15:56:17","modified_gmt":"2021-04-13T15:56:17","slug":"pasto-monkey","status":"publish","type":"product","link":"https:\/\/mygarden.mx\/index.php\/product\/pasto-monkey\/","title":{"rendered":"Pasto Monkey"},"content":{"rendered":"","protected":false},"excerpt":{"rendered":"<p>Tama\u00f1o: Chica<\/p>\n<p>Pasto monkey \ud83c\udf31<\/p>\n<p>\ud83d\udc49Esta planta de aspecto peculiar por su \u00abcabello\u00bb despeinado, le da vida a cualquier esquina ya sea en el depa o casa y queda super bien porque es fa\u0301cil de cuidar.<\/p>\n<p>Cuidados:<\/p>\n<p>\ud83d\udebf La sequedad acentu\u0301a su color azul.<\/p>\n<p>\u2600\ufe0f Necesita una ubicacio\u0301n soleada.<\/p>\n<p>\ud83d\ude37 Esta planta durante el invierno asume una coloracio\u0301n verde azulada, por eso es conocida como festuca azul. Florece en verano, apareciendo unas espigas de color casi azul.<\/p>\n<p>Maceta: barro<\/p>\n","protected":false},"featured_media":228,"comment_status":"open","ping_status":"closed","template":"","meta":{"om_disable_all_campaigns":false,"_monsterinsights_skip_tracking":false,"_monsterinsights_sitenote_active":false,"_monsterinsights_sitenote_note":"","_monsterinsights_sitenote_category":0,"spay_email":""},"product_cat":[21],"product_tag":[],"class_list":["post-227","product","type-product","status-publish","has-post-thumbnail","hentry","product_cat-chica"],"jetpack-related-posts":[{"id":4030,"url":"https:\/\/mygarden.mx\/index.php\/product\/elefante-de-ceramica\/","url_meta":{"origin":227,"position":0},"title":"Elefante de cer\u00e1mica","date":"30 de mayo de 2023","format":false,"excerpt":"EL combo perfecto para alegrar sus vidas y sus hogares! \u00a1Presentamos la magn\u00edfica Aphelandra en una maceta de elefante!\ud83d\udc18 \u00a1Imaginen esto, amigos! Una planta exuberante y colorida, rodeada por la majestuosidad de un elefante. Es como tener un safari en miniatura en su sala de estar.\ud83c\udf8b Y no se preocupen,\u2026","rel":"","context":"Entrada similar","img":{"alt_text":"Maceta elefante cer\u00e1mica","src":"https:\/\/i0.wp.com\/mygarden.mx\/wp-content\/uploads\/2023\/05\/WhatsApp-Image-2023-05-30-at-16.48.16.jpeg?fit=900%2C1200&ssl=1&resize=350%2C200","width":350,"height":200},"classes":[]},{"id":3239,"url":"https:\/\/mygarden.mx\/index.php\/product\/alcatraz-negro-en-bule-de-ceramica\/","url_meta":{"origin":227,"position":1},"title":"Alcatraz negro en bule de cer\u00e1mica","date":"16 de junio de 2022","format":false,"excerpt":"Los alcatraces negros son originarios de Chilangolandia, as\u00ed como todos los dem\u00e1s colores. Cuidados: \ud83d\udebf Mantener la tierra siempre hu\u0301meda, OJO sin encharcarla. 2-3 veces por semana esta\u0301 perfecto. \u26c5\ufe0f Semisombra, que puedan recibir de forma indirecta los rayos del sol Tips: \ud83d\ude37\u00a0 NO debe exponerse a fuertes vientos, los\u2026","rel":"","context":"Entrada similar","img":{"alt_text":"Alcatraz negro","src":"https:\/\/i0.wp.com\/mygarden.mx\/wp-content\/uploads\/2022\/06\/IMG_3247-scaled.jpg?fit=584%2C1200&ssl=1&resize=350%2C200","width":350,"height":200},"classes":[]},{"id":122,"url":"https:\/\/mygarden.mx\/index.php\/product\/sabila-en-taza\/","url_meta":{"origin":227,"position":2},"title":"S\u00e1bila en Taza","date":"12 de abril de 2021","format":false,"excerpt":"Tama\u00f1o: Chica S\u00e1bila \ud83d\udc49 La s\u00e1bila, tambi\u00e9n conocida como aloe vera, es una planthija suculenta de la familia de las Asphodelaceae. Esta planta es una maravilla porque adem\u00e1s de ser bonita, tiene m\u00faltiples bondades medicinales. Cuidados: \ud83d\udebf Partiendo del riego semanal recomendado para la s\u00e1bila, basta con mirar la parte\u2026","rel":"","context":"Entrada similar","img":{"alt_text":"","src":"https:\/\/i0.wp.com\/mygarden.mx\/wp-content\/uploads\/2021\/04\/Sabila-1.jpg?fit=1042%2C1042&ssl=1&resize=350%2C200","width":350,"height":200},"classes":[]},{"id":461,"url":"https:\/\/mygarden.mx\/index.php\/product\/cabezota-con-peluca\/","url_meta":{"origin":227,"position":3},"title":"Cabezota con \u00c1lamo","date":"13 de abril de 2021","format":false,"excerpt":"Tama\u00f1o: Mediana Mi amigx con peluca. \u00c1lamo\ud83c\udf31 \ud83d\udc49Planta de la familia de las suculentas, cabali\u0301stica por su amplio follaje que puede llegar a asemejar una peluca, de ahi\u0301 que muchos la conozcan como moneda. \ud83e\udd17 Cuidados: \ud83d\udebf Mantener la tierra siempre hu\u0301meda, OJO sin encharcarla. 2-3 veces por semana esta\u0301\u2026","rel":"","context":"Entrada similar","img":{"alt_text":"Cabezota con \u00e1lamo","src":"https:\/\/i0.wp.com\/mygarden.mx\/wp-content\/uploads\/2021\/09\/Alamo.jpg?fit=677%2C822&ssl=1&resize=350%2C200","width":350,"height":200},"classes":[]},{"id":150,"url":"https:\/\/mygarden.mx\/index.php\/product\/cabeza-de-buda-con-peluca\/","url_meta":{"origin":227,"position":4},"title":"Cabeza de Buda con peluca","date":"12 de abril de 2021","format":false,"excerpt":"Tama\u00f1o: Chica Mi amigx con peluca. (Callisia Repens) \ud83c\udf31 \ud83d\udc49Planta de la familia de las suculentas, cabali\u0301stica por su amplio follaje que puede llegar a asemejar una peluca, de ahi\u0301 que muchos la conozcan como Peluca. \ud83e\udd17 Cuidados: \ud83d\udebf Mantener la tierra siempre hu\u0301meda, OJO sin encharcarla. 2-3 veces por\u2026","rel":"","context":"Con 2 comentarios","img":{"alt_text":"","src":"https:\/\/i0.wp.com\/mygarden.mx\/wp-content\/uploads\/2021\/04\/Cabezota-con-peluca-cabeza-de-buda-con-hierba-de-la-calentura.jpg?fit=931%2C1158&ssl=1&resize=350%2C200","width":350,"height":200},"classes":[]},{"id":244,"url":"https:\/\/mygarden.mx\/index.php\/product\/humanitx-con-kiwi\/","url_meta":{"origin":227,"position":5},"title":"Humanitx con Kiwi","date":"13 de abril de 2021","format":false,"excerpt":"Tama\u00f1o: Chica Humanitx con Kiwi \ud83e\udd5d El Kiwi es una planta suculenta de peque\u00f1o tama\u00f1o perfecta para interiores. Sus tonos rosas y amarillos hacen de ella una planta muy llamativa. Cuidados: \ud83d\udebf Regar cuando el sustrato est\u00e9 seco \u26c5 Necesita bastantes horas de luz, pero sin sol directo Tips: \ud83d\udca6El\u2026","rel":"","context":"Entrada similar","img":{"alt_text":"","src":"https:\/\/i0.wp.com\/mygarden.mx\/wp-content\/uploads\/2021\/04\/Humanitx-con-Kiwi.jpg?fit=1200%2C1200&ssl=1&resize=350%2C200","width":350,"height":200},"classes":[]}],"_links":{"self":[{"href":"https:\/\/mygarden.mx\/index.php\/wp-json\/wp\/v2\/product\/227"}],"collection":[{"href":"https:\/\/mygarden.mx\/index.php\/wp-json\/wp\/v2\/product"}],"about":[{"href":"https:\/\/mygarden.mx\/index.php\/wp-json\/wp\/v2\/types\/product"}],"replies":[{"embeddable":true,"href":"https:\/\/mygarden.mx\/index.php\/wp-json\/wp\/v2\/comments?post=227"}],"wp:featuredmedia":[{"embeddable":true,"href":"https:\/\/mygarden.mx\/index.php\/wp-json\/wp\/v2\/media\/228"}],"wp:attachment":[{"href":"https:\/\/mygarden.mx\/index.php\/wp-json\/wp\/v2\/media?parent=227"}],"wp:term":[{"taxonomy":"product_cat","embeddable":true,"href":"https:\/\/mygarden.mx\/index.php\/wp-json\/wp\/v2\/product_cat?post=227"},{"taxonomy":"product_tag","embeddable":true,"href":"https:\/\/mygarden.mx\/index.php\/wp-json\/wp\/v2\/product_tag?post=227"}],"curies":[{"name":"wp","href":"https:\/\/api.w.org\/{rel}","templated":true}]}}

<p>Tamaño: Chica</p>
<p>Pasto monkey 🌱</p>
<p>👉Esta planta de aspecto peculiar por su «cabello» despeinado, le da vida a cualquier esquina ya sea en el depa o casa y queda super bien porque es fácil de cuidar.</p>
<p>Cuidados:</p>
<p>🚿 La sequedad acentúa su color azul.</p>
<p>☀️ Necesita una ubicación soleada.</p>
<p>😷 Esta planta durante el invierno asume una coloración verde azulada, por eso es conocida como festuca azul. Florece en verano, apareciendo unas espigas de color casi azul.</p>
<p>Maceta: barro</p>

Elefante de cerámica

EL combo perfecto para alegrar sus vidas y sus hogares! ¡Presentamos la magnífica Aphelandra en una maceta de elefante!🐘 ¡Imaginen esto, amigos! Una planta exuberante y colorida, rodeada por la majestuosidad de un elefante. Es como tener un safari en miniatura en su sala de estar.🎋 Y no se preocupen,…

Maceta elefante cerámica

Alcatraz negro en bule de cerámica

Los alcatraces negros son originarios de Chilangolandia, así como todos los demás colores. Cuidados: 🚿 Mantener la tierra siempre húmeda, OJO sin encharcarla. 2-3 veces por semana está perfecto. ⛅️ Semisombra, que puedan recibir de forma indirecta los rayos del sol Tips: 😷  NO debe exponerse a fuertes vientos, los…

Sábila en Taza

Tamaño: Chica Sábila 👉 La sábila, también conocida como aloe vera, es una planthija suculenta de la familia de las Asphodelaceae. Esta planta es una maravilla porque además de ser bonita, tiene múltiples bondades medicinales. Cuidados: 🚿 Partiendo del riego semanal recomendado para la sábila, basta con mirar la parte…

Cabezota con Álamo

Tamaño: Mediana Mi amigx con peluca. Álamo🌱 👉Planta de la familia de las suculentas, cabalística por su amplio follaje que puede llegar a asemejar una peluca, de ahí que muchos la conozcan como moneda. 🤗 Cuidados: 🚿 Mantener la tierra siempre húmeda, OJO sin encharcarla. 2-3 veces por semana está…

Cabezota con álamo

Tamaño: Chica Mi amigx con peluca. (Callisia Repens) 🌱 👉Planta de la familia de las suculentas, cabalística por su amplio follaje que puede llegar a asemejar una peluca, de ahí que muchos la conozcan como Peluca. 🤗 Cuidados: 🚿 Mantener la tierra siempre húmeda, OJO sin encharcarla. 2-3 veces por…

Tamaño: Chica Humanitx con Kiwi 🥝 El Kiwi es una planta suculenta de pequeño tamaño perfecta para interiores. Sus tonos rosas y amarillos hacen de ella una planta muy llamativa. Cuidados: 🚿 Regar cuando el sustrato esté seco ⛅ Necesita bastantes horas de luz, pero sin sol directo Tips: 💦El…
