{"id":234,"date":"2021-04-13T15:38:53","date_gmt":"2021-04-13T15:38:53","guid":{"rendered":"https:\/\/mygarden.mx\/?post_type=product&#038;p=234"},"modified":"2021-04-13T15:56:37","modified_gmt":"2021-04-13T15:56:37","slug":"arbol-de-hule","status":"publish","type":"product","link":"https:\/\/mygarden.mx\/index.php\/product\/arbol-de-hule\/","title":{"rendered":"\u00c1rbol de Hule"},"content":{"rendered":"","protected":false},"excerpt":{"rendered":"<p>Tama\u00f1o: Grande<\/p>\n<p><span data-sheets-formula-bar-text-style=\"font-size:15px;color:#262626;font-weight:normal;text-decoration:none;font-family:'Arial';font-style:normal;text-decoration-skip-ink:none;\">\u00c1rbol de hule <\/span><span data-sheets-formula-bar-text-style=\"font-size:15px;color:#262626;font-weight:normal;text-decoration:none;font-family:''Arial'';font-style:italic;text-decoration-skip-ink:none;\">(Ficus el\u00e1stica)<\/span><\/p>\n<p>Arbolhija que no requiere grandes cuidados m\u00e1s all\u00e1 de los b\u00e1sicos. Con que sepas lo que detallamos a continuaci\u00f3n es m\u00e1s que suficiente<\/p>\n<p>Cuidados:<\/p>\n<p>\ud83d\udebf Necesita poco riego: dos veces por semana en verano y una en invierno (o incluso menos, en regiones h\u00famedas: cada 8 o 10 d\u00edas).<\/p>\n<p>\u26c5 Le encanta la luz, pero no soporta los rayos solares directos<\/p>\n<p>Tips:<\/p>\n<p>\u2714\ufe0f Planta s\u00faper apta para el interior<\/p>\n<p>Maceta: barro<\/p>\n","protected":false},"featured_media":238,"comment_status":"open","ping_status":"closed","template":"","meta":{"om_disable_all_campaigns":false,"_monsterinsights_skip_tracking":false,"_monsterinsights_sitenote_active":false,"_monsterinsights_sitenote_note":"","_monsterinsights_sitenote_category":0,"spay_email":""},"product_cat":[22],"product_tag":[],"class_list":["post-234","product","type-product","status-publish","has-post-thumbnail","hentry","product_cat-grande"],"jetpack-related-posts":[{"id":126,"url":"https:\/\/mygarden.mx\/index.php\/product\/muela-con-arbol-de-la-abundancia\/","url_meta":{"origin":234,"position":0},"title":"Muela con \u00c1rbol de la Abundancia","date":"12 de abril de 2021","format":false,"excerpt":"Tama\u00f1o: Chica Abundancia en muela\ud83d\udc9c \ud83d\udc49 El \u00e1rbol de la abundancia, una planta que da fortuna a quien le posee \ud83d\ude0desta planthija es ideal para dentistas o para aquellos amantes de los dientes. Cuidados: \ud83d\udebf Regar durante el peri\u0301odo ma\u0301s ca\u0301lido; en primavera y en oton\u0303o debe ser mucho ma\u0301s\u2026","rel":"","context":"Entrada similar","img":{"alt_text":"","src":"https:\/\/i0.wp.com\/mygarden.mx\/wp-content\/uploads\/2021\/04\/Muela-con-arbol-de-la-abundancia.png?fit=1191%2C1200&ssl=1&resize=350%2C200","width":350,"height":200},"classes":[]},{"id":138,"url":"https:\/\/mygarden.mx\/index.php\/product\/abundancia-en-mitad-ceramica\/","url_meta":{"origin":234,"position":1},"title":"Abundancia en Mitad Cer\u00e1mica","date":"12 de abril de 2021","format":false,"excerpt":"Tama\u00f1o: Chica Abundancia \ud83d\udc49 El \u00e1rbol de la abundancia, una planta que da fortuna a quien le posee \ud83d\ude0desta planthija es ideal para dentistas o para aquellos amantes de los dientes. Cuidados: \ud83d\udebf Regar durante el peri\u0301odo ma\u0301s ca\u0301lido; en primavera y en oton\u0303o debe ser mucho ma\u0301s escaso. 3\u2026","rel":"","context":"Entrada similar","img":{"alt_text":"","src":"https:\/\/i0.wp.com\/mygarden.mx\/wp-content\/uploads\/2021\/04\/Abundancia-en-mitad-ceramica.png?fit=900%2C1200&ssl=1&resize=350%2C200","width":350,"height":200},"classes":[]},{"id":115,"url":"https:\/\/mygarden.mx\/index.php\/product\/cuna-de-moises\/","url_meta":{"origin":234,"position":2},"title":"Cuna De Mois\u00e9s","date":"12 de abril de 2021","format":false,"excerpt":"Tama\u00f1o: Mediana \ud83d\udc49 Esta belli\u0301sima planthija es una de las ma\u0301s expertas en purificar el aire de tu entorno, su\u0301per fa\u0301cil de cuidar y con extraordinarias hojas verdes y flores blancas. Cuidados \ud83d\udebf Mantener la tierra siempre hu\u0301meda. OJO: sin encharcarla. Permitir que el sustrato se seque antes de volver\u2026","rel":"","context":"Entrada similar","img":{"alt_text":"","src":"https:\/\/i0.wp.com\/mygarden.mx\/wp-content\/uploads\/2021\/04\/Cuna-de-Moises.jpg?fit=750%2C727&ssl=1&resize=350%2C200","width":350,"height":200},"classes":[]},{"id":153,"url":"https:\/\/mygarden.mx\/index.php\/product\/cactus-organo\/","url_meta":{"origin":234,"position":3},"title":"Cactus \u00f3rgano","date":"12 de abril de 2021","format":false,"excerpt":"Tama\u00f1o: Grande \ud83c\udf35 Cactus o\u0301rgano \ud83d\udc49Planthija que requiere muy pocos cuidados ya que es su\u0301peraut\u00f3noma Cuidados: \ud83d\udebf Cada 15 di\u0301as, sin encharcar porque casi no le gusta ba\u00f1arse \u2600\ufe0f Ella es feliz si la colocas en una ventana donde reciba mucha luz ya que le encanta darse ban\u0303os muy largos\u2026","rel":"","context":"Entrada similar","img":{"alt_text":"","src":"https:\/\/i0.wp.com\/mygarden.mx\/wp-content\/uploads\/2021\/04\/Cactus-organo.jpg?fit=990%2C1200&ssl=1&resize=350%2C200","width":350,"height":200},"classes":[]},{"id":214,"url":"https:\/\/mygarden.mx\/index.php\/product\/hoja-elegante\/","url_meta":{"origin":234,"position":4},"title":"Hoja Elegante","date":"13 de abril de 2021","format":false,"excerpt":"Tama\u00f1o: Grande Hoja elegante \u2728 Planthija que sera\u0301 la mejor aliada para armonizar cualquier espacio de tu hogar por sus distintivas hojas largas y elegantes. Cuidados: \ud83d\udebf Mantener la tierra siempre hu\u0301meda, OJO sin encharcarla, 2 veces por semana esta\u0301 perfecto. \u26c5\ufe0f Un lugar en el cual no reciba luz\u2026","rel":"","context":"Con 1 comentario","img":{"alt_text":"","src":"https:\/\/i0.wp.com\/mygarden.mx\/wp-content\/uploads\/2021\/04\/Hoja-elegante.jpg?fit=1200%2C1200&ssl=1&resize=350%2C200","width":350,"height":200},"classes":[]},{"id":158,"url":"https:\/\/mygarden.mx\/index.php\/product\/garra-de-leon\/","url_meta":{"origin":234,"position":5},"title":"Garra de le\u00f3n","date":"12 de abril de 2021","format":false,"excerpt":"Tama\u00f1o: Grande Garra de le\u00f3n \ud83e\udd81 \ud83d\udc49Es una planthija muy decorativa debido a sus grandes hojas de color verde medio brillante, que dan a la planta un aspecto tropical y ex\u00f3tico. Cuidados: \ud83d\udebf Permitir que el sustrato se seque antes de volver a regar. Reducir la frecuencia de riego durante\u2026","rel":"","context":"Entrada similar","img":{"alt_text":"","src":"https:\/\/i0.wp.com\/mygarden.mx\/wp-content\/uploads\/2021\/04\/Garra-de-leon-1.jpg?fit=960%2C1200&ssl=1&resize=350%2C200","width":350,"height":200},"classes":[]}],"_links":{"self":[{"href":"https:\/\/mygarden.mx\/index.php\/wp-json\/wp\/v2\/product\/234"}],"collection":[{"href":"https:\/\/mygarden.mx\/index.php\/wp-json\/wp\/v2\/product"}],"about":[{"href":"https:\/\/mygarden.mx\/index.php\/wp-json\/wp\/v2\/types\/product"}],"replies":[{"embeddable":true,"href":"https:\/\/mygarden.mx\/index.php\/wp-json\/wp\/v2\/comments?post=234"}],"wp:featuredmedia":[{"embeddable":true,"href":"https:\/\/mygarden.mx\/index.php\/wp-json\/wp\/v2\/media\/238"}],"wp:attachment":[{"href":"https:\/\/mygarden.mx\/index.php\/wp-json\/wp\/v2\/media?parent=234"}],"wp:term":[{"taxonomy":"product_cat","embeddable":true,"href":"https:\/\/mygarden.mx\/index.php\/wp-json\/wp\/v2\/product_cat?post=234"},{"taxonomy":"product_tag","embeddable":true,"href":"https:\/\/mygarden.mx\/index.php\/wp-json\/wp\/v2\/product_tag?post=234"}],"curies":[{"name":"wp","href":"https:\/\/api.w.org\/{rel}","templated":true}]}}