{"id":244,"date":"2021-04-13T15:46:13","date_gmt":"2021-04-13T15:46:13","guid":{"rendered":"https:\/\/mygarden.mx\/?post_type=product&#038;p=244"},"modified":"2022-02-15T16:56:43","modified_gmt":"2022-02-15T16:56:43","slug":"humanitx-con-kiwi","status":"publish","type":"product","link":"https:\/\/mygarden.mx\/index.php\/product\/humanitx-con-kiwi\/","title":{"rendered":"Humanitx con Kiwi"},"content":{"rendered":"","protected":false},"excerpt":{"rendered":"<p>Tama\u00f1o: Chica<\/p>\n<p>Humanitx con Kiwi \ud83e\udd5d<\/p>\n<p>El Kiwi es una planta suculenta de peque\u00f1o tama\u00f1o perfecta para interiores. Sus tonos rosas y amarillos hacen de ella una planta muy llamativa.<\/p>\n<p>Cuidados:<\/p>\n<p>\ud83d\udebf Regar cuando el sustrato est\u00e9 seco<\/p>\n<p>\u26c5 Necesita bastantes horas de luz, pero sin sol directo<\/p>\n<p>Tips:<\/p>\n<p>\ud83d\udca6El exceso de humedad provoca que la planta se pudra, evita a toda costa el esceso de agua<\/p>\n<p>Maceta: Cer\u00e1mica<\/p>\n","protected":false},"featured_media":245,"comment_status":"open","ping_status":"closed","template":"","meta":{"om_disable_all_campaigns":false,"_monsterinsights_skip_tracking":false,"_monsterinsights_sitenote_active":false,"_monsterinsights_sitenote_note":"","_monsterinsights_sitenote_category":0,"spay_email":""},"product_cat":[21],"product_tag":[],"class_list":["post-244","product","type-product","status-publish","has-post-thumbnail","hentry","product_cat-chica"],"jetpack-related-posts":[{"id":461,"url":"https:\/\/mygarden.mx\/index.php\/product\/cabezota-con-peluca\/","url_meta":{"origin":244,"position":0},"title":"Cabezota con \u00c1lamo","date":"13 de abril de 2021","format":false,"excerpt":"Tama\u00f1o: Mediana Mi amigx con peluca. \u00c1lamo\ud83c\udf31 \ud83d\udc49Planta de la familia de las suculentas, cabali\u0301stica por su amplio follaje que puede llegar a asemejar una peluca, de ahi\u0301 que muchos la conozcan como moneda. \ud83e\udd17 Cuidados: \ud83d\udebf Mantener la tierra siempre hu\u0301meda, OJO sin encharcarla. 2-3 veces por semana esta\u0301\u2026","rel":"","context":"Entrada similar","img":{"alt_text":"Cabezota con \u00e1lamo","src":"https:\/\/i0.wp.com\/mygarden.mx\/wp-content\/uploads\/2021\/09\/Alamo.jpg?fit=677%2C822&ssl=1&resize=350%2C200","width":350,"height":200},"classes":[]},{"id":150,"url":"https:\/\/mygarden.mx\/index.php\/product\/cabeza-de-buda-con-peluca\/","url_meta":{"origin":244,"position":1},"title":"Cabeza de Buda con peluca","date":"12 de abril de 2021","format":false,"excerpt":"Tama\u00f1o: Chica Mi amigx con peluca. (Callisia Repens) \ud83c\udf31 \ud83d\udc49Planta de la familia de las suculentas, cabali\u0301stica por su amplio follaje que puede llegar a asemejar una peluca, de ahi\u0301 que muchos la conozcan como Peluca. \ud83e\udd17 Cuidados: \ud83d\udebf Mantener la tierra siempre hu\u0301meda, OJO sin encharcarla. 2-3 veces por\u2026","rel":"","context":"Con 2 comentarios","img":{"alt_text":"","src":"https:\/\/i0.wp.com\/mygarden.mx\/wp-content\/uploads\/2021\/04\/Cabezota-con-peluca-cabeza-de-buda-con-hierba-de-la-calentura.jpg?fit=931%2C1158&ssl=1&resize=350%2C200","width":350,"height":200},"classes":[]},{"id":126,"url":"https:\/\/mygarden.mx\/index.php\/product\/muela-con-arbol-de-la-abundancia\/","url_meta":{"origin":244,"position":2},"title":"Muela con \u00c1rbol de la Abundancia","date":"12 de abril de 2021","format":false,"excerpt":"Tama\u00f1o: Chica Abundancia en muela\ud83d\udc9c \ud83d\udc49 El \u00e1rbol de la abundancia, una planta que da fortuna a quien le posee \ud83d\ude0desta planthija es ideal para dentistas o para aquellos amantes de los dientes. Cuidados: \ud83d\udebf Regar durante el peri\u0301odo ma\u0301s ca\u0301lido; en primavera y en oton\u0303o debe ser mucho ma\u0301s\u2026","rel":"","context":"Entrada similar","img":{"alt_text":"","src":"https:\/\/i0.wp.com\/mygarden.mx\/wp-content\/uploads\/2021\/04\/Muela-con-arbol-de-la-abundancia.png?fit=1191%2C1200&ssl=1&resize=350%2C200","width":350,"height":200},"classes":[]},{"id":138,"url":"https:\/\/mygarden.mx\/index.php\/product\/abundancia-en-mitad-ceramica\/","url_meta":{"origin":244,"position":3},"title":"Abundancia en Mitad Cer\u00e1mica","date":"12 de abril de 2021","format":false,"excerpt":"Tama\u00f1o: Chica Abundancia \ud83d\udc49 El \u00e1rbol de la abundancia, una planta que da fortuna a quien le posee \ud83d\ude0desta planthija es ideal para dentistas o para aquellos amantes de los dientes. Cuidados: \ud83d\udebf Regar durante el peri\u0301odo ma\u0301s ca\u0301lido; en primavera y en oton\u0303o debe ser mucho ma\u0301s escaso. 3\u2026","rel":"","context":"Entrada similar","img":{"alt_text":"","src":"https:\/\/i0.wp.com\/mygarden.mx\/wp-content\/uploads\/2021\/04\/Abundancia-en-mitad-ceramica.png?fit=900%2C1200&ssl=1&resize=350%2C200","width":350,"height":200},"classes":[]},{"id":64,"url":"https:\/\/mygarden.mx\/index.php\/product\/humanitx-semi-acostado\/","url_meta":{"origin":244,"position":4},"title":"Humanitx (maceta sola)","date":"12 de abril de 2021","format":false,"excerpt":"Humanitxs para todxs \u00a1Selecciona el color de tu preferencia! Medidas var\u00edan de acuerdo al modelo, en promedio tienen 10 cm de di\u00e1metro x 15 cm de alto. Material: Cer\u00e1mica","rel":"","context":"Entrada similar","img":{"alt_text":"Macetas mu\u00f1ecos","src":"https:\/\/i0.wp.com\/mygarden.mx\/wp-content\/uploads\/2022\/03\/A7961B00-8B77-4C5E-88F7-7A033C276EC2.jpg?fit=720%2C720&ssl=1&resize=350%2C200","width":350,"height":200},"classes":[]},{"id":3459,"url":"https:\/\/mygarden.mx\/index.php\/product\/humanitx-portacelular\/","url_meta":{"origin":244,"position":5},"title":"Humanitx portacelular","date":"8 de septiembre de 2022","format":false,"excerpt":"El mejoooorrr porta celulares\ud83d\ude0d\ud83d\ude0d Los humanitxs llegaron ahora en forma de porta celular \u2728 y se ven lindisimos\ud83c\udf31. Sin duda es el integrante faltante en tu familia de plantitas. \ud83d\udc49\ud83c\udffb La planthija que lo acompa\u00f1a es una patita de elefante, ideal para interiores y aguanta la luz solar sin que\u2026","rel":"","context":"Entrada similar","img":{"alt_text":"Maceta humanito porta celular","src":"https:\/\/i0.wp.com\/mygarden.mx\/wp-content\/uploads\/2022\/09\/Humanitx-portacelular.jpeg?fit=975%2C1200&ssl=1&resize=350%2C200","width":350,"height":200},"classes":[]}],"_links":{"self":[{"href":"https:\/\/mygarden.mx\/index.php\/wp-json\/wp\/v2\/product\/244"}],"collection":[{"href":"https:\/\/mygarden.mx\/index.php\/wp-json\/wp\/v2\/product"}],"about":[{"href":"https:\/\/mygarden.mx\/index.php\/wp-json\/wp\/v2\/types\/product"}],"replies":[{"embeddable":true,"href":"https:\/\/mygarden.mx\/index.php\/wp-json\/wp\/v2\/comments?post=244"}],"wp:featuredmedia":[{"embeddable":true,"href":"https:\/\/mygarden.mx\/index.php\/wp-json\/wp\/v2\/media\/245"}],"wp:attachment":[{"href":"https:\/\/mygarden.mx\/index.php\/wp-json\/wp\/v2\/media?parent=244"}],"wp:term":[{"taxonomy":"product_cat","embeddable":true,"href":"https:\/\/mygarden.mx\/index.php\/wp-json\/wp\/v2\/product_cat?post=244"},{"taxonomy":"product_tag","embeddable":true,"href":"https:\/\/mygarden.mx\/index.php\/wp-json\/wp\/v2\/product_tag?post=244"}],"curies":[{"name":"wp","href":"https:\/\/api.w.org\/{rel}","templated":true}]}}

<p>Tamaño: Chica</p>
<p>Humanitx con Kiwi 🥝</p>
<p>El Kiwi es una planta suculenta de pequeño tamaño perfecta para interiores. Sus tonos rosas y amarillos hacen de ella una planta muy llamativa.</p>
<p>Cuidados:</p>
<p>🚿 Regar cuando el sustrato esté seco</p>
<p>⛅ Necesita bastantes horas de luz, pero sin sol directo</p>
<p>Tips:</p>
<p>💦El exceso de humedad provoca que la planta se pudra, evita a toda costa el esceso de agua</p>
<p>Maceta: Cerámica</p>

Cabezota con Álamo

Tamaño: Mediana Mi amigx con peluca. Álamo🌱 👉Planta de la familia de las suculentas, cabalística por su amplio follaje que puede llegar a asemejar una peluca, de ahí que muchos la conozcan como moneda. 🤗 Cuidados: 🚿 Mantener la tierra siempre húmeda, OJO sin encharcarla. 2-3 veces por semana está…

Cabezota con álamo

Tamaño: Chica Mi amigx con peluca. (Callisia Repens) 🌱 👉Planta de la familia de las suculentas, cabalística por su amplio follaje que puede llegar a asemejar una peluca, de ahí que muchos la conozcan como Peluca. 🤗 Cuidados: 🚿 Mantener la tierra siempre húmeda, OJO sin encharcarla. 2-3 veces por…

Muela con Árbol de la Abundancia

Tamaño: Chica Abundancia en muela💜 👉 El árbol de la abundancia, una planta que da fortuna a quien le posee 😍esta planthija es ideal para dentistas o para aquellos amantes de los dientes. Cuidados: 🚿 Regar durante el período más cálido; en primavera y en otoño debe ser mucho más…

Abundancia en Mitad Cerámica

Tamaño: Chica Abundancia 👉 El árbol de la abundancia, una planta que da fortuna a quien le posee 😍esta planthija es ideal para dentistas o para aquellos amantes de los dientes. Cuidados: 🚿 Regar durante el período más cálido; en primavera y en otoño debe ser mucho más escaso. 3…

Humanitxs para todxs ¡Selecciona el color de tu preferencia! Medidas varían de acuerdo al modelo, en promedio tienen 10 cm de diámetro x 15 cm de alto. Material: Cerámica

Macetas muñecos

El mejoooorrr porta celulares😍😍 Los humanitxs llegaron ahora en forma de porta celular ✨ y se ven lindisimos🌱. Sin duda es el integrante faltante en tu familia de plantitas. 👉🏻 La planthija que lo acompaña es una patita de elefante, ideal para interiores y aguanta la luz solar sin que…
