{"id":3286,"date":"2022-06-16T16:56:51","date_gmt":"2022-06-16T16:56:51","guid":{"rendered":"https:\/\/mygarden.mx\/?post_type=product&#038;p=3286"},"modified":"2024-02-21T19:00:34","modified_gmt":"2024-02-21T19:00:34","slug":"2-ninxs-con-banquita-de-madera","status":"publish","type":"product","link":"https:\/\/mygarden.mx\/index.php\/product\/2-ninxs-con-banquita-de-madera\/","title":{"rendered":"Set ni\u00f1xs con banquita de madera"},"content":{"rendered":"","protected":false},"excerpt":{"rendered":"<p>2 ni\u00f1xs + banquita de madera <span style=\"font-size: 16px;\">\ud83d\udc9a<\/span><\/p>\n<p>Puedes personalizar el color de cada ni\u00f1x y combinarlos como m\u00e1s te gusten.<\/p>\n<p>Las macetas son de cer\u00e1mica y las planthijas que los acompa\u00f1an son ideales para interiores.<\/p>\n<p>Empieza ya tu familia de planthijas.<\/p>\n<div class=\"_ab8w _ab94 _ab96 _ab9f _ab9k _ab9p\">\n<div class=\"_ab8w _ab94 _ab99 _ab9f _ab9m _ab9p _abak _abbi\">\n<div class=\"_ab8w _ab94 _ab96 _ab9g _ab9k _ab9p\"><\/div>\n<\/div>\n<div class=\"_ac72\" tabindex=\"0\" role=\"listbox\">\n<div>\n<div class=\" _acd3\">\n<div class=\"_acqt _acqu\" tabindex=\"0\" role=\"listbox\">\n<div class=\" _ac1n\">\n<div class=\" _ac1r _ac1w\">\n<div class=\"_aa06\" tabindex=\"-1\" role=\"button\">\n<div class=\"_ab8w _ab94 _ab99 _ab9h _ab9m _ab9p _ab9- _abaa\">\n<div class=\"_aacl _aaco _aacu _aacx _aad9 _aadf\"><\/div>\n<\/div>\n<\/div>\n<\/div>\n<\/div>\n<\/div>\n<\/div>\n<\/div>\n<\/div>\n<\/div>\n","protected":false},"featured_media":3262,"comment_status":"open","ping_status":"closed","template":"","meta":{"om_disable_all_campaigns":false,"_monsterinsights_skip_tracking":false,"_monsterinsights_sitenote_active":false,"_monsterinsights_sitenote_note":"","_monsterinsights_sitenote_category":0,"spay_email":""},"product_cat":[21],"product_tag":[],"class_list":["post-3286","product","type-product","status-publish","has-post-thumbnail","hentry","product_cat-chica"],"jetpack-related-posts":[{"id":3276,"url":"https:\/\/mygarden.mx\/index.php\/product\/set-ninxs-con-banquita-ceramica\/","url_meta":{"origin":3286,"position":0},"title":"Set ni\u00f1xs con banquita cer\u00e1mica","date":"16 de junio de 2022","format":false,"excerpt":"Set ni\u00f1xs + banquita cer\u00e1mica. \ud83d\udc49 El set incluye 2 ni\u00f1xs de cer\u00e1mica con banquita del mismo material. Puedes personalizar el color a tu gusto.","rel":"","context":"Entrada similar","img":{"alt_text":"Mu\u00f1ecos cer\u00e1mica","src":"https:\/\/i0.wp.com\/mygarden.mx\/wp-content\/uploads\/2022\/06\/8F566EE1-1CFA-49DB-AB07-52FD004E8E5B.jpg?fit=675%2C1200&ssl=1&resize=350%2C200","width":350,"height":200},"classes":[]},{"id":3553,"url":"https:\/\/mygarden.mx\/index.php\/product\/promo-san-valentin-banquita-madera\/","url_meta":{"origin":3286,"position":1},"title":"Promo San Valent\u00edn + banquita madera","date":"24 de septiembre de 2022","format":false,"excerpt":"T\u00fa y tu amorcito \ud83e\udd70 Regala este set a esa persona especial y hazla feliz \ud83e\udeb4\ud83d\udc9a \u00a1Regala planthijas, regala vida! \ud83d\udc49\ud83c\udffb El set completo tiene un costo de 750 MXN e incluye: 2 humanitxs de cer\u00e1mica + 2 planthijas + banquito madera.","rel":"","context":"Entrada similar","img":{"alt_text":"Regalo San Valent\u00edn","src":"https:\/\/i0.wp.com\/mygarden.mx\/wp-content\/uploads\/2022\/09\/76878ed8-0429-4194-8b56-833c95b2bef4.jpg?fit=898%2C1200&ssl=1&resize=350%2C200","width":350,"height":200},"classes":[]},{"id":3514,"url":"https:\/\/mygarden.mx\/index.php\/product\/banquita-madera-chica\/","url_meta":{"origin":3286,"position":2},"title":"Banquita madera (chica)","date":"8 de septiembre de 2022","format":false,"excerpt":"","rel":"","context":"Entrada similar","img":{"alt_text":"Banquita de madera chica","src":"https:\/\/i0.wp.com\/mygarden.mx\/wp-content\/uploads\/2022\/09\/Colores-banquita.jpeg?fit=1080%2C1080&ssl=1&resize=350%2C200","width":350,"height":200},"classes":[]},{"id":2321,"url":"https:\/\/mygarden.mx\/index.php\/product\/promo-humanitxs-san-valentin\/","url_meta":{"origin":3286,"position":3},"title":"Promo humanitxs San Valent\u00edn","date":"24 de enero de 2022","format":false,"excerpt":"Dilo con planthijas... este 14 de febrero regala vida y haz feliz a esa persona especial. Los humanitxs son de las macetas m\u00e1s emblem\u00e1ticas de mygarden y en esta ocasi\u00f3n armamos este set para facilitarte la vida, ya que sabemos lo complicado que puede llegar a ser elegir un regalo.\u2026","rel":"","context":"Entrada similar","img":{"alt_text":"Humanitxs","src":"https:\/\/i0.wp.com\/mygarden.mx\/wp-content\/uploads\/2022\/01\/Diseno-sin-titulo-2.png?fit=1080%2C1080&ssl=1&resize=350%2C200","width":350,"height":200},"classes":[]},{"id":3107,"url":"https:\/\/mygarden.mx\/index.php\/product\/set-3-humanitxs\/","url_meta":{"origin":3286,"position":4},"title":"Set 3 ni\u00f1xs","date":"24 de abril de 2022","format":false,"excerpt":"Psss, pssss\u2026 \u00bfya tienes tu regalo para este\u00a0#10demayo?\ud83e\udd14 Si a\u00fan no tienes idea qu\u00e9 regalarle a\u00a0#mam\u00e1, date una vuelta por nuestro perfil y descubre las planthijas que tenemos listas para este\u00a0#diadelasmadres\u00a0\ud83d\udc95 \u00a1Regala\u00a0#planthijas, regala vida!\ud83e\udeb4\ud83d\udc9a \ud83d\udc49\ud83c\udffb Ll\u00e9vate estos 3 humanitxs por 550 MXN, el precio incluye 3 macetas + 3 planthijas.\u2026","rel":"","context":"Entrada similar","img":{"alt_text":"Macetas cer\u00e1mica","src":"https:\/\/i0.wp.com\/mygarden.mx\/wp-content\/uploads\/2022\/04\/2A003AD9-39CE-47B0-80EF-2EC5C5288BF7.jpg?fit=675%2C1200&ssl=1&resize=350%2C200","width":350,"height":200},"classes":[]},{"id":3273,"url":"https:\/\/mygarden.mx\/index.php\/product\/planthija-colgante-con-macrame\/","url_meta":{"origin":3286,"position":5},"title":"Planthija colgante con macram\u00e9","date":"16 de junio de 2022","format":false,"excerpt":"Colgante macram\u00e9 con incre\u00edble dise\u00f1o + maceta bule con olitas + planthija colgante = \ud83d\udc9a Armamos este incre\u00edble set para ti\u2728 Puedes elegir la planthija colgante entre esqueleto y tel\u00e9fono, ambas son ideales para interiores y sin duda van a dar vida a cualquier lugar.","rel":"","context":"Entrada similar","img":{"alt_text":"Esqueleto colgante con macram\u00e9","src":"https:\/\/i0.wp.com\/mygarden.mx\/wp-content\/uploads\/2022\/06\/IMG_2906-1-scaled.jpg?fit=548%2C1200&ssl=1&resize=350%2C200","width":350,"height":200},"classes":[]}],"_links":{"self":[{"href":"https:\/\/mygarden.mx\/index.php\/wp-json\/wp\/v2\/product\/3286"}],"collection":[{"href":"https:\/\/mygarden.mx\/index.php\/wp-json\/wp\/v2\/product"}],"about":[{"href":"https:\/\/mygarden.mx\/index.php\/wp-json\/wp\/v2\/types\/product"}],"replies":[{"embeddable":true,"href":"https:\/\/mygarden.mx\/index.php\/wp-json\/wp\/v2\/comments?post=3286"}],"wp:featuredmedia":[{"embeddable":true,"href":"https:\/\/mygarden.mx\/index.php\/wp-json\/wp\/v2\/media\/3262"}],"wp:attachment":[{"href":"https:\/\/mygarden.mx\/index.php\/wp-json\/wp\/v2\/media?parent=3286"}],"wp:term":[{"taxonomy":"product_cat","embeddable":true,"href":"https:\/\/mygarden.mx\/index.php\/wp-json\/wp\/v2\/product_cat?post=3286"},{"taxonomy":"product_tag","embeddable":true,"href":"https:\/\/mygarden.mx\/index.php\/wp-json\/wp\/v2\/product_tag?post=3286"}],"curies":[{"name":"wp","href":"https:\/\/api.w.org\/{rel}","templated":true}]}}

Set niñxs con banquita de madera

<p>2 niñxs + banquita de madera <span style="font-size: 16px;">💚</span></p>
<p>Puedes personalizar el color de cada niñx y combinarlos como más te gusten.</p>
<p>Las macetas son de cerámica y las planthijas que los acompañan son ideales para interiores.</p>
<p>Empieza ya tu familia de planthijas.</p>
<div class="_ab8w _ab94 _ab96 _ab9f _ab9k _ab9p">
<div class="_ab8w _ab94 _ab99 _ab9f _ab9m _ab9p _abak _abbi">
<div class="_ab8w _ab94 _ab96 _ab9g _ab9k _ab9p"></div>
</div>
<div class="_ac72" tabindex="0" role="listbox">
<div>
<div class=" _acd3">
<div class="_acqt _acqu" tabindex="0" role="listbox">
<div class=" _ac1n">
<div class=" _ac1r _ac1w">
<div class="_aa06" tabindex="-1" role="button">
<div class="_ab8w _ab94 _ab99 _ab9h _ab9m _ab9p _ab9- _abaa">
<div class="_aacl _aaco _aacu _aacx _aad9 _aadf"></div>
</div>
</div>
</div>
</div>
</div>
</div>
</div>
</div>
</div>

Set niñxs con banquita cerámica

Set niñxs + banquita cerámica. 👉 El set incluye 2 niñxs de cerámica con banquita del mismo material. Puedes personalizar el color a tu gusto.

Muñecos cerámica

Promo San Valentín + banquita madera

Tú y tu amorcito 🥰 Regala este set a esa persona especial y hazla feliz 🪴💚 ¡Regala planthijas, regala vida! 👉🏻 El set completo tiene un costo de 750 MXN e incluye: 2 humanitxs de cerámica + 2 planthijas + banquito madera.

Regalo San Valentín

Promo humanitxs San Valentín

Dilo con planthijas... este 14 de febrero regala vida y haz feliz a esa persona especial. Los humanitxs son de las macetas más emblemáticas de mygarden y en esta ocasión armamos este set para facilitarte la vida, ya que sabemos lo complicado que puede llegar a ser elegir un regalo.…

Set 3 niñxs

Psss, pssss… ¿ya tienes tu regalo para este #10demayo?🤔 Si aún no tienes idea qué regalarle a #mamá, date una vuelta por nuestro perfil y descubre las planthijas que tenemos listas para este #diadelasmadres 💕 ¡Regala #planthijas, regala vida!🪴💚 👉🏻 Llévate estos 3 humanitxs por 550 MXN, el precio incluye 3 macetas + 3 planthijas.…

Macetas cerámica

Planthija colgante con macramé

Colgante macramé con increíble diseño + maceta bule con olitas + planthija colgante = 💚 Armamos este increíble set para ti✨ Puedes elegir la planthija colgante entre esqueleto y teléfono, ambas son ideales para interiores y sin duda van a dar vida a cualquier lugar.

Esqueleto colgante con macramé
