{"id":33,"date":"2021-04-12T18:45:50","date_gmt":"2021-04-12T18:45:50","guid":{"rendered":"http:\/\/mygarden.mx\/?post_type=product&#038;p=33"},"modified":"2023-04-25T05:07:39","modified_gmt":"2023-04-25T05:07:39","slug":"cabeza-buda","status":"publish","type":"product","link":"https:\/\/mygarden.mx\/index.php\/product\/cabeza-buda\/","title":{"rendered":"Cabeza Buda"},"content":{"rendered":"","protected":false},"excerpt":{"rendered":"<p>Cabeza Buda<\/p>\n<p>\u00a1Selecciona el color de tu preferencia!<\/p>\n<p>Medidas: 12 cm di\u00e1metro x 19 cm altura<\/p>\n<p>Material: Barro<\/p>\n","protected":false},"featured_media":34,"comment_status":"open","ping_status":"closed","template":"","meta":{"om_disable_all_campaigns":false,"_monsterinsights_skip_tracking":false,"_monsterinsights_sitenote_active":false,"_monsterinsights_sitenote_note":"","_monsterinsights_sitenote_category":0,"spay_email":""},"product_cat":[16],"product_tag":[],"class_list":["post-33","product","type-product","status-publish","has-post-thumbnail","hentry","product_cat-macetas"],"jetpack-related-posts":[{"id":37,"url":"https:\/\/mygarden.mx\/index.php\/product\/cabeza-buda-ceramica\/","url_meta":{"origin":33,"position":0},"title":"Cabeza Buda Cer\u00e1mica","date":"12 de abril de 2021","format":false,"excerpt":"Cabeza Buda Color: Blanco Medidas: 12 cm di\u00e1metro x 19 cm altura Material: Cer\u00e1mica","rel":"","context":"Entrada similar","img":{"alt_text":"","src":"https:\/\/i0.wp.com\/mygarden.mx\/wp-content\/uploads\/2021\/04\/Cabeza-de-buda-ceramica.png?fit=900%2C1200&ssl=1&resize=350%2C200","width":350,"height":200},"classes":[]},{"id":41,"url":"https:\/\/mygarden.mx\/index.php\/product\/cabezota\/","url_meta":{"origin":33,"position":1},"title":"Cabezota","date":"12 de abril de 2021","format":false,"excerpt":"Cabezota \u00a1Selecciona el color de tu preferencia! Medidas: 39 cm altura x 19 cm ancho Material: Barro","rel":"","context":"Entrada similar","img":{"alt_text":"Maceta cabeza","src":"https:\/\/i0.wp.com\/mygarden.mx\/wp-content\/uploads\/2023\/06\/2.png?fit=1200%2C1200&ssl=1&resize=350%2C200","width":350,"height":200},"classes":[]},{"id":44,"url":"https:\/\/mygarden.mx\/index.php\/product\/cilindro-barro\/","url_meta":{"origin":33,"position":2},"title":"Cilindro Barro","date":"12 de abril de 2021","format":false,"excerpt":"Cilindro Barro \u00a1Selecciona el color de tu preferencia! Medidas: 10.9 cm di\u00e1metro x 10.9 cm altura Material: Barro","rel":"","context":"Entrada similar","img":{"alt_text":"","src":"https:\/\/i0.wp.com\/mygarden.mx\/wp-content\/uploads\/2021\/04\/Cilindro-barro.png?fit=1200%2C1200&ssl=1&resize=350%2C200","width":350,"height":200},"classes":[]},{"id":56,"url":"https:\/\/mygarden.mx\/index.php\/product\/golf-barro\/","url_meta":{"origin":33,"position":3},"title":"Golf Barro","date":"12 de abril de 2021","format":false,"excerpt":"Golf Barro \u00a1Selecciona el color de tu preferencia! Medidas: 13 cm di\u00e1metro x 14 cm altura Material: Barro","rel":"","context":"Entrada similar","img":{"alt_text":"","src":"https:\/\/i0.wp.com\/mygarden.mx\/wp-content\/uploads\/2021\/04\/Golf-barro1.png?fit=1200%2C1200&ssl=1&resize=350%2C200","width":350,"height":200},"classes":[]},{"id":71,"url":"https:\/\/mygarden.mx\/index.php\/product\/palomera-barro\/","url_meta":{"origin":33,"position":4},"title":"Palomera Barro","date":"12 de abril de 2021","format":false,"excerpt":"Palomera Barro \u00a1Selecciona el color de tu preferencia! Medidas: 27 cm di\u00e1metro x 21 cm altura Material: Barro","rel":"","context":"Entrada similar","img":{"alt_text":"","src":"https:\/\/i0.wp.com\/mygarden.mx\/wp-content\/uploads\/2021\/04\/Palomerabarro1.png?fit=1200%2C1200&ssl=1&resize=350%2C200","width":350,"height":200},"classes":[]},{"id":48,"url":"https:\/\/mygarden.mx\/index.php\/product\/diamante-barro\/","url_meta":{"origin":33,"position":5},"title":"Diamante Barro","date":"12 de abril de 2021","format":false,"excerpt":"Diamante \u00a1Selecciona el color de tu preferencia! Medidas: 20 cm di\u00e1metro x 17 cm altura Material: Barro","rel":"","context":"Entrada similar","img":{"alt_text":"","src":"https:\/\/i0.wp.com\/mygarden.mx\/wp-content\/uploads\/2021\/04\/Diamante-rojo-oxido.png?fit=1200%2C1200&ssl=1&resize=350%2C200","width":350,"height":200},"classes":[]}],"_links":{"self":[{"href":"https:\/\/mygarden.mx\/index.php\/wp-json\/wp\/v2\/product\/33"}],"collection":[{"href":"https:\/\/mygarden.mx\/index.php\/wp-json\/wp\/v2\/product"}],"about":[{"href":"https:\/\/mygarden.mx\/index.php\/wp-json\/wp\/v2\/types\/product"}],"replies":[{"embeddable":true,"href":"https:\/\/mygarden.mx\/index.php\/wp-json\/wp\/v2\/comments?post=33"}],"wp:featuredmedia":[{"embeddable":true,"href":"https:\/\/mygarden.mx\/index.php\/wp-json\/wp\/v2\/media\/34"}],"wp:attachment":[{"href":"https:\/\/mygarden.mx\/index.php\/wp-json\/wp\/v2\/media?parent=33"}],"wp:term":[{"taxonomy":"product_cat","embeddable":true,"href":"https:\/\/mygarden.mx\/index.php\/wp-json\/wp\/v2\/product_cat?post=33"},{"taxonomy":"product_tag","embeddable":true,"href":"https:\/\/mygarden.mx\/index.php\/wp-json\/wp\/v2\/product_tag?post=33"}],"curies":[{"name":"wp","href":"https:\/\/api.w.org\/{rel}","templated":true}]}}

<p>Cabeza Buda</p>
<p>¡Selecciona el color de tu preferencia!</p>
<p>Medidas: 12 cm diámetro x 19 cm altura</p>
<p>Material: Barro</p>

Cabeza Buda Cerámica

Cabeza Buda Color: Blanco Medidas: 12 cm diámetro x 19 cm altura Material: Cerámica

Cilindro Barro ¡Selecciona el color de tu preferencia! Medidas: 10.9 cm diámetro x 10.9 cm altura Material: Barro

Golf Barro ¡Selecciona el color de tu preferencia! Medidas: 13 cm diámetro x 14 cm altura Material: Barro

Palomera Barro ¡Selecciona el color de tu preferencia! Medidas: 27 cm diámetro x 21 cm altura Material: Barro

Diamante ¡Selecciona el color de tu preferencia! Medidas: 20 cm diámetro x 17 cm altura Material: Barro
