{"id":3514,"date":"2022-09-08T12:56:07","date_gmt":"2022-09-08T12:56:07","guid":{"rendered":"https:\/\/mygarden.mx\/?post_type=product&#038;p=3514"},"modified":"2022-09-08T12:56:08","modified_gmt":"2022-09-08T12:56:08","slug":"banquita-madera-chica","status":"publish","type":"product","link":"https:\/\/mygarden.mx\/index.php\/product\/banquita-madera-chica\/","title":{"rendered":"Banquita madera (chica)"},"content":{"rendered":"","protected":false},"excerpt":{"rendered":"","protected":false},"featured_media":3516,"comment_status":"open","ping_status":"closed","template":"","meta":{"om_disable_all_campaigns":false,"_monsterinsights_skip_tracking":false,"_monsterinsights_sitenote_active":false,"_monsterinsights_sitenote_note":"","_monsterinsights_sitenote_category":0,"spay_email":""},"product_cat":[38],"product_tag":[],"class_list":["post-3514","product","type-product","status-publish","has-post-thumbnail","hentry","product_cat-accesorios"],"jetpack-related-posts":[{"id":3286,"url":"https:\/\/mygarden.mx\/index.php\/product\/2-ninxs-con-banquita-de-madera\/","url_meta":{"origin":3514,"position":0},"title":"Set ni\u00f1xs con banquita de madera","date":"16 de junio de 2022","format":false,"excerpt":"2 ni\u00f1xs + banquita de madera \ud83d\udc9a Puedes personalizar el color de cada ni\u00f1x y combinarlos como m\u00e1s te gusten. Las macetas son de cer\u00e1mica y las planthijas que los acompa\u00f1an son ideales para interiores. Empieza ya tu familia de planthijas.","rel":"","context":"Entrada similar","img":{"alt_text":"Macetas ni\u00f1os con banca madera","src":"https:\/\/i0.wp.com\/mygarden.mx\/wp-content\/uploads\/2022\/06\/CD7E62F3-637A-4D87-804B-1CA05839FBFC.jpg?fit=675%2C1200&ssl=1&resize=350%2C200","width":350,"height":200},"classes":[]},{"id":3553,"url":"https:\/\/mygarden.mx\/index.php\/product\/promo-san-valentin-banquita-madera\/","url_meta":{"origin":3514,"position":1},"title":"Promo San Valent\u00edn + banquita madera","date":"24 de septiembre de 2022","format":false,"excerpt":"T\u00fa y tu amorcito \ud83e\udd70 Regala este set a esa persona especial y hazla feliz \ud83e\udeb4\ud83d\udc9a \u00a1Regala planthijas, regala vida! \ud83d\udc49\ud83c\udffb El set completo tiene un costo de 750 MXN e incluye: 2 humanitxs de cer\u00e1mica + 2 planthijas + banquito madera.","rel":"","context":"Entrada similar","img":{"alt_text":"Regalo San Valent\u00edn","src":"https:\/\/i0.wp.com\/mygarden.mx\/wp-content\/uploads\/2022\/09\/76878ed8-0429-4194-8b56-833c95b2bef4.jpg?fit=898%2C1200&ssl=1&resize=350%2C200","width":350,"height":200},"classes":[]},{"id":3276,"url":"https:\/\/mygarden.mx\/index.php\/product\/set-ninxs-con-banquita-ceramica\/","url_meta":{"origin":3514,"position":2},"title":"Set ni\u00f1xs con banquita cer\u00e1mica","date":"16 de junio de 2022","format":false,"excerpt":"Set ni\u00f1xs + banquita cer\u00e1mica. \ud83d\udc49 El set incluye 2 ni\u00f1xs de cer\u00e1mica con banquita del mismo material. Puedes personalizar el color a tu gusto.","rel":"","context":"Entrada similar","img":{"alt_text":"Mu\u00f1ecos cer\u00e1mica","src":"https:\/\/i0.wp.com\/mygarden.mx\/wp-content\/uploads\/2022\/06\/8F566EE1-1CFA-49DB-AB07-52FD004E8E5B.jpg?fit=675%2C1200&ssl=1&resize=350%2C200","width":350,"height":200},"classes":[]},{"id":2321,"url":"https:\/\/mygarden.mx\/index.php\/product\/promo-humanitxs-san-valentin\/","url_meta":{"origin":3514,"position":3},"title":"Promo humanitxs San Valent\u00edn","date":"24 de enero de 2022","format":false,"excerpt":"Dilo con planthijas... este 14 de febrero regala vida y haz feliz a esa persona especial. Los humanitxs son de las macetas m\u00e1s emblem\u00e1ticas de mygarden y en esta ocasi\u00f3n armamos este set para facilitarte la vida, ya que sabemos lo complicado que puede llegar a ser elegir un regalo.\u2026","rel":"","context":"Entrada similar","img":{"alt_text":"Humanitxs","src":"https:\/\/i0.wp.com\/mygarden.mx\/wp-content\/uploads\/2022\/01\/Diseno-sin-titulo-2.png?fit=1080%2C1080&ssl=1&resize=350%2C200","width":350,"height":200},"classes":[]},{"id":223,"url":"https:\/\/mygarden.mx\/index.php\/product\/baby-monstera\/","url_meta":{"origin":3514,"position":4},"title":"Baby Monstera","date":"13 de abril de 2021","format":false,"excerpt":"Tama\u00f1o: Chica Monstera deliciosa \ud83e\udd24 \ud83d\udc49Planthija conocida por sus grandes hojas con hendiduras que le ayudan a liberar estre\u0301s. Lo impresionante de esta planthija es que puede llevarla a casa cuando recie\u0301n es un tallo chico y verla crecer hasta convertirse en una gigante de metros de altura. Cuidados: \ud83c\udf24\u2026","rel":"","context":"Entrada similar","img":{"alt_text":"","src":"https:\/\/i0.wp.com\/mygarden.mx\/wp-content\/uploads\/2021\/04\/Baby-monstera1.png?fit=900%2C1200&ssl=1&resize=350%2C200","width":350,"height":200},"classes":[]},{"id":244,"url":"https:\/\/mygarden.mx\/index.php\/product\/humanitx-con-kiwi\/","url_meta":{"origin":3514,"position":5},"title":"Humanitx con Kiwi","date":"13 de abril de 2021","format":false,"excerpt":"Tama\u00f1o: Chica Humanitx con Kiwi \ud83e\udd5d El Kiwi es una planta suculenta de peque\u00f1o tama\u00f1o perfecta para interiores. Sus tonos rosas y amarillos hacen de ella una planta muy llamativa. Cuidados: \ud83d\udebf Regar cuando el sustrato est\u00e9 seco \u26c5 Necesita bastantes horas de luz, pero sin sol directo Tips: \ud83d\udca6El\u2026","rel":"","context":"Entrada similar","img":{"alt_text":"","src":"https:\/\/i0.wp.com\/mygarden.mx\/wp-content\/uploads\/2021\/04\/Humanitx-con-Kiwi.jpg?fit=1200%2C1200&ssl=1&resize=350%2C200","width":350,"height":200},"classes":[]}],"_links":{"self":[{"href":"https:\/\/mygarden.mx\/index.php\/wp-json\/wp\/v2\/product\/3514"}],"collection":[{"href":"https:\/\/mygarden.mx\/index.php\/wp-json\/wp\/v2\/product"}],"about":[{"href":"https:\/\/mygarden.mx\/index.php\/wp-json\/wp\/v2\/types\/product"}],"replies":[{"embeddable":true,"href":"https:\/\/mygarden.mx\/index.php\/wp-json\/wp\/v2\/comments?post=3514"}],"wp:featuredmedia":[{"embeddable":true,"href":"https:\/\/mygarden.mx\/index.php\/wp-json\/wp\/v2\/media\/3516"}],"wp:attachment":[{"href":"https:\/\/mygarden.mx\/index.php\/wp-json\/wp\/v2\/media?parent=3514"}],"wp:term":[{"taxonomy":"product_cat","embeddable":true,"href":"https:\/\/mygarden.mx\/index.php\/wp-json\/wp\/v2\/product_cat?post=3514"},{"taxonomy":"product_tag","embeddable":true,"href":"https:\/\/mygarden.mx\/index.php\/wp-json\/wp\/v2\/product_tag?post=3514"}],"curies":[{"name":"wp","href":"https:\/\/api.w.org\/{rel}","templated":true}]}}

Set niñxs con banquita de madera

2 niñxs + banquita de madera 💚 Puedes personalizar el color de cada niñx y combinarlos como más te gusten. Las macetas son de cerámica y las planthijas que los acompañan son ideales para interiores. Empieza ya tu familia de planthijas.

Macetas niños con banca madera

Promo San Valentín + banquita madera

Tú y tu amorcito 🥰 Regala este set a esa persona especial y hazla feliz 🪴💚 ¡Regala planthijas, regala vida! 👉🏻 El set completo tiene un costo de 750 MXN e incluye: 2 humanitxs de cerámica + 2 planthijas + banquito madera.

Regalo San Valentín

Set niñxs con banquita cerámica

Set niñxs + banquita cerámica. 👉 El set incluye 2 niñxs de cerámica con banquita del mismo material. Puedes personalizar el color a tu gusto.

Muñecos cerámica

Promo humanitxs San Valentín

Dilo con planthijas... este 14 de febrero regala vida y haz feliz a esa persona especial. Los humanitxs son de las macetas más emblemáticas de mygarden y en esta ocasión armamos este set para facilitarte la vida, ya que sabemos lo complicado que puede llegar a ser elegir un regalo.…

Tamaño: Chica Monstera deliciosa 🤤 👉Planthija conocida por sus grandes hojas con hendiduras que le ayudan a liberar estrés. Lo impresionante de esta planthija es que puede llevarla a casa cuando recién es un tallo chico y verla crecer hasta convertirse en una gigante de metros de altura. Cuidados: 🌤…

Tamaño: Chica Humanitx con Kiwi 🥝 El Kiwi es una planta suculenta de pequeño tamaño perfecta para interiores. Sus tonos rosas y amarillos hacen de ella una planta muy llamativa. Cuidados: 🚿 Regar cuando el sustrato esté seco ⛅ Necesita bastantes horas de luz, pero sin sol directo Tips: 💦El…
