{"id":4030,"date":"2023-05-30T22:02:34","date_gmt":"2023-05-30T22:02:34","guid":{"rendered":"https:\/\/mygarden.mx\/?post_type=product&#038;p=4030"},"modified":"2023-05-30T22:06:06","modified_gmt":"2023-05-30T22:06:06","slug":"elefante-de-ceramica","status":"publish","type":"product","link":"https:\/\/mygarden.mx\/index.php\/product\/elefante-de-ceramica\/","title":{"rendered":"Elefante de cer\u00e1mica"},"content":{"rendered":"<p>EL combo perfecto para alegrar sus vidas y sus hogares! \u00a1Presentamos la magn\u00edfica Aphelandra en una maceta de elefante!\ud83d\udc18<\/p>\n<p>\u00a1Imaginen esto, amigos! Una planta exuberante y colorida, rodeada por la majestuosidad de un elefante. Es como tener un safari en miniatura en su sala de estar.\ud83c\udf8b<\/p>\n<p>Y no se preocupen, la Aphelandra es una planta f\u00e1cil de cuidar. Incluso si tienen manos de jardinero inexperto, esta belleza tropical est\u00e1 dispuesta a perdonarles cualquier descuido. \u00a1Es como tener un elefante amigable que te da una segunda oportunidad!<\/p>\n<p>Un plus es que los elefantes son considerados s\u00edmbolos de prosperidad y fortuna! \u00bfPor qu\u00e9 conformarse con una simple planta cuando puedes tener una compa\u00f1era de suerte?\ud83c\udf40<\/p>\n","protected":false},"excerpt":{"rendered":"<p>EL combo perfecto para alegrar sus vidas y sus hogares! \u00a1Presentamos la magn\u00edfica Aphelandra en una maceta de elefante!\ud83d\udc18 \u00a1Imaginen esto, amigos! Una planta exuberante y colorida, rodeada por la majestuosidad de un elefante. Es como tener un safari en miniatura en su sala de estar.\ud83c\udf8b Y no se preocupen, la Aphelandra es una planta &hellip;<\/p>\n<p class=\"read-more\"> <a class=\"\" href=\"https:\/\/mygarden.mx\/index.php\/product\/elefante-de-ceramica\/\"> <span class=\"screen-reader-text\">Elefante de cer\u00e1mica<\/span> Leer m\u00e1s &raquo;<\/a><\/p>\n","protected":false},"featured_media":4034,"comment_status":"open","ping_status":"closed","template":"","meta":{"om_disable_all_campaigns":false,"_monsterinsights_skip_tracking":false,"_monsterinsights_sitenote_active":false,"_monsterinsights_sitenote_note":"","_monsterinsights_sitenote_category":0,"spay_email":""},"product_cat":[20],"product_tag":[32,48],"class_list":["post-4030","product","type-product","status-publish","has-post-thumbnail","hentry","product_cat-mediana-planthijamaceta","product_tag-ceramica","product_tag-elefeante"],"jetpack-related-posts":[{"id":3459,"url":"https:\/\/mygarden.mx\/index.php\/product\/humanitx-portacelular\/","url_meta":{"origin":4030,"position":0},"title":"Humanitx portacelular","date":"8 de septiembre de 2022","format":false,"excerpt":"El mejoooorrr porta celulares\ud83d\ude0d\ud83d\ude0d Los humanitxs llegaron ahora en forma de porta celular \u2728 y se ven lindisimos\ud83c\udf31. Sin duda es el integrante faltante en tu familia de plantitas. \ud83d\udc49\ud83c\udffb La planthija que lo acompa\u00f1a es una patita de elefante, ideal para interiores y aguanta la luz solar sin que\u2026","rel":"","context":"Entrada similar","img":{"alt_text":"Maceta humanito porta celular","src":"https:\/\/i0.wp.com\/mygarden.mx\/wp-content\/uploads\/2022\/09\/Humanitx-portacelular.jpeg?fit=975%2C1200&ssl=1&resize=350%2C200","width":350,"height":200},"classes":[]},{"id":461,"url":"https:\/\/mygarden.mx\/index.php\/product\/cabezota-con-peluca\/","url_meta":{"origin":4030,"position":1},"title":"Cabezota con \u00c1lamo","date":"13 de abril de 2021","format":false,"excerpt":"Tama\u00f1o: Mediana Mi amigx con peluca. \u00c1lamo\ud83c\udf31 \ud83d\udc49Planta de la familia de las suculentas, cabali\u0301stica por su amplio follaje que puede llegar a asemejar una peluca, de ahi\u0301 que muchos la conozcan como moneda. \ud83e\udd17 Cuidados: \ud83d\udebf Mantener la tierra siempre hu\u0301meda, OJO sin encharcarla. 2-3 veces por semana esta\u0301\u2026","rel":"","context":"Entrada similar","img":{"alt_text":"Cabezota con \u00e1lamo","src":"https:\/\/i0.wp.com\/mygarden.mx\/wp-content\/uploads\/2021\/09\/Alamo.jpg?fit=677%2C822&ssl=1&resize=350%2C200","width":350,"height":200},"classes":[]},{"id":150,"url":"https:\/\/mygarden.mx\/index.php\/product\/cabeza-de-buda-con-peluca\/","url_meta":{"origin":4030,"position":2},"title":"Cabeza de Buda con peluca","date":"12 de abril de 2021","format":false,"excerpt":"Tama\u00f1o: Chica Mi amigx con peluca. (Callisia Repens) \ud83c\udf31 \ud83d\udc49Planta de la familia de las suculentas, cabali\u0301stica por su amplio follaje que puede llegar a asemejar una peluca, de ahi\u0301 que muchos la conozcan como Peluca. \ud83e\udd17 Cuidados: \ud83d\udebf Mantener la tierra siempre hu\u0301meda, OJO sin encharcarla. 2-3 veces por\u2026","rel":"","context":"Con 2 comentarios","img":{"alt_text":"","src":"https:\/\/i0.wp.com\/mygarden.mx\/wp-content\/uploads\/2021\/04\/Cabezota-con-peluca-cabeza-de-buda-con-hierba-de-la-calentura.jpg?fit=931%2C1158&ssl=1&resize=350%2C200","width":350,"height":200},"classes":[]},{"id":3239,"url":"https:\/\/mygarden.mx\/index.php\/product\/alcatraz-negro-en-bule-de-ceramica\/","url_meta":{"origin":4030,"position":3},"title":"Alcatraz negro en bule de cer\u00e1mica","date":"16 de junio de 2022","format":false,"excerpt":"Los alcatraces negros son originarios de Chilangolandia, as\u00ed como todos los dem\u00e1s colores. Cuidados: \ud83d\udebf Mantener la tierra siempre hu\u0301meda, OJO sin encharcarla. 2-3 veces por semana esta\u0301 perfecto. \u26c5\ufe0f Semisombra, que puedan recibir de forma indirecta los rayos del sol Tips: \ud83d\ude37\u00a0 NO debe exponerse a fuertes vientos, los\u2026","rel":"","context":"Entrada similar","img":{"alt_text":"Alcatraz negro","src":"https:\/\/i0.wp.com\/mygarden.mx\/wp-content\/uploads\/2022\/06\/IMG_3247-scaled.jpg?fit=584%2C1200&ssl=1&resize=350%2C200","width":350,"height":200},"classes":[]},{"id":247,"url":"https:\/\/mygarden.mx\/index.php\/product\/set-aromatico\/","url_meta":{"origin":4030,"position":4},"title":"Set Arom\u00e1tico","date":"13 de abril de 2021","format":false,"excerpt":"Set de plantas aroma\u0301ticas \ud83c\udf31 Menta | Hierbabuena | Ruda | Manzanilla | Romero | Lavanda | Or\u00e9gano | Tomillo | Albahaca | Toronjil | Mejorana | Ceboll\u00edn | Cedr\u00f3n | Hinojo \ud83d\udc49 Ideal para aquellas personas que gustan de lo natural, pues este set de planthijas le da un\u2026","rel":"","context":"Entrada similar","img":{"alt_text":"","src":"https:\/\/i0.wp.com\/mygarden.mx\/wp-content\/uploads\/2021\/04\/Set-aromatico-blanco.jpg?fit=750%2C742&ssl=1&resize=350%2C200","width":350,"height":200},"classes":[]},{"id":244,"url":"https:\/\/mygarden.mx\/index.php\/product\/humanitx-con-kiwi\/","url_meta":{"origin":4030,"position":5},"title":"Humanitx con Kiwi","date":"13 de abril de 2021","format":false,"excerpt":"Tama\u00f1o: Chica Humanitx con Kiwi \ud83e\udd5d El Kiwi es una planta suculenta de peque\u00f1o tama\u00f1o perfecta para interiores. Sus tonos rosas y amarillos hacen de ella una planta muy llamativa. Cuidados: \ud83d\udebf Regar cuando el sustrato est\u00e9 seco \u26c5 Necesita bastantes horas de luz, pero sin sol directo Tips: \ud83d\udca6El\u2026","rel":"","context":"Entrada similar","img":{"alt_text":"","src":"https:\/\/i0.wp.com\/mygarden.mx\/wp-content\/uploads\/2021\/04\/Humanitx-con-Kiwi.jpg?fit=1200%2C1200&ssl=1&resize=350%2C200","width":350,"height":200},"classes":[]}],"_links":{"self":[{"href":"https:\/\/mygarden.mx\/index.php\/wp-json\/wp\/v2\/product\/4030"}],"collection":[{"href":"https:\/\/mygarden.mx\/index.php\/wp-json\/wp\/v2\/product"}],"about":[{"href":"https:\/\/mygarden.mx\/index.php\/wp-json\/wp\/v2\/types\/product"}],"replies":[{"embeddable":true,"href":"https:\/\/mygarden.mx\/index.php\/wp-json\/wp\/v2\/comments?post=4030"}],"wp:featuredmedia":[{"embeddable":true,"href":"https:\/\/mygarden.mx\/index.php\/wp-json\/wp\/v2\/media\/4034"}],"wp:attachment":[{"href":"https:\/\/mygarden.mx\/index.php\/wp-json\/wp\/v2\/media?parent=4030"}],"wp:term":[{"taxonomy":"product_cat","embeddable":true,"href":"https:\/\/mygarden.mx\/index.php\/wp-json\/wp\/v2\/product_cat?post=4030"},{"taxonomy":"product_tag","embeddable":true,"href":"https:\/\/mygarden.mx\/index.php\/wp-json\/wp\/v2\/product_tag?post=4030"}],"curies":[{"name":"wp","href":"https:\/\/api.w.org\/{rel}","templated":true}]}}

Elefante de cerámica

<p>EL combo perfecto para alegrar sus vidas y sus hogares! ¡Presentamos la magnífica Aphelandra en una maceta de elefante!🐘</p>
<p>¡Imaginen esto, amigos! Una planta exuberante y colorida, rodeada por la majestuosidad de un elefante. Es como tener un safari en miniatura en su sala de estar.🎋</p>
<p>Y no se preocupen, la Aphelandra es una planta fácil de cuidar. Incluso si tienen manos de jardinero inexperto, esta belleza tropical está dispuesta a perdonarles cualquier descuido. ¡Es como tener un elefante amigable que te da una segunda oportunidad!</p>
<p>Un plus es que los elefantes son considerados símbolos de prosperidad y fortuna! ¿Por qué conformarse con una simple planta cuando puedes tener una compañera de suerte?🍀</p>

<p>EL combo perfecto para alegrar sus vidas y sus hogares! ¡Presentamos la magnífica Aphelandra en una maceta de elefante!🐘 ¡Imaginen esto, amigos! Una planta exuberante y colorida, rodeada por la majestuosidad de un elefante. Es como tener un safari en miniatura en su sala de estar.🎋 Y no se preocupen, la Aphelandra es una planta &hellip;</p>
<p class="read-more"> <a class="" href="https://mygarden.mx/index.php/product/elefante-de-ceramica/"> <span class="screen-reader-text">Elefante de cerámica</span> Leer más &raquo;</a></p>

El mejoooorrr porta celulares😍😍 Los humanitxs llegaron ahora en forma de porta celular ✨ y se ven lindisimos🌱. Sin duda es el integrante faltante en tu familia de plantitas. 👉🏻 La planthija que lo acompaña es una patita de elefante, ideal para interiores y aguanta la luz solar sin que…

Cabezota con Álamo

Tamaño: Mediana Mi amigx con peluca. Álamo🌱 👉Planta de la familia de las suculentas, cabalística por su amplio follaje que puede llegar a asemejar una peluca, de ahí que muchos la conozcan como moneda. 🤗 Cuidados: 🚿 Mantener la tierra siempre húmeda, OJO sin encharcarla. 2-3 veces por semana está…

Cabezota con álamo

Tamaño: Chica Mi amigx con peluca. (Callisia Repens) 🌱 👉Planta de la familia de las suculentas, cabalística por su amplio follaje que puede llegar a asemejar una peluca, de ahí que muchos la conozcan como Peluca. 🤗 Cuidados: 🚿 Mantener la tierra siempre húmeda, OJO sin encharcarla. 2-3 veces por…

Alcatraz negro en bule de cerámica

Los alcatraces negros son originarios de Chilangolandia, así como todos los demás colores. Cuidados: 🚿 Mantener la tierra siempre húmeda, OJO sin encharcarla. 2-3 veces por semana está perfecto. ⛅️ Semisombra, que puedan recibir de forma indirecta los rayos del sol Tips: 😷  NO debe exponerse a fuertes vientos, los…

Set Aromático

Set de plantas aromáticas 🌱 Menta | Hierbabuena | Ruda | Manzanilla | Romero | Lavanda | Orégano | Tomillo | Albahaca | Toronjil | Mejorana | Cebollín | Cedrón | Hinojo 👉 Ideal para aquellas personas que gustan de lo natural, pues este set de planthijas le da un…

Tamaño: Chica Humanitx con Kiwi 🥝 El Kiwi es una planta suculenta de pequeño tamaño perfecta para interiores. Sus tonos rosas y amarillos hacen de ella una planta muy llamativa. Cuidados: 🚿 Regar cuando el sustrato esté seco ⛅ Necesita bastantes horas de luz, pero sin sol directo Tips: 💦El…
