{"id":4044,"date":"2023-06-01T04:04:51","date_gmt":"2023-06-01T04:04:51","guid":{"rendered":"https:\/\/mygarden.mx\/?post_type=product&#038;p=4044"},"modified":"2025-04-22T22:47:53","modified_gmt":"2025-04-22T22:47:53","slug":"cabeza-de-buda-con-helecho-nido","status":"publish","type":"product","link":"https:\/\/mygarden.mx\/index.php\/product\/cabeza-de-buda-con-helecho-nido\/","title":{"rendered":"Cabeza de Buda con helecho nido"},"content":{"rendered":"","protected":false},"excerpt":{"rendered":"","protected":false},"featured_media":4046,"comment_status":"open","ping_status":"closed","template":"","meta":{"om_disable_all_campaigns":false,"_monsterinsights_skip_tracking":false,"_monsterinsights_sitenote_active":false,"_monsterinsights_sitenote_note":"","_monsterinsights_sitenote_category":0,"spay_email":""},"product_cat":[20],"product_tag":[49,32],"class_list":["post-4044","product","type-product","status-publish","has-post-thumbnail","hentry","product_cat-mediana-planthijamaceta","product_tag-buda","product_tag-ceramica"],"jetpack-related-posts":[{"id":4101,"url":"https:\/\/mygarden.mx\/index.php\/product\/cabeza-de-buda-2\/","url_meta":{"origin":4044,"position":0},"title":"Cabeza de Buda 2","date":"9 de junio de 2023","format":false,"excerpt":"Llegaron las nuevas caras de mygarden para hacer m\u00e1s grande tu colecci\u00f3n. La maceta \u00abCabeza de Buda 2\u00bb es de las nuevas integrantes de la colecci\u00f3n de cabezas que manejamos y que adem\u00e1s, son de sus macetas favoritas. Es de cer\u00e1mica esmaltada por dentro y por fuera. La puedes pedir\u2026","rel":"","context":"Entrada similar","img":{"alt_text":"Maceta cabeza de Buda","src":"https:\/\/i0.wp.com\/mygarden.mx\/wp-content\/uploads\/2023\/06\/4.png?fit=1200%2C1200&ssl=1&resize=350%2C200","width":350,"height":200},"classes":[]},{"id":33,"url":"https:\/\/mygarden.mx\/index.php\/product\/cabeza-buda\/","url_meta":{"origin":4044,"position":1},"title":"Cabeza Buda","date":"12 de abril de 2021","format":false,"excerpt":"Cabeza Buda \u00a1Selecciona el color de tu preferencia! Medidas: 12 cm di\u00e1metro x 19 cm altura Material: Barro","rel":"","context":"Entrada similar","img":{"alt_text":"","src":"https:\/\/i0.wp.com\/mygarden.mx\/wp-content\/uploads\/2021\/04\/Cabeza-de-buda-barro1.png?fit=1200%2C1200&ssl=1&resize=350%2C200","width":350,"height":200},"classes":[]},{"id":37,"url":"https:\/\/mygarden.mx\/index.php\/product\/cabeza-buda-ceramica\/","url_meta":{"origin":4044,"position":2},"title":"Cabeza Buda Cer\u00e1mica","date":"12 de abril de 2021","format":false,"excerpt":"Cabeza Buda Color: Blanco Medidas: 12 cm di\u00e1metro x 19 cm altura Material: Cer\u00e1mica","rel":"","context":"Entrada similar","img":{"alt_text":"","src":"https:\/\/i0.wp.com\/mygarden.mx\/wp-content\/uploads\/2021\/04\/Cabeza-de-buda-ceramica.png?fit=900%2C1200&ssl=1&resize=350%2C200","width":350,"height":200},"classes":[]},{"id":150,"url":"https:\/\/mygarden.mx\/index.php\/product\/cabeza-de-buda-con-peluca\/","url_meta":{"origin":4044,"position":3},"title":"Cabeza de Buda con peluca","date":"12 de abril de 2021","format":false,"excerpt":"Tama\u00f1o: Chica Mi amigx con peluca. (Callisia Repens) \ud83c\udf31 \ud83d\udc49Planta de la familia de las suculentas, cabali\u0301stica por su amplio follaje que puede llegar a asemejar una peluca, de ahi\u0301 que muchos la conozcan como Peluca. \ud83e\udd17 Cuidados: \ud83d\udebf Mantener la tierra siempre hu\u0301meda, OJO sin encharcarla. 2-3 veces por\u2026","rel":"","context":"Con 2 comentarios","img":{"alt_text":"","src":"https:\/\/i0.wp.com\/mygarden.mx\/wp-content\/uploads\/2021\/04\/Cabezota-con-peluca-cabeza-de-buda-con-hierba-de-la-calentura.jpg?fit=931%2C1158&ssl=1&resize=350%2C200","width":350,"height":200},"classes":[]},{"id":146,"url":"https:\/\/mygarden.mx\/index.php\/product\/cabeza-de-buda-con-hierba-de-la-calentura\/","url_meta":{"origin":4044,"position":4},"title":"Cabeza de Buda con hierba de la calentura","date":"12 de abril de 2021","format":false,"excerpt":"Tama\u00f1o: Chica Hierba de la calentura \ud83d\udd25 \ud83d\udc49Esta planthija caracterizada por tener un tono su\u0301per vivaz le dara\u0301 color a cualquier pasillo, ventana o esquina en la que se encuentre, no pasara\u0301 desapercibida. Cuidados: \ud83d\udebf Cada 2 a 3 di\u0301as, no es conveniente rociar las hojas. \u2600\ufe0f Lo ido\u0301neo es\u2026","rel":"","context":"Entrada similar","img":{"alt_text":"","src":"https:\/\/i0.wp.com\/mygarden.mx\/wp-content\/uploads\/2021\/04\/Cabeza-de-Buda-con-Hierba-de-la-calentura.jpg?fit=750%2C745&ssl=1&resize=350%2C200","width":350,"height":200},"classes":[]},{"id":260,"url":"https:\/\/mygarden.mx\/index.php\/product\/helecho-chino\/","url_meta":{"origin":4044,"position":5},"title":"Helecho Chino","date":"13 de abril de 2021","format":false,"excerpt":"","rel":"","context":"Entrada similar","img":{"alt_text":"","src":"https:\/\/i0.wp.com\/mygarden.mx\/wp-content\/uploads\/2021\/04\/Helechochino1.png?fit=900%2C1200&ssl=1&resize=350%2C200","width":350,"height":200},"classes":[]}],"_links":{"self":[{"href":"https:\/\/mygarden.mx\/index.php\/wp-json\/wp\/v2\/product\/4044"}],"collection":[{"href":"https:\/\/mygarden.mx\/index.php\/wp-json\/wp\/v2\/product"}],"about":[{"href":"https:\/\/mygarden.mx\/index.php\/wp-json\/wp\/v2\/types\/product"}],"replies":[{"embeddable":true,"href":"https:\/\/mygarden.mx\/index.php\/wp-json\/wp\/v2\/comments?post=4044"}],"wp:featuredmedia":[{"embeddable":true,"href":"https:\/\/mygarden.mx\/index.php\/wp-json\/wp\/v2\/media\/4046"}],"wp:attachment":[{"href":"https:\/\/mygarden.mx\/index.php\/wp-json\/wp\/v2\/media?parent=4044"}],"wp:term":[{"taxonomy":"product_cat","embeddable":true,"href":"https:\/\/mygarden.mx\/index.php\/wp-json\/wp\/v2\/product_cat?post=4044"},{"taxonomy":"product_tag","embeddable":true,"href":"https:\/\/mygarden.mx\/index.php\/wp-json\/wp\/v2\/product_tag?post=4044"}],"curies":[{"name":"wp","href":"https:\/\/api.w.org\/{rel}","templated":true}]}}

Llegaron las nuevas caras de mygarden para hacer más grande tu colección. La maceta «Cabeza de Buda 2» es de las nuevas integrantes de la colección de cabezas que manejamos y que además, son de sus macetas favoritas. Es de cerámica esmaltada por dentro y por fuera. La puedes pedir…

Cabeza Buda ¡Selecciona el color de tu preferencia! Medidas: 12 cm diámetro x 19 cm altura Material: Barro

Cabeza Buda Cerámica

Cabeza Buda Color: Blanco Medidas: 12 cm diámetro x 19 cm altura Material: Cerámica

Tamaño: Chica Mi amigx con peluca. (Callisia Repens) 🌱 👉Planta de la familia de las suculentas, cabalística por su amplio follaje que puede llegar a asemejar una peluca, de ahí que muchos la conozcan como Peluca. 🤗 Cuidados: 🚿 Mantener la tierra siempre húmeda, OJO sin encharcarla. 2-3 veces por…

Tamaño: Chica Hierba de la calentura 🔥 👉Esta planthija caracterizada por tener un tono súper vivaz le dará color a cualquier pasillo, ventana o esquina en la que se encuentre, no pasará desapercibida. Cuidados: 🚿 Cada 2 a 3 días, no es conveniente rociar las hojas. ☀️ Lo idóneo es…
