{"id":4099,"date":"2023-06-09T15:10:48","date_gmt":"2023-06-09T15:10:48","guid":{"rendered":"https:\/\/mygarden.mx\/?post_type=product&#038;p=4099"},"modified":"2024-09-21T22:18:23","modified_gmt":"2024-09-21T22:18:23","slug":"maceta-gatito","status":"publish","type":"product","link":"https:\/\/mygarden.mx\/index.php\/product\/maceta-gatito\/","title":{"rendered":"Maceta \u00abGatito\u00bb"},"content":{"rendered":"","protected":false},"excerpt":{"rendered":"<p>Llegaron las nuevas caras de mygarden para hacer m\u00e1s grande tu colecci\u00f3n<span class=\"fe5nidar khvhiq1o r5qsrrlp i5tg98hk f9ovudaz przvwfww gx1rr48f gfz4du6o r7fjleex nz2484kf svot0ezm dcnh1tix sxl192xd t3g6t33p\"><span class=\"mpj7bzys xzlurrtv\"><img decoding=\"async\" class=\"emoji jetpack-lazy-image jetpack-lazy-image--handled\" role=\"img\" draggable=\"false\" src=\"https:\/\/s.w.org\/images\/core\/emoji\/13.1.0\/svg\/1f92a.svg\" alt=\"\ud83e\udd2a\" data-lazy-loaded=\"1\" \/>.<\/span><\/span><\/p>\n<p>La maceta \u00abGatito\u00bb es de las nuevas integrantes de la colecci\u00f3n de cabezas que manejamos y que adem\u00e1s, son de sus macetas favoritas.<\/p>\n<p>Es de cer\u00e1mica esmaltada por dentro y por fuera. La puedes pedir sin hoyito de drenaje y usarla como florero o, pedirla con hoyito de drenaje y darle un nuevo hogar a tu planthija favorita.<\/p>\n<div id=\"jp-relatedposts\" class=\"jp-relatedposts\">*Los colores y dise\u00f1o del gatito pueden cambiar<\/div>\n","protected":false},"featured_media":4058,"comment_status":"open","ping_status":"closed","template":"","meta":{"om_disable_all_campaigns":false,"_monsterinsights_skip_tracking":false,"_monsterinsights_sitenote_active":false,"_monsterinsights_sitenote_note":"","_monsterinsights_sitenote_category":0,"spay_email":""},"product_cat":[16],"product_tag":[32,52,51],"class_list":["post-4099","product","type-product","status-publish","has-post-thumbnail","hentry","product_cat-macetas","product_tag-ceramica","product_tag-gato","product_tag-maceta-gato"],"jetpack-related-posts":[{"id":4098,"url":"https:\/\/mygarden.mx\/index.php\/product\/maceta-chicles\/","url_meta":{"origin":4099,"position":0},"title":"Maceta \u00abChicles\u00bb","date":"9 de junio de 2023","format":false,"excerpt":"Llegaron las nuevas caras de mygarden para hacer m\u00e1s grande tu colecci\u00f3n. La maceta \u00abChicles\u00bb es de las nuevas integrantes de la colecci\u00f3n de cabezas que manejamos y que adem\u00e1s, son de sus macetas favoritas. Es de cer\u00e1mica esmaltada por dentro y por fuera. La puedes pedir sin hoyito de\u2026","rel":"","context":"Entrada similar","img":{"alt_text":"Maceta chicle","src":"https:\/\/i0.wp.com\/mygarden.mx\/wp-content\/uploads\/2023\/06\/6.png?fit=1200%2C1200&ssl=1&resize=350%2C200","width":350,"height":200},"classes":[]},{"id":4100,"url":"https:\/\/mygarden.mx\/index.php\/product\/maceta-payasito\/","url_meta":{"origin":4099,"position":1},"title":"Maceta \u00abPayasito\u00bb","date":"9 de junio de 2023","format":false,"excerpt":"Llegaron las nuevas caras de mygarden para hacer m\u00e1s grande tu colecci\u00f3n. La maceta \u00abPayasito\u00bb es de las nuevas integrantes de la colecci\u00f3n de cabezas que manejamos y que adem\u00e1s, son de sus macetas favoritas. Es de cer\u00e1mica esmaltada por dentro y por fuera. La puedes pedir sin hoyito de\u2026","rel":"","context":"Entrada similar","img":{"alt_text":"Maceta payaso","src":"https:\/\/i0.wp.com\/mygarden.mx\/wp-content\/uploads\/2023\/06\/5.png?fit=1200%2C1200&ssl=1&resize=350%2C200","width":350,"height":200},"classes":[]},{"id":3432,"url":"https:\/\/mygarden.mx\/index.php\/product\/maceta-jetotas\/","url_meta":{"origin":4099,"position":2},"title":"Maceta \u00abJetotas\u00bb","date":"24 de agosto de 2022","format":false,"excerpt":"Llegaron nuevas macetas a mygarden para hacer m\u00e1s grande tu colecci\u00f3n de cabezotas\ud83e\udd2a. La maceta \"Jetotas\" es la nueva integrante de la colecci\u00f3n de cabezas que manejamos y que adem\u00e1s, son de sus macetas favoritas, Es de cer\u00e1mica y est\u00e1 esmaltada por dentro y por fuera. La puedes pedir sin\u2026","rel":"","context":"Entrada similar","img":{"alt_text":"Maceta jetotas","src":"https:\/\/i0.wp.com\/mygarden.mx\/wp-content\/uploads\/2023\/06\/3.png?fit=1200%2C1200&ssl=1&resize=350%2C200","width":350,"height":200},"classes":[]},{"id":4101,"url":"https:\/\/mygarden.mx\/index.php\/product\/cabeza-de-buda-2\/","url_meta":{"origin":4099,"position":3},"title":"Cabeza de Buda 2","date":"9 de junio de 2023","format":false,"excerpt":"Llegaron las nuevas caras de mygarden para hacer m\u00e1s grande tu colecci\u00f3n. La maceta \u00abCabeza de Buda 2\u00bb es de las nuevas integrantes de la colecci\u00f3n de cabezas que manejamos y que adem\u00e1s, son de sus macetas favoritas. Es de cer\u00e1mica esmaltada por dentro y por fuera. La puedes pedir\u2026","rel":"","context":"Entrada similar","img":{"alt_text":"Maceta cabeza de Buda","src":"https:\/\/i0.wp.com\/mygarden.mx\/wp-content\/uploads\/2023\/06\/4.png?fit=1200%2C1200&ssl=1&resize=350%2C200","width":350,"height":200},"classes":[]},{"id":3420,"url":"https:\/\/mygarden.mx\/index.php\/product\/orquida-con-jetotas\/","url_meta":{"origin":4099,"position":4},"title":"Orqu\u00eddea con Jetotas","date":"23 de agosto de 2022","format":false,"excerpt":"Las orqu\u00eddeas llegaron a mygarden para sumar un miembro m\u00e1s a tu familia de\u00a0#planthijas \ud83d\udc9a. Y ya que las macetas en forma de cabeza son de sus favoritas, decidimos lanzarlas acompa\u00f1adas de nuestra nueva maceta \u201cjetotas\u201d. \u00a1Pide las tuyas antes de que vuelen! \ud83d\udc49 En la secci\u00f3n de comentarios, puedes\u2026","rel":"","context":"Entrada similar","img":{"alt_text":"Orqu\u00eddea en maceta forma cara","src":"https:\/\/i0.wp.com\/mygarden.mx\/wp-content\/uploads\/2022\/08\/Jetotas-con-orquidea.jpeg?fit=900%2C1200&ssl=1&resize=350%2C200","width":350,"height":200},"classes":[]},{"id":3522,"url":"https:\/\/mygarden.mx\/index.php\/product\/jetotas-con-esqueleto\/","url_meta":{"origin":4099,"position":5},"title":"\u00abJetotas\u00bb con esqueleto","date":"12 de septiembre de 2022","format":false,"excerpt":"Maceta \u201cJetotas\u201d con Monstera Andasonii aka esqueleto\ud83c\udf31 planthija colgante ideal para interiores. La maceta es de la nueva colecci\u00f3n de mygarden y sin duda es lo que hace falta para darle un toque m\u00e1s cool a tu espacio \ud83d\udc9a. \ud83d\udc49\ud83c\udffb Por lanzamiento tiene un costo de 550 MXN (precio normal\u2026","rel":"","context":"Entrada similar","img":{"alt_text":"Maceta rostro","src":"https:\/\/i0.wp.com\/mygarden.mx\/wp-content\/uploads\/2022\/09\/Maceta-jetotas-con-monstera-andasonii.jpeg?fit=900%2C1200&ssl=1&resize=350%2C200","width":350,"height":200},"classes":[]}],"_links":{"self":[{"href":"https:\/\/mygarden.mx\/index.php\/wp-json\/wp\/v2\/product\/4099"}],"collection":[{"href":"https:\/\/mygarden.mx\/index.php\/wp-json\/wp\/v2\/product"}],"about":[{"href":"https:\/\/mygarden.mx\/index.php\/wp-json\/wp\/v2\/types\/product"}],"replies":[{"embeddable":true,"href":"https:\/\/mygarden.mx\/index.php\/wp-json\/wp\/v2\/comments?post=4099"}],"wp:featuredmedia":[{"embeddable":true,"href":"https:\/\/mygarden.mx\/index.php\/wp-json\/wp\/v2\/media\/4058"}],"wp:attachment":[{"href":"https:\/\/mygarden.mx\/index.php\/wp-json\/wp\/v2\/media?parent=4099"}],"wp:term":[{"taxonomy":"product_cat","embeddable":true,"href":"https:\/\/mygarden.mx\/index.php\/wp-json\/wp\/v2\/product_cat?post=4099"},{"taxonomy":"product_tag","embeddable":true,"href":"https:\/\/mygarden.mx\/index.php\/wp-json\/wp\/v2\/product_tag?post=4099"}],"curies":[{"name":"wp","href":"https:\/\/api.w.org\/{rel}","templated":true}]}}

<p>Llegaron las nuevas caras de mygarden para hacer más grande tu colección<span class="fe5nidar khvhiq1o r5qsrrlp i5tg98hk f9ovudaz przvwfww gx1rr48f gfz4du6o r7fjleex nz2484kf svot0ezm dcnh1tix sxl192xd t3g6t33p"><span class="mpj7bzys xzlurrtv"><img decoding="async" class="emoji jetpack-lazy-image jetpack-lazy-image--handled" role="img" draggable="false" src="https://s.w.org/images/core/emoji/13.1.0/svg/1f92a.svg" alt="🤪" data-lazy-loaded="1" />.</span></span></p>
<p>La maceta «Gatito» es de las nuevas integrantes de la colección de cabezas que manejamos y que además, son de sus macetas favoritas.</p>
<p>Es de cerámica esmaltada por dentro y por fuera. La puedes pedir sin hoyito de drenaje y usarla como florero o, pedirla con hoyito de drenaje y darle un nuevo hogar a tu planthija favorita.</p>
<div id="jp-relatedposts" class="jp-relatedposts">*Los colores y diseño del gatito pueden cambiar</div>

Llegaron las nuevas caras de mygarden para hacer más grande tu colección. La maceta «Chicles» es de las nuevas integrantes de la colección de cabezas que manejamos y que además, son de sus macetas favoritas. Es de cerámica esmaltada por dentro y por fuera. La puedes pedir sin hoyito de…

Llegaron las nuevas caras de mygarden para hacer más grande tu colección. La maceta «Payasito» es de las nuevas integrantes de la colección de cabezas que manejamos y que además, son de sus macetas favoritas. Es de cerámica esmaltada por dentro y por fuera. La puedes pedir sin hoyito de…

Llegaron nuevas macetas a mygarden para hacer más grande tu colección de cabezotas🤪. La maceta "Jetotas" es la nueva integrante de la colección de cabezas que manejamos y que además, son de sus macetas favoritas, Es de cerámica y está esmaltada por dentro y por fuera. La puedes pedir sin…

Llegaron las nuevas caras de mygarden para hacer más grande tu colección. La maceta «Cabeza de Buda 2» es de las nuevas integrantes de la colección de cabezas que manejamos y que además, son de sus macetas favoritas. Es de cerámica esmaltada por dentro y por fuera. La puedes pedir…

Orquídea con Jetotas

Las orquídeas llegaron a mygarden para sumar un miembro más a tu familia de #planthijas 💚. Y ya que las macetas en forma de cabeza son de sus favoritas, decidimos lanzarlas acompañadas de nuestra nueva maceta “jetotas”. ¡Pide las tuyas antes de que vuelen! 👉 En la sección de comentarios, puedes…

Orquídea en maceta forma cara

Maceta “Jetotas” con Monstera Andasonii aka esqueleto🌱 planthija colgante ideal para interiores. La maceta es de la nueva colección de mygarden y sin duda es lo que hace falta para darle un toque más cool a tu espacio 💚. 👉🏻 Por lanzamiento tiene un costo de 550 MXN (precio normal…
