{"id":458,"date":"2021-04-13T19:13:53","date_gmt":"2021-04-13T19:13:53","guid":{"rendered":"https:\/\/mygarden.mx\/?post_type=product&#038;p=458"},"modified":"2023-04-25T05:44:23","modified_gmt":"2023-04-25T05:44:23","slug":"cabezota-con-palo-de-brasil-2","status":"publish","type":"product","link":"https:\/\/mygarden.mx\/index.php\/product\/cabezota-con-palo-de-brasil-2\/","title":{"rendered":"Cabezota con Palo de Brasil"},"content":{"rendered":"","protected":false},"excerpt":{"rendered":"<p>Tama\u00f1o: Mediana<\/p>\n<p>Cabezota con Palo de Brasil \ud83c\udf31<\/p>\n<p>Planthija tanto de interiores como exteriores, es fa\u0301cil de cuidar y adema\u0301s de tiene la propiedad de absorber la humedad del ambiente para limpiar el aire, por lo que resulta beneficiosa para la salud.<\/p>\n<p>Cuidados:<\/p>\n<p>\ud83d\udebf La frecuencia de riego depende en gran medida del ambiente donde se encuentre la planta. La recomendacio\u0301n es hacerlo cuando el sustrato donde se encuentre este casi seco<\/p>\n<p>\u26c5\ufe0f Planthija ideal para cualquier ambiente, evitando la exposicio\u0301n directa al sol<\/p>\n<p>Tips:<\/p>\n<p>\ud83d\ude37 Le sienta mal las corrientes de aire y los cambios bruscos de temperatura di\u0301a-noche.<\/p>\n<p>Maceta: Barro<\/p>\n<p>&nbsp;<\/p>\n<p>&nbsp;<\/p>\n","protected":false},"featured_media":783,"comment_status":"open","ping_status":"closed","template":"","meta":{"om_disable_all_campaigns":false,"_monsterinsights_skip_tracking":false,"_monsterinsights_sitenote_active":false,"_monsterinsights_sitenote_note":"","_monsterinsights_sitenote_category":0,"spay_email":""},"product_cat":[20],"product_tag":[],"class_list":["post-458","product","type-product","status-publish","has-post-thumbnail","hentry","product_cat-mediana-planthijamaceta"],"jetpack-related-posts":[{"id":464,"url":"https:\/\/mygarden.mx\/index.php\/product\/cabezota-con-telefono\/","url_meta":{"origin":458,"position":0},"title":"Cabezota con Tel\u00e9fono","date":"13 de abril de 2021","format":false,"excerpt":"Tama\u00f1o: Mediana Cabezota con tel\u00e9fono (Potus) \ud83d\udcde \ud83d\udc49 Planthija colgante eficaz contra la contaminaci\u00f3n ambiental en interiores ya que ayuda a purificar el ambiente. Cuidados: \ud83d\udebf Regar solo cuando el sustrato est\u00e9 seco. \u2600\ufe0f Luz media indirecta; tolera una luminosidad intensa, pero largos periodos de luz solar directa queman las\u2026","rel":"","context":"Entrada similar","img":{"alt_text":"","src":"https:\/\/i0.wp.com\/mygarden.mx\/wp-content\/uploads\/2021\/04\/IMG_1762.png?fit=1080%2C1080&ssl=1&resize=350%2C200","width":350,"height":200},"classes":[]},{"id":1019,"url":"https:\/\/mygarden.mx\/index.php\/product\/cabezota-con-esqueleto\/","url_meta":{"origin":458,"position":1},"title":"Cabezota con esqueleto","date":"6 de octubre de 2021","format":false,"excerpt":"Esqueleto o Monstera Adansonii\ud83d\udc80 \u00a0","rel":"","context":"Entrada similar","img":{"alt_text":"Cabezota con Monstera","src":"https:\/\/i0.wp.com\/mygarden.mx\/wp-content\/uploads\/2021\/10\/2.jpg?fit=888%2C1024&ssl=1&resize=350%2C200","width":350,"height":200},"classes":[]},{"id":2968,"url":"https:\/\/mygarden.mx\/index.php\/product\/promocion-cabezotas-2\/","url_meta":{"origin":458,"position":2},"title":"Promoci\u00f3n cabezotas","date":"15 de marzo de 2022","format":false,"excerpt":"\u00a1Plantlovers! Estamos s\u00faper felices porque por primera vez traemos esta incre\u00edble #promoci\u00f3n\u00a0para ustedes \ud83d\udc9a y es que sabemos que la cabezota es la maceta favorita de la comunidad de\u00a0#mygardenmx 1 x 499 MXN o 2x800 MXN (incluye planthijas)","rel":"","context":"Entrada similar","img":{"alt_text":"Maceras en forma de cabeza","src":"https:\/\/i0.wp.com\/mygarden.mx\/wp-content\/uploads\/2022\/03\/2X900-cabezotas.png?fit=1080%2C1080&ssl=1&resize=350%2C200","width":350,"height":200},"classes":[]},{"id":451,"url":"https:\/\/mygarden.mx\/index.php\/product\/cabezota-con-helecho-chino\/","url_meta":{"origin":458,"position":3},"title":"Cabezota con Helecho Chino","date":"13 de abril de 2021","format":false,"excerpt":"Tama\u00f1o: Mediana Mi amigx despeinada (helecho chino)\ud83d\ude1c \ud83d\udc49 Mi amigx la despeinada tiene el poder de ahuyentar energi\u0301as negativas ya que su cabello combate la soledad, ahuyenta la mala suerte en el amor, atenu\u0301a la melancoli\u0301a, protege de las vibras negativas y purifica el aire de tu hogar. Por eso\u2026","rel":"","context":"Entrada similar","img":{"alt_text":"","src":"https:\/\/i0.wp.com\/mygarden.mx\/wp-content\/uploads\/2021\/04\/Cabezota-con-helecho-chino-principal.jpg?fit=800%2C1200&ssl=1&resize=350%2C200","width":350,"height":200},"classes":[]},{"id":461,"url":"https:\/\/mygarden.mx\/index.php\/product\/cabezota-con-peluca\/","url_meta":{"origin":458,"position":4},"title":"Cabezota con \u00c1lamo","date":"13 de abril de 2021","format":false,"excerpt":"Tama\u00f1o: Mediana Mi amigx con peluca. \u00c1lamo\ud83c\udf31 \ud83d\udc49Planta de la familia de las suculentas, cabali\u0301stica por su amplio follaje que puede llegar a asemejar una peluca, de ahi\u0301 que muchos la conozcan como moneda. \ud83e\udd17 Cuidados: \ud83d\udebf Mantener la tierra siempre hu\u0301meda, OJO sin encharcarla. 2-3 veces por semana esta\u0301\u2026","rel":"","context":"Entrada similar","img":{"alt_text":"Cabezota con \u00e1lamo","src":"https:\/\/i0.wp.com\/mygarden.mx\/wp-content\/uploads\/2021\/09\/Alamo.jpg?fit=677%2C822&ssl=1&resize=350%2C200","width":350,"height":200},"classes":[]},{"id":3579,"url":"https:\/\/mygarden.mx\/index.php\/product\/2-corazones-maceta-ceramica-colgante-macrame\/","url_meta":{"origin":458,"position":5},"title":"Ceropegia woodii + maceta cer\u00e1mica + colgante macram\u00e9","date":"5 de octubre de 2022","format":false,"excerpt":"Los dos corazones en un hilo(Ceropegia woodii) \ud83d\udc95 son un tipo de suculenta colgante que le dan un look Rapunzel a la cabezota. \u00bfQu\u00e9 esperas para llevarte la tuya? \u00a0Tipo de suculenta colgante que puede alcanzar un largo impresionante. Sus hojitas tienen la forma de corazones que cuelgan de un\u2026","rel":"","context":"Entrada similar","img":{"alt_text":"2 corazones en un hilo planta colgante","src":"https:\/\/i0.wp.com\/mygarden.mx\/wp-content\/uploads\/2022\/10\/Ceropegia-woodii.jpeg?fit=725%2C1200&ssl=1&resize=350%2C200","width":350,"height":200},"classes":[]}],"_links":{"self":[{"href":"https:\/\/mygarden.mx\/index.php\/wp-json\/wp\/v2\/product\/458"}],"collection":[{"href":"https:\/\/mygarden.mx\/index.php\/wp-json\/wp\/v2\/product"}],"about":[{"href":"https:\/\/mygarden.mx\/index.php\/wp-json\/wp\/v2\/types\/product"}],"replies":[{"embeddable":true,"href":"https:\/\/mygarden.mx\/index.php\/wp-json\/wp\/v2\/comments?post=458"}],"wp:featuredmedia":[{"embeddable":true,"href":"https:\/\/mygarden.mx\/index.php\/wp-json\/wp\/v2\/media\/783"}],"wp:attachment":[{"href":"https:\/\/mygarden.mx\/index.php\/wp-json\/wp\/v2\/media?parent=458"}],"wp:term":[{"taxonomy":"product_cat","embeddable":true,"href":"https:\/\/mygarden.mx\/index.php\/wp-json\/wp\/v2\/product_cat?post=458"},{"taxonomy":"product_tag","embeddable":true,"href":"https:\/\/mygarden.mx\/index.php\/wp-json\/wp\/v2\/product_tag?post=458"}],"curies":[{"name":"wp","href":"https:\/\/api.w.org\/{rel}","templated":true}]}}

<p>Tamaño: Mediana</p>
<p>Cabezota con Palo de Brasil 🌱</p>
<p>Planthija tanto de interiores como exteriores, es fácil de cuidar y además de tiene la propiedad de absorber la humedad del ambiente para limpiar el aire, por lo que resulta beneficiosa para la salud.</p>
<p>Cuidados:</p>
<p>🚿 La frecuencia de riego depende en gran medida del ambiente donde se encuentre la planta. La recomendación es hacerlo cuando el sustrato donde se encuentre este casi seco</p>
<p>⛅️ Planthija ideal para cualquier ambiente, evitando la exposición directa al sol</p>
<p>Tips:</p>
<p>😷 Le sienta mal las corrientes de aire y los cambios bruscos de temperatura día-noche.</p>
<p>Maceta: Barro</p>
<p>&nbsp;</p>
<p>&nbsp;</p>

Cabezota con Teléfono

Tamaño: Mediana Cabezota con teléfono (Potus) 📞 👉 Planthija colgante eficaz contra la contaminación ambiental en interiores ya que ayuda a purificar el ambiente. Cuidados: 🚿 Regar solo cuando el sustrato esté seco. ☀️ Luz media indirecta; tolera una luminosidad intensa, pero largos periodos de luz solar directa queman las…

Promoción cabezotas

¡Plantlovers! Estamos súper felices porque por primera vez traemos esta increíble #promoción para ustedes 💚 y es que sabemos que la cabezota es la maceta favorita de la comunidad de #mygardenmx 1 x 499 MXN o 2x800 MXN (incluye planthijas)

Tamaño: Mediana Mi amigx despeinada (helecho chino)😜 👉 Mi amigx la despeinada tiene el poder de ahuyentar energías negativas ya que su cabello combate la soledad, ahuyenta la mala suerte en el amor, atenúa la melancolía, protege de las vibras negativas y purifica el aire de tu hogar. Por eso…

Cabezota con Álamo

Tamaño: Mediana Mi amigx con peluca. Álamo🌱 👉Planta de la familia de las suculentas, cabalística por su amplio follaje que puede llegar a asemejar una peluca, de ahí que muchos la conozcan como moneda. 🤗 Cuidados: 🚿 Mantener la tierra siempre húmeda, OJO sin encharcarla. 2-3 veces por semana está…

Cabezota con álamo

Ceropegia woodii + maceta cerámica + colgante macramé

Los dos corazones en un hilo(Ceropegia woodii) 💕 son un tipo de suculenta colgante que le dan un look Rapunzel a la cabezota. ¿Qué esperas para llevarte la tuya?  Tipo de suculenta colgante que puede alcanzar un largo impresionante. Sus hojitas tienen la forma de corazones que cuelgan de un…
