{"id":461,"date":"2021-04-13T19:16:54","date_gmt":"2021-04-13T19:16:54","guid":{"rendered":"https:\/\/mygarden.mx\/?post_type=product&#038;p=461"},"modified":"2023-07-20T21:57:32","modified_gmt":"2023-07-20T21:57:32","slug":"cabezota-con-peluca","status":"publish","type":"product","link":"https:\/\/mygarden.mx\/index.php\/product\/cabezota-con-peluca\/","title":{"rendered":"Cabezota con \u00c1lamo"},"content":{"rendered":"","protected":false},"excerpt":{"rendered":"<p>Tama\u00f1o: Mediana<\/p>\n<p>Mi amigx con peluca. \u00c1lamo\ud83c\udf31<\/p>\n<p>\ud83d\udc49Planta de la familia de las suculentas, cabali\u0301stica por su amplio follaje que puede llegar a asemejar una peluca, de ahi\u0301 que muchos la conozcan como moneda. \ud83e\udd17<\/p>\n<p>Cuidados:<\/p>\n<p>\ud83d\udebf Mantener la tierra siempre hu\u0301meda, OJO sin encharcarla. 2-3 veces por semana esta\u0301 perfecto.<\/p>\n<p>\u26c5\ufe0f Semisombra, mantenerla en un lugar donde no reciba luz directa.<\/p>\n<p>Tips:<\/p>\n<p>\ud83d\ude37 Durante el riego ten cuidado con las hojas ya que tienden a ser fra\u0301giles por su taman\u0303o.<\/p>\n<p>\u2714\ufe0f Planta super apta para tener en el interior.<\/p>\n<p>Maceta: Barro<\/p>\n<p>&nbsp;<\/p>\n<p>&nbsp;<\/p>\n<p>&nbsp;<\/p>\n","protected":false},"featured_media":1118,"comment_status":"open","ping_status":"closed","template":"","meta":{"om_disable_all_campaigns":false,"_monsterinsights_skip_tracking":false,"_monsterinsights_sitenote_active":false,"_monsterinsights_sitenote_note":"","_monsterinsights_sitenote_category":0,"spay_email":""},"product_cat":[20],"product_tag":[],"class_list":["post-461","product","type-product","status-publish","has-post-thumbnail","hentry","product_cat-mediana-planthijamaceta"],"jetpack-related-posts":[{"id":150,"url":"https:\/\/mygarden.mx\/index.php\/product\/cabeza-de-buda-con-peluca\/","url_meta":{"origin":461,"position":0},"title":"Cabeza de Buda con peluca","date":"12 de abril de 2021","format":false,"excerpt":"Tama\u00f1o: Chica Mi amigx con peluca. (Callisia Repens) \ud83c\udf31 \ud83d\udc49Planta de la familia de las suculentas, cabali\u0301stica por su amplio follaje que puede llegar a asemejar una peluca, de ahi\u0301 que muchos la conozcan como Peluca. \ud83e\udd17 Cuidados: \ud83d\udebf Mantener la tierra siempre hu\u0301meda, OJO sin encharcarla. 2-3 veces por\u2026","rel":"","context":"Con 2 comentarios","img":{"alt_text":"","src":"https:\/\/i0.wp.com\/mygarden.mx\/wp-content\/uploads\/2021\/04\/Cabezota-con-peluca-cabeza-de-buda-con-hierba-de-la-calentura.jpg?fit=931%2C1158&ssl=1&resize=350%2C200","width":350,"height":200},"classes":[]},{"id":244,"url":"https:\/\/mygarden.mx\/index.php\/product\/humanitx-con-kiwi\/","url_meta":{"origin":461,"position":1},"title":"Humanitx con Kiwi","date":"13 de abril de 2021","format":false,"excerpt":"Tama\u00f1o: Chica Humanitx con Kiwi \ud83e\udd5d El Kiwi es una planta suculenta de peque\u00f1o tama\u00f1o perfecta para interiores. Sus tonos rosas y amarillos hacen de ella una planta muy llamativa. Cuidados: \ud83d\udebf Regar cuando el sustrato est\u00e9 seco \u26c5 Necesita bastantes horas de luz, pero sin sol directo Tips: \ud83d\udca6El\u2026","rel":"","context":"Entrada similar","img":{"alt_text":"","src":"https:\/\/i0.wp.com\/mygarden.mx\/wp-content\/uploads\/2021\/04\/Humanitx-con-Kiwi.jpg?fit=1200%2C1200&ssl=1&resize=350%2C200","width":350,"height":200},"classes":[]},{"id":481,"url":"https:\/\/mygarden.mx\/index.php\/product\/tinita-con-pincel\/","url_meta":{"origin":461,"position":2},"title":"Tinita con Pincel","date":"13 de abril de 2021","format":false,"excerpt":"Tama\u00f1o: Chico Pi\u0301ncel \ud83d\udd8c \ud83d\udc49 El nombre cienti\u0301fico de esta plantita es Ageratum, que deriva del griego \"Ageratum Ageratos = sin edad\" para indicar la larga duracio\u0301n de esta planta. Cuidados: \ud83d\udebf Mantener la tierra siempre hu\u0301meda, OJO sin encharcarla. \u2600\ufe0f Le encanta la exposicio\u0301n a pleno sol o por\u2026","rel":"","context":"Entrada similar","img":{"alt_text":"","src":"https:\/\/i0.wp.com\/mygarden.mx\/wp-content\/uploads\/2021\/04\/Tinita-con-pincel1.jpg?fit=741%2C732&ssl=1&resize=350%2C200","width":350,"height":200},"classes":[]},{"id":227,"url":"https:\/\/mygarden.mx\/index.php\/product\/pasto-monkey\/","url_meta":{"origin":461,"position":3},"title":"Pasto Monkey","date":"13 de abril de 2021","format":false,"excerpt":"Tama\u00f1o: Chica Pasto monkey \ud83c\udf31 \ud83d\udc49Esta planta de aspecto peculiar por su \"cabello\" despeinado, le da vida a cualquier esquina ya sea en el depa o casa y queda super bien porque es fa\u0301cil de cuidar. Cuidados: \ud83d\udebf La sequedad acentu\u0301a su color azul. \u2600\ufe0f Necesita una ubicacio\u0301n soleada. \ud83d\ude37\u2026","rel":"","context":"Entrada similar","img":{"alt_text":"","src":"https:\/\/i0.wp.com\/mygarden.mx\/wp-content\/uploads\/2021\/04\/Pasto-monkey-arriba.jpg?fit=960%2C960&ssl=1&resize=350%2C200","width":350,"height":200},"classes":[]},{"id":3239,"url":"https:\/\/mygarden.mx\/index.php\/product\/alcatraz-negro-en-bule-de-ceramica\/","url_meta":{"origin":461,"position":4},"title":"Alcatraz negro en bule de cer\u00e1mica","date":"16 de junio de 2022","format":false,"excerpt":"Los alcatraces negros son originarios de Chilangolandia, as\u00ed como todos los dem\u00e1s colores. Cuidados: \ud83d\udebf Mantener la tierra siempre hu\u0301meda, OJO sin encharcarla. 2-3 veces por semana esta\u0301 perfecto. \u26c5\ufe0f Semisombra, que puedan recibir de forma indirecta los rayos del sol Tips: \ud83d\ude37\u00a0 NO debe exponerse a fuertes vientos, los\u2026","rel":"","context":"Entrada similar","img":{"alt_text":"Alcatraz negro","src":"https:\/\/i0.wp.com\/mygarden.mx\/wp-content\/uploads\/2022\/06\/IMG_3247-scaled.jpg?fit=584%2C1200&ssl=1&resize=350%2C200","width":350,"height":200},"classes":[]},{"id":126,"url":"https:\/\/mygarden.mx\/index.php\/product\/muela-con-arbol-de-la-abundancia\/","url_meta":{"origin":461,"position":5},"title":"Muela con \u00c1rbol de la Abundancia","date":"12 de abril de 2021","format":false,"excerpt":"Tama\u00f1o: Chica Abundancia en muela\ud83d\udc9c \ud83d\udc49 El \u00e1rbol de la abundancia, una planta que da fortuna a quien le posee \ud83d\ude0desta planthija es ideal para dentistas o para aquellos amantes de los dientes. Cuidados: \ud83d\udebf Regar durante el peri\u0301odo ma\u0301s ca\u0301lido; en primavera y en oton\u0303o debe ser mucho ma\u0301s\u2026","rel":"","context":"Entrada similar","img":{"alt_text":"","src":"https:\/\/i0.wp.com\/mygarden.mx\/wp-content\/uploads\/2021\/04\/Muela-con-arbol-de-la-abundancia.png?fit=1191%2C1200&ssl=1&resize=350%2C200","width":350,"height":200},"classes":[]}],"_links":{"self":[{"href":"https:\/\/mygarden.mx\/index.php\/wp-json\/wp\/v2\/product\/461"}],"collection":[{"href":"https:\/\/mygarden.mx\/index.php\/wp-json\/wp\/v2\/product"}],"about":[{"href":"https:\/\/mygarden.mx\/index.php\/wp-json\/wp\/v2\/types\/product"}],"replies":[{"embeddable":true,"href":"https:\/\/mygarden.mx\/index.php\/wp-json\/wp\/v2\/comments?post=461"}],"wp:featuredmedia":[{"embeddable":true,"href":"https:\/\/mygarden.mx\/index.php\/wp-json\/wp\/v2\/media\/1118"}],"wp:attachment":[{"href":"https:\/\/mygarden.mx\/index.php\/wp-json\/wp\/v2\/media?parent=461"}],"wp:term":[{"taxonomy":"product_cat","embeddable":true,"href":"https:\/\/mygarden.mx\/index.php\/wp-json\/wp\/v2\/product_cat?post=461"},{"taxonomy":"product_tag","embeddable":true,"href":"https:\/\/mygarden.mx\/index.php\/wp-json\/wp\/v2\/product_tag?post=461"}],"curies":[{"name":"wp","href":"https:\/\/api.w.org\/{rel}","templated":true}]}}

Cabezota con Álamo

<p>Tamaño: Mediana</p>
<p>Mi amigx con peluca. Álamo🌱</p>
<p>👉Planta de la familia de las suculentas, cabalística por su amplio follaje que puede llegar a asemejar una peluca, de ahí que muchos la conozcan como moneda. 🤗</p>
<p>Cuidados:</p>
<p>🚿 Mantener la tierra siempre húmeda, OJO sin encharcarla. 2-3 veces por semana está perfecto.</p>
<p>⛅️ Semisombra, mantenerla en un lugar donde no reciba luz directa.</p>
<p>Tips:</p>
<p>😷 Durante el riego ten cuidado con las hojas ya que tienden a ser frágiles por su tamaño.</p>
<p>✔️ Planta super apta para tener en el interior.</p>
<p>Maceta: Barro</p>
<p>&nbsp;</p>
<p>&nbsp;</p>
<p>&nbsp;</p>

Tamaño: Chica Mi amigx con peluca. (Callisia Repens) 🌱 👉Planta de la familia de las suculentas, cabalística por su amplio follaje que puede llegar a asemejar una peluca, de ahí que muchos la conozcan como Peluca. 🤗 Cuidados: 🚿 Mantener la tierra siempre húmeda, OJO sin encharcarla. 2-3 veces por…

Tamaño: Chica Humanitx con Kiwi 🥝 El Kiwi es una planta suculenta de pequeño tamaño perfecta para interiores. Sus tonos rosas y amarillos hacen de ella una planta muy llamativa. Cuidados: 🚿 Regar cuando el sustrato esté seco ⛅ Necesita bastantes horas de luz, pero sin sol directo Tips: 💦El…

Tamaño: Chico Píncel 🖌 👉 El nombre científico de esta plantita es Ageratum, que deriva del griego "Ageratum Ageratos = sin edad" para indicar la larga duración de esta planta. Cuidados: 🚿 Mantener la tierra siempre húmeda, OJO sin encharcarla. ☀️ Le encanta la exposición a pleno sol o por…

Tamaño: Chica Pasto monkey 🌱 👉Esta planta de aspecto peculiar por su "cabello" despeinado, le da vida a cualquier esquina ya sea en el depa o casa y queda super bien porque es fácil de cuidar. Cuidados: 🚿 La sequedad acentúa su color azul. ☀️ Necesita una ubicación soleada. 😷…

Alcatraz negro en bule de cerámica

Los alcatraces negros son originarios de Chilangolandia, así como todos los demás colores. Cuidados: 🚿 Mantener la tierra siempre húmeda, OJO sin encharcarla. 2-3 veces por semana está perfecto. ⛅️ Semisombra, que puedan recibir de forma indirecta los rayos del sol Tips: 😷  NO debe exponerse a fuertes vientos, los…

Muela con Árbol de la Abundancia

Tamaño: Chica Abundancia en muela💜 👉 El árbol de la abundancia, una planta que da fortuna a quien le posee 😍esta planthija es ideal para dentistas o para aquellos amantes de los dientes. Cuidados: 🚿 Regar durante el período más cálido; en primavera y en otoño debe ser mucho más…
