{"id":479,"date":"2021-04-13T19:35:44","date_gmt":"2021-04-13T19:35:44","guid":{"rendered":"https:\/\/mygarden.mx\/?post_type=product&#038;p=479"},"modified":"2023-04-25T05:26:25","modified_gmt":"2023-04-25T05:26:25","slug":"tinita-con-payasitos","status":"publish","type":"product","link":"https:\/\/mygarden.mx\/index.php\/product\/tinita-con-payasitos\/","title":{"rendered":"Tinita con Payasitos"},"content":{"rendered":"","protected":false},"excerpt":{"rendered":"<p>Tama\u00f1o: Chico<\/p>\n<p>Payasitos (hipoestes)\ud83e\udd21<\/p>\n<p>\ud83d\udc49Planthija que puede disfrutarse durante todo el a\u00f1o en el interior de la vivienda. Sus maravillosas hojas son de colores tan vivos que parece que alguien ha querido crear una obra de arte natural.<\/p>\n<p>Cuidados:<\/p>\n<p>\ud83d\udebf Unas 3-4 veces por semana en verano y cada 5-6 d\u00edas el resto del a\u00f1o. No resiste la sequ\u00eda, pero tampoco el encharcamiento.<\/p>\n<p>\u2600\ufe0f Colocarla en una habitaci\u00f3n en la que, entre mucha luz natural, lejos de las corrientes de aire.<\/p>\n<p>\u2744\ufe0f NO resiste bien el fri\u0301o<\/p>\n<p>Tips:<\/p>\n<p>\ud83d\udc40 Si notas que las hojas de su planta se est\u00e1n rizando, esto podr\u00eda ser un signo de demasiado sol, lo mismo ocurre con las manchas marrones. Intenta moverlas a un lugar m\u00e1s sombreado con sol indirecto.<\/p>\n<p>Maceta: Cer\u00e1mica<\/p>\n<p>&nbsp;<\/p>\n","protected":false},"featured_media":480,"comment_status":"open","ping_status":"closed","template":"","meta":{"om_disable_all_campaigns":false,"_monsterinsights_skip_tracking":false,"_monsterinsights_sitenote_active":false,"_monsterinsights_sitenote_note":"","_monsterinsights_sitenote_category":0,"spay_email":""},"product_cat":[21],"product_tag":[],"class_list":["post-479","product","type-product","status-publish","has-post-thumbnail","hentry","product_cat-chica"],"jetpack-related-posts":[{"id":146,"url":"https:\/\/mygarden.mx\/index.php\/product\/cabeza-de-buda-con-hierba-de-la-calentura\/","url_meta":{"origin":479,"position":0},"title":"Cabeza de Buda con hierba de la calentura","date":"12 de abril de 2021","format":false,"excerpt":"Tama\u00f1o: Chica Hierba de la calentura \ud83d\udd25 \ud83d\udc49Esta planthija caracterizada por tener un tono su\u0301per vivaz le dara\u0301 color a cualquier pasillo, ventana o esquina en la que se encuentre, no pasara\u0301 desapercibida. Cuidados: \ud83d\udebf Cada 2 a 3 di\u0301as, no es conveniente rociar las hojas. \u2600\ufe0f Lo ido\u0301neo es\u2026","rel":"","context":"Entrada similar","img":{"alt_text":"","src":"https:\/\/i0.wp.com\/mygarden.mx\/wp-content\/uploads\/2021\/04\/Cabeza-de-Buda-con-Hierba-de-la-calentura.jpg?fit=750%2C745&ssl=1&resize=350%2C200","width":350,"height":200},"classes":[]},{"id":476,"url":"https:\/\/mygarden.mx\/index.php\/product\/tinita-con-hierba-de-la-calentura\/","url_meta":{"origin":479,"position":1},"title":"Tinita con Hierba de la Calentura","date":"13 de abril de 2021","format":false,"excerpt":"Tama\u00f1o: Chico Hierba de la calentura \ud83d\udd25 \ud83d\udc49Esta planthija caracterizada por tener un tono su\u0301per vivaz le dara\u0301 color a cualquier pasillo, ventana o esquina en la que se encuentre, no pasara\u0301 desapercibida. Cuidados: \ud83d\udebf Cada 2 a 3 di\u0301as, no es conveniente rociar las hojas. \u2600\ufe0f Lo ido\u0301neo es\u2026","rel":"","context":"Entrada similar","img":{"alt_text":"","src":"https:\/\/i0.wp.com\/mygarden.mx\/wp-content\/uploads\/2021\/04\/Tinita2.jpg?fit=898%2C1200&ssl=1&resize=350%2C200","width":350,"height":200},"classes":[]},{"id":158,"url":"https:\/\/mygarden.mx\/index.php\/product\/garra-de-leon\/","url_meta":{"origin":479,"position":2},"title":"Garra de le\u00f3n","date":"12 de abril de 2021","format":false,"excerpt":"Tama\u00f1o: Grande Garra de le\u00f3n \ud83e\udd81 \ud83d\udc49Es una planthija muy decorativa debido a sus grandes hojas de color verde medio brillante, que dan a la planta un aspecto tropical y ex\u00f3tico. Cuidados: \ud83d\udebf Permitir que el sustrato se seque antes de volver a regar. Reducir la frecuencia de riego durante\u2026","rel":"","context":"Entrada similar","img":{"alt_text":"","src":"https:\/\/i0.wp.com\/mygarden.mx\/wp-content\/uploads\/2021\/04\/Garra-de-leon-1.jpg?fit=960%2C1200&ssl=1&resize=350%2C200","width":350,"height":200},"classes":[]},{"id":4093,"url":"https:\/\/mygarden.mx\/index.php\/product\/telefono-colgante-2\/","url_meta":{"origin":479,"position":3},"title":"Tel\u00e9fono colgante","date":"9 de junio de 2023","format":false,"excerpt":"Tel\u00e9fono colgante (Potus)\u00a0 \u00a0Platnthija colgante eficaz contra la contaminaci\u00f3n ambiental en interiores ya que ayuda a purificar el ambiente. Cuidados: \u00a0Regar solo cuando el sustrato est\u00e9 seco. \u00a0Luz media indirecta; tolera una luminosidad intensa, pero largos periodos de luz solar directa queman las hojas. \u00a0Si vemos que pierden su color\u2026","rel":"","context":"Entrada similar","img":{"alt_text":"Tel\u00e9fono colgante","src":"https:\/\/i0.wp.com\/mygarden.mx\/wp-content\/uploads\/2023\/06\/Captura-de-Pantalla-2023-06-09-a-las-8.53.13.png?fit=840%2C836&ssl=1&resize=350%2C200","width":350,"height":200},"classes":[]},{"id":118,"url":"https:\/\/mygarden.mx\/index.php\/product\/telefono-en-vaso\/","url_meta":{"origin":479,"position":4},"title":"Tel\u00e9fono en Vaso","date":"12 de abril de 2021","format":false,"excerpt":"Tama\u00f1o: Chica Tel\u00e9fono colgante (Potus) \ud83d\udcde \ud83d\udc49 Platnthija colgante eficaz contra la contaminaci\u00f3n ambiental en interiores ya que ayuda a purificar el ambiente. Cuidados: \ud83d\udebf Regar solo cuando el sustrato est\u00e9 seco. \u2600\ufe0f Luz media indirecta; tolera una luminosidad intensa, pero largos periodos de luz solar directa queman las hojas.\u2026","rel":"","context":"Entrada similar","img":{"alt_text":"","src":"https:\/\/i0.wp.com\/mygarden.mx\/wp-content\/uploads\/2021\/04\/Telefono-en-vaso.jpg?fit=1042%2C1042&ssl=1&resize=350%2C200","width":350,"height":200},"classes":[]},{"id":230,"url":"https:\/\/mygarden.mx\/index.php\/product\/telefono-colgante\/","url_meta":{"origin":479,"position":5},"title":"Tel\u00e9fono Colgante","date":"13 de abril de 2021","format":false,"excerpt":"Tama\u00f1o: Mediana Tel\u00e9fono colgante (Potus) \ud83d\udcde \ud83d\udc49 Platnthija colgante eficaz contra la contaminaci\u00f3n ambiental en interiores ya que ayuda a purificar el ambiente. Cuidados: \ud83d\udebf Regar solo cuando el sustrato est\u00e9 seco. \u2600\ufe0f Luz media indirecta; tolera una luminosidad intensa, pero largos periodos de luz solar directa queman las hojas.\u2026","rel":"","context":"Entrada similar","img":{"alt_text":"","src":"https:\/\/i0.wp.com\/mygarden.mx\/wp-content\/uploads\/2021\/04\/Telefono-colgante.png?fit=1080%2C1080&ssl=1&resize=350%2C200","width":350,"height":200},"classes":[]}],"_links":{"self":[{"href":"https:\/\/mygarden.mx\/index.php\/wp-json\/wp\/v2\/product\/479"}],"collection":[{"href":"https:\/\/mygarden.mx\/index.php\/wp-json\/wp\/v2\/product"}],"about":[{"href":"https:\/\/mygarden.mx\/index.php\/wp-json\/wp\/v2\/types\/product"}],"replies":[{"embeddable":true,"href":"https:\/\/mygarden.mx\/index.php\/wp-json\/wp\/v2\/comments?post=479"}],"wp:featuredmedia":[{"embeddable":true,"href":"https:\/\/mygarden.mx\/index.php\/wp-json\/wp\/v2\/media\/480"}],"wp:attachment":[{"href":"https:\/\/mygarden.mx\/index.php\/wp-json\/wp\/v2\/media?parent=479"}],"wp:term":[{"taxonomy":"product_cat","embeddable":true,"href":"https:\/\/mygarden.mx\/index.php\/wp-json\/wp\/v2\/product_cat?post=479"},{"taxonomy":"product_tag","embeddable":true,"href":"https:\/\/mygarden.mx\/index.php\/wp-json\/wp\/v2\/product_tag?post=479"}],"curies":[{"name":"wp","href":"https:\/\/api.w.org\/{rel}","templated":true}]}}

<p>Tamaño: Chico</p>
<p>Payasitos (hipoestes)🤡</p>
<p>👉Planthija que puede disfrutarse durante todo el año en el interior de la vivienda. Sus maravillosas hojas son de colores tan vivos que parece que alguien ha querido crear una obra de arte natural.</p>
<p>Cuidados:</p>
<p>🚿 Unas 3-4 veces por semana en verano y cada 5-6 días el resto del año. No resiste la sequía, pero tampoco el encharcamiento.</p>
<p>☀️ Colocarla en una habitación en la que, entre mucha luz natural, lejos de las corrientes de aire.</p>
<p>❄️ NO resiste bien el frío</p>
<p>Tips:</p>
<p>👀 Si notas que las hojas de su planta se están rizando, esto podría ser un signo de demasiado sol, lo mismo ocurre con las manchas marrones. Intenta moverlas a un lugar más sombreado con sol indirecto.</p>
<p>Maceta: Cerámica</p>
<p>&nbsp;</p>

Tamaño: Chica Hierba de la calentura 🔥 👉Esta planthija caracterizada por tener un tono súper vivaz le dará color a cualquier pasillo, ventana o esquina en la que se encuentre, no pasará desapercibida. Cuidados: 🚿 Cada 2 a 3 días, no es conveniente rociar las hojas. ☀️ Lo idóneo es…

Tamaño: Chico Hierba de la calentura 🔥 👉Esta planthija caracterizada por tener un tono súper vivaz le dará color a cualquier pasillo, ventana o esquina en la que se encuentre, no pasará desapercibida. Cuidados: 🚿 Cada 2 a 3 días, no es conveniente rociar las hojas. ☀️ Lo idóneo es…

Garra de león

Tamaño: Grande Garra de león 🦁 👉Es una planthija muy decorativa debido a sus grandes hojas de color verde medio brillante, que dan a la planta un aspecto tropical y exótico. Cuidados: 🚿 Permitir que el sustrato se seque antes de volver a regar. Reducir la frecuencia de riego durante…

Teléfono colgante

Teléfono colgante (Potus)   Platnthija colgante eficaz contra la contaminación ambiental en interiores ya que ayuda a purificar el ambiente. Cuidados:  Regar solo cuando el sustrato esté seco.  Luz media indirecta; tolera una luminosidad intensa, pero largos periodos de luz solar directa queman las hojas.  Si vemos que pierden su color…

Teléfono en Vaso

Tamaño: Chica Teléfono colgante (Potus) 📞 👉 Platnthija colgante eficaz contra la contaminación ambiental en interiores ya que ayuda a purificar el ambiente. Cuidados: 🚿 Regar solo cuando el sustrato esté seco. ☀️ Luz media indirecta; tolera una luminosidad intensa, pero largos periodos de luz solar directa queman las hojas.…

Teléfono Colgante

Tamaño: Mediana Teléfono colgante (Potus) 📞 👉 Platnthija colgante eficaz contra la contaminación ambiental en interiores ya que ayuda a purificar el ambiente. Cuidados: 🚿 Regar solo cuando el sustrato esté seco. ☀️ Luz media indirecta; tolera una luminosidad intensa, pero largos periodos de luz solar directa queman las hojas.…
