{"id":48,"date":"2021-04-12T19:09:52","date_gmt":"2021-04-12T19:09:52","guid":{"rendered":"http:\/\/mygarden.mx\/?post_type=product&#038;p=48"},"modified":"2021-04-12T19:12:52","modified_gmt":"2021-04-12T19:12:52","slug":"diamante-barro","status":"publish","type":"product","link":"https:\/\/mygarden.mx\/index.php\/product\/diamante-barro\/","title":{"rendered":"Diamante Barro"},"content":{"rendered":"","protected":false},"excerpt":{"rendered":"<p>Diamante<\/p>\n<p>\u00a1Selecciona el color de tu preferencia!<\/p>\n<p>Medidas: 20 cm di\u00e1metro x 17 cm altura<\/p>\n<p>Material: Barro<\/p>\n","protected":false},"featured_media":50,"comment_status":"open","ping_status":"closed","template":"","meta":{"om_disable_all_campaigns":false,"_monsterinsights_skip_tracking":false,"_monsterinsights_sitenote_active":false,"_monsterinsights_sitenote_note":"","_monsterinsights_sitenote_category":0,"spay_email":""},"product_cat":[16],"product_tag":[],"class_list":["post-48","product","type-product","status-publish","has-post-thumbnail","hentry","product_cat-macetas"],"jetpack-related-posts":[{"id":51,"url":"https:\/\/mygarden.mx\/index.php\/product\/diamante-ceramica\/","url_meta":{"origin":48,"position":0},"title":"Diamante Cer\u00e1mica","date":"12 de abril de 2021","format":false,"excerpt":"Diamante Cer\u00e1mica Color: Blanco Medidas: 20 cm di\u00e1metro x 17 cm altura Material: Cer\u00e1mica","rel":"","context":"Entrada similar","img":{"alt_text":"","src":"https:\/\/i0.wp.com\/mygarden.mx\/wp-content\/uploads\/2021\/04\/Diamante-ceramica-blanco.png?fit=1200%2C1200&ssl=1&resize=350%2C200","width":350,"height":200},"classes":[]},{"id":44,"url":"https:\/\/mygarden.mx\/index.php\/product\/cilindro-barro\/","url_meta":{"origin":48,"position":1},"title":"Cilindro Barro","date":"12 de abril de 2021","format":false,"excerpt":"Cilindro Barro \u00a1Selecciona el color de tu preferencia! Medidas: 10.9 cm di\u00e1metro x 10.9 cm altura Material: Barro","rel":"","context":"Entrada similar","img":{"alt_text":"","src":"https:\/\/i0.wp.com\/mygarden.mx\/wp-content\/uploads\/2021\/04\/Cilindro-barro.png?fit=1200%2C1200&ssl=1&resize=350%2C200","width":350,"height":200},"classes":[]},{"id":56,"url":"https:\/\/mygarden.mx\/index.php\/product\/golf-barro\/","url_meta":{"origin":48,"position":2},"title":"Golf Barro","date":"12 de abril de 2021","format":false,"excerpt":"Golf Barro \u00a1Selecciona el color de tu preferencia! Medidas: 13 cm di\u00e1metro x 14 cm altura Material: Barro","rel":"","context":"Entrada similar","img":{"alt_text":"","src":"https:\/\/i0.wp.com\/mygarden.mx\/wp-content\/uploads\/2021\/04\/Golf-barro1.png?fit=1200%2C1200&ssl=1&resize=350%2C200","width":350,"height":200},"classes":[]},{"id":71,"url":"https:\/\/mygarden.mx\/index.php\/product\/palomera-barro\/","url_meta":{"origin":48,"position":3},"title":"Palomera Barro","date":"12 de abril de 2021","format":false,"excerpt":"Palomera Barro \u00a1Selecciona el color de tu preferencia! Medidas: 27 cm di\u00e1metro x 21 cm altura Material: Barro","rel":"","context":"Entrada similar","img":{"alt_text":"","src":"https:\/\/i0.wp.com\/mygarden.mx\/wp-content\/uploads\/2021\/04\/Palomerabarro1.png?fit=1200%2C1200&ssl=1&resize=350%2C200","width":350,"height":200},"classes":[]},{"id":86,"url":"https:\/\/mygarden.mx\/index.php\/product\/vaso-grande-barro\/","url_meta":{"origin":48,"position":4},"title":"Vaso Grande Barro","date":"12 de abril de 2021","format":false,"excerpt":"Vaso Grande Barro \u00a1Selecciona el color de tu preferencia! Medidas: 24 cm di\u00e1metro x 22 cm altura Material: Barro","rel":"","context":"Entrada similar","img":{"alt_text":"","src":"https:\/\/i0.wp.com\/mygarden.mx\/wp-content\/uploads\/2021\/04\/Vasogrande1.png?fit=1200%2C1200&ssl=1&resize=350%2C200","width":350,"height":200},"classes":[]},{"id":33,"url":"https:\/\/mygarden.mx\/index.php\/product\/cabeza-buda\/","url_meta":{"origin":48,"position":5},"title":"Cabeza Buda","date":"12 de abril de 2021","format":false,"excerpt":"Cabeza Buda \u00a1Selecciona el color de tu preferencia! Medidas: 12 cm di\u00e1metro x 19 cm altura Material: Barro","rel":"","context":"Entrada similar","img":{"alt_text":"","src":"https:\/\/i0.wp.com\/mygarden.mx\/wp-content\/uploads\/2021\/04\/Cabeza-de-buda-barro1.png?fit=1200%2C1200&ssl=1&resize=350%2C200","width":350,"height":200},"classes":[]}],"_links":{"self":[{"href":"https:\/\/mygarden.mx\/index.php\/wp-json\/wp\/v2\/product\/48"}],"collection":[{"href":"https:\/\/mygarden.mx\/index.php\/wp-json\/wp\/v2\/product"}],"about":[{"href":"https:\/\/mygarden.mx\/index.php\/wp-json\/wp\/v2\/types\/product"}],"replies":[{"embeddable":true,"href":"https:\/\/mygarden.mx\/index.php\/wp-json\/wp\/v2\/comments?post=48"}],"wp:featuredmedia":[{"embeddable":true,"href":"https:\/\/mygarden.mx\/index.php\/wp-json\/wp\/v2\/media\/50"}],"wp:attachment":[{"href":"https:\/\/mygarden.mx\/index.php\/wp-json\/wp\/v2\/media?parent=48"}],"wp:term":[{"taxonomy":"product_cat","embeddable":true,"href":"https:\/\/mygarden.mx\/index.php\/wp-json\/wp\/v2\/product_cat?post=48"},{"taxonomy":"product_tag","embeddable":true,"href":"https:\/\/mygarden.mx\/index.php\/wp-json\/wp\/v2\/product_tag?post=48"}],"curies":[{"name":"wp","href":"https:\/\/api.w.org\/{rel}","templated":true}]}}

<p>Diamante</p>
<p>¡Selecciona el color de tu preferencia!</p>
<p>Medidas: 20 cm diámetro x 17 cm altura</p>
<p>Material: Barro</p>

Diamante Cerámica

Diamante Cerámica Color: Blanco Medidas: 20 cm diámetro x 17 cm altura Material: Cerámica

Cilindro Barro ¡Selecciona el color de tu preferencia! Medidas: 10.9 cm diámetro x 10.9 cm altura Material: Barro

Golf Barro ¡Selecciona el color de tu preferencia! Medidas: 13 cm diámetro x 14 cm altura Material: Barro

Palomera Barro ¡Selecciona el color de tu preferencia! Medidas: 27 cm diámetro x 21 cm altura Material: Barro

Vaso Grande Barro ¡Selecciona el color de tu preferencia! Medidas: 24 cm diámetro x 22 cm altura Material: Barro

Cabeza Buda ¡Selecciona el color de tu preferencia! Medidas: 12 cm diámetro x 19 cm altura Material: Barro
