{"id":481,"date":"2021-04-13T19:39:39","date_gmt":"2021-04-13T19:39:39","guid":{"rendered":"https:\/\/mygarden.mx\/?post_type=product&#038;p=481"},"modified":"2023-04-25T05:31:13","modified_gmt":"2023-04-25T05:31:13","slug":"tinita-con-pincel","status":"publish","type":"product","link":"https:\/\/mygarden.mx\/index.php\/product\/tinita-con-pincel\/","title":{"rendered":"Tinita con Pincel"},"content":{"rendered":"","protected":false},"excerpt":{"rendered":"<p>Tama\u00f1o: Chico<\/p>\n<p>Pi\u0301ncel \ud83d\udd8c<\/p>\n<p>\ud83d\udc49 El nombre cienti\u0301fico de esta plantita es Ageratum, que deriva del griego \u00abAgeratum Ageratos = sin edad\u00bb para indicar la larga duracio\u0301n de esta planta.<\/p>\n<p>Cuidados:<\/p>\n<p>\ud83d\udebf Mantener la tierra siempre hu\u0301meda, OJO sin encharcarla.<\/p>\n<p>\u2600\ufe0f Le encanta la exposicio\u0301n a pleno sol o por lo menos disfrutar de un par de horas de luz solar directa.<\/p>\n<p>Tips:<\/p>\n<p>\ud83d\ude37 Si las flores crecen raqui\u0301ticas la razo\u0301n es porque no recibe suficiente sol. Solucio\u0301n: Mover la planta al sol o al menos en una posicio\u0301n en la que puede recibir al menos 4-5 horas de luz solar directa.<\/p>\n<p>Maceta: Cer\u00e1mica<\/p>\n<p>&nbsp;<\/p>\n","protected":false},"featured_media":483,"comment_status":"open","ping_status":"closed","template":"","meta":{"om_disable_all_campaigns":false,"_monsterinsights_skip_tracking":false,"_monsterinsights_sitenote_active":false,"_monsterinsights_sitenote_note":"","_monsterinsights_sitenote_category":0,"spay_email":""},"product_cat":[21],"product_tag":[],"class_list":["post-481","product","type-product","status-publish","has-post-thumbnail","hentry","product_cat-chica"],"jetpack-related-posts":[{"id":244,"url":"https:\/\/mygarden.mx\/index.php\/product\/humanitx-con-kiwi\/","url_meta":{"origin":481,"position":0},"title":"Humanitx con Kiwi","date":"13 de abril de 2021","format":false,"excerpt":"Tama\u00f1o: Chica Humanitx con Kiwi \ud83e\udd5d El Kiwi es una planta suculenta de peque\u00f1o tama\u00f1o perfecta para interiores. Sus tonos rosas y amarillos hacen de ella una planta muy llamativa. Cuidados: \ud83d\udebf Regar cuando el sustrato est\u00e9 seco \u26c5 Necesita bastantes horas de luz, pero sin sol directo Tips: \ud83d\udca6El\u2026","rel":"","context":"Entrada similar","img":{"alt_text":"","src":"https:\/\/i0.wp.com\/mygarden.mx\/wp-content\/uploads\/2021\/04\/Humanitx-con-Kiwi.jpg?fit=1200%2C1200&ssl=1&resize=350%2C200","width":350,"height":200},"classes":[]},{"id":118,"url":"https:\/\/mygarden.mx\/index.php\/product\/telefono-en-vaso\/","url_meta":{"origin":481,"position":1},"title":"Tel\u00e9fono en Vaso","date":"12 de abril de 2021","format":false,"excerpt":"Tama\u00f1o: Chica Tel\u00e9fono colgante (Potus) \ud83d\udcde \ud83d\udc49 Platnthija colgante eficaz contra la contaminaci\u00f3n ambiental en interiores ya que ayuda a purificar el ambiente. Cuidados: \ud83d\udebf Regar solo cuando el sustrato est\u00e9 seco. \u2600\ufe0f Luz media indirecta; tolera una luminosidad intensa, pero largos periodos de luz solar directa queman las hojas.\u2026","rel":"","context":"Entrada similar","img":{"alt_text":"","src":"https:\/\/i0.wp.com\/mygarden.mx\/wp-content\/uploads\/2021\/04\/Telefono-en-vaso.jpg?fit=1042%2C1042&ssl=1&resize=350%2C200","width":350,"height":200},"classes":[]},{"id":230,"url":"https:\/\/mygarden.mx\/index.php\/product\/telefono-colgante\/","url_meta":{"origin":481,"position":2},"title":"Tel\u00e9fono Colgante","date":"13 de abril de 2021","format":false,"excerpt":"Tama\u00f1o: Mediana Tel\u00e9fono colgante (Potus) \ud83d\udcde \ud83d\udc49 Platnthija colgante eficaz contra la contaminaci\u00f3n ambiental en interiores ya que ayuda a purificar el ambiente. Cuidados: \ud83d\udebf Regar solo cuando el sustrato est\u00e9 seco. \u2600\ufe0f Luz media indirecta; tolera una luminosidad intensa, pero largos periodos de luz solar directa queman las hojas.\u2026","rel":"","context":"Entrada similar","img":{"alt_text":"","src":"https:\/\/i0.wp.com\/mygarden.mx\/wp-content\/uploads\/2021\/04\/Telefono-colgante.png?fit=1080%2C1080&ssl=1&resize=350%2C200","width":350,"height":200},"classes":[]},{"id":464,"url":"https:\/\/mygarden.mx\/index.php\/product\/cabezota-con-telefono\/","url_meta":{"origin":481,"position":3},"title":"Cabezota con Tel\u00e9fono","date":"13 de abril de 2021","format":false,"excerpt":"Tama\u00f1o: Mediana Cabezota con tel\u00e9fono (Potus) \ud83d\udcde \ud83d\udc49 Planthija colgante eficaz contra la contaminaci\u00f3n ambiental en interiores ya que ayuda a purificar el ambiente. Cuidados: \ud83d\udebf Regar solo cuando el sustrato est\u00e9 seco. \u2600\ufe0f Luz media indirecta; tolera una luminosidad intensa, pero largos periodos de luz solar directa queman las\u2026","rel":"","context":"Entrada similar","img":{"alt_text":"","src":"https:\/\/i0.wp.com\/mygarden.mx\/wp-content\/uploads\/2021\/04\/IMG_1762.png?fit=1080%2C1080&ssl=1&resize=350%2C200","width":350,"height":200},"classes":[]},{"id":4093,"url":"https:\/\/mygarden.mx\/index.php\/product\/telefono-colgante-2\/","url_meta":{"origin":481,"position":4},"title":"Tel\u00e9fono colgante","date":"9 de junio de 2023","format":false,"excerpt":"Tel\u00e9fono colgante (Potus)\u00a0 \u00a0Platnthija colgante eficaz contra la contaminaci\u00f3n ambiental en interiores ya que ayuda a purificar el ambiente. Cuidados: \u00a0Regar solo cuando el sustrato est\u00e9 seco. \u00a0Luz media indirecta; tolera una luminosidad intensa, pero largos periodos de luz solar directa queman las hojas. \u00a0Si vemos que pierden su color\u2026","rel":"","context":"Entrada similar","img":{"alt_text":"Tel\u00e9fono colgante","src":"https:\/\/i0.wp.com\/mygarden.mx\/wp-content\/uploads\/2023\/06\/Captura-de-Pantalla-2023-06-09-a-las-8.53.13.png?fit=840%2C836&ssl=1&resize=350%2C200","width":350,"height":200},"classes":[]},{"id":234,"url":"https:\/\/mygarden.mx\/index.php\/product\/arbol-de-hule\/","url_meta":{"origin":481,"position":5},"title":"\u00c1rbol de Hule","date":"13 de abril de 2021","format":false,"excerpt":"Tama\u00f1o: Grande \u00c1rbol de hule (Ficus el\u00e1stica) Arbolhija que no requiere grandes cuidados m\u00e1s all\u00e1 de los b\u00e1sicos. Con que sepas lo que detallamos a continuaci\u00f3n es m\u00e1s que suficiente Cuidados: \ud83d\udebf Necesita poco riego: dos veces por semana en verano y una en invierno (o incluso menos, en regiones\u2026","rel":"","context":"Entrada similar","img":{"alt_text":"","src":"https:\/\/i0.wp.com\/mygarden.mx\/wp-content\/uploads\/2021\/04\/arbol-de-hule2.jpg?fit=1080%2C1080&ssl=1&resize=350%2C200","width":350,"height":200},"classes":[]}],"_links":{"self":[{"href":"https:\/\/mygarden.mx\/index.php\/wp-json\/wp\/v2\/product\/481"}],"collection":[{"href":"https:\/\/mygarden.mx\/index.php\/wp-json\/wp\/v2\/product"}],"about":[{"href":"https:\/\/mygarden.mx\/index.php\/wp-json\/wp\/v2\/types\/product"}],"replies":[{"embeddable":true,"href":"https:\/\/mygarden.mx\/index.php\/wp-json\/wp\/v2\/comments?post=481"}],"wp:featuredmedia":[{"embeddable":true,"href":"https:\/\/mygarden.mx\/index.php\/wp-json\/wp\/v2\/media\/483"}],"wp:attachment":[{"href":"https:\/\/mygarden.mx\/index.php\/wp-json\/wp\/v2\/media?parent=481"}],"wp:term":[{"taxonomy":"product_cat","embeddable":true,"href":"https:\/\/mygarden.mx\/index.php\/wp-json\/wp\/v2\/product_cat?post=481"},{"taxonomy":"product_tag","embeddable":true,"href":"https:\/\/mygarden.mx\/index.php\/wp-json\/wp\/v2\/product_tag?post=481"}],"curies":[{"name":"wp","href":"https:\/\/api.w.org\/{rel}","templated":true}]}}

<p>Tamaño: Chico</p>
<p>Píncel 🖌</p>
<p>👉 El nombre científico de esta plantita es Ageratum, que deriva del griego «Ageratum Ageratos = sin edad» para indicar la larga duración de esta planta.</p>
<p>Cuidados:</p>
<p>🚿 Mantener la tierra siempre húmeda, OJO sin encharcarla.</p>
<p>☀️ Le encanta la exposición a pleno sol o por lo menos disfrutar de un par de horas de luz solar directa.</p>
<p>Tips:</p>
<p>😷 Si las flores crecen raquíticas la razón es porque no recibe suficiente sol. Solución: Mover la planta al sol o al menos en una posición en la que puede recibir al menos 4-5 horas de luz solar directa.</p>
<p>Maceta: Cerámica</p>
<p>&nbsp;</p>

Tamaño: Chica Humanitx con Kiwi 🥝 El Kiwi es una planta suculenta de pequeño tamaño perfecta para interiores. Sus tonos rosas y amarillos hacen de ella una planta muy llamativa. Cuidados: 🚿 Regar cuando el sustrato esté seco ⛅ Necesita bastantes horas de luz, pero sin sol directo Tips: 💦El…

Teléfono en Vaso

Tamaño: Chica Teléfono colgante (Potus) 📞 👉 Platnthija colgante eficaz contra la contaminación ambiental en interiores ya que ayuda a purificar el ambiente. Cuidados: 🚿 Regar solo cuando el sustrato esté seco. ☀️ Luz media indirecta; tolera una luminosidad intensa, pero largos periodos de luz solar directa queman las hojas.…

Teléfono Colgante

Tamaño: Mediana Teléfono colgante (Potus) 📞 👉 Platnthija colgante eficaz contra la contaminación ambiental en interiores ya que ayuda a purificar el ambiente. Cuidados: 🚿 Regar solo cuando el sustrato esté seco. ☀️ Luz media indirecta; tolera una luminosidad intensa, pero largos periodos de luz solar directa queman las hojas.…

Cabezota con Teléfono

Tamaño: Mediana Cabezota con teléfono (Potus) 📞 👉 Planthija colgante eficaz contra la contaminación ambiental en interiores ya que ayuda a purificar el ambiente. Cuidados: 🚿 Regar solo cuando el sustrato esté seco. ☀️ Luz media indirecta; tolera una luminosidad intensa, pero largos periodos de luz solar directa queman las…

Teléfono colgante

Teléfono colgante (Potus)   Platnthija colgante eficaz contra la contaminación ambiental en interiores ya que ayuda a purificar el ambiente. Cuidados:  Regar solo cuando el sustrato esté seco.  Luz media indirecta; tolera una luminosidad intensa, pero largos periodos de luz solar directa queman las hojas.  Si vemos que pierden su color…

Árbol de Hule

Tamaño: Grande Árbol de hule (Ficus elástica) Arbolhija que no requiere grandes cuidados más allá de los básicos. Con que sepas lo que detallamos a continuación es más que suficiente Cuidados: 🚿 Necesita poco riego: dos veces por semana en verano y una en invierno (o incluso menos, en regiones…
