{"id":64,"date":"2021-04-12T19:27:52","date_gmt":"2021-04-12T19:27:52","guid":{"rendered":"http:\/\/mygarden.mx\/?post_type=product&#038;p=64"},"modified":"2023-04-25T19:00:17","modified_gmt":"2023-04-25T19:00:17","slug":"humanitx-semi-acostado","status":"publish","type":"product","link":"https:\/\/mygarden.mx\/index.php\/product\/humanitx-semi-acostado\/","title":{"rendered":"Humanitx (maceta sola)"},"content":{"rendered":"","protected":false},"excerpt":{"rendered":"<p>Humanitxs para todxs<\/p>\n<p>\u00a1Selecciona el color de tu preferencia!<\/p>\n<p>Medidas var\u00edan de acuerdo al modelo, en promedio tienen 10 cm de di\u00e1metro x 15 cm de alto.<\/p>\n<p>Material: Cer\u00e1mica<\/p>\n","protected":false},"featured_media":2961,"comment_status":"open","ping_status":"closed","template":"","meta":{"om_disable_all_campaigns":false,"_monsterinsights_skip_tracking":false,"_monsterinsights_sitenote_active":false,"_monsterinsights_sitenote_note":"","_monsterinsights_sitenote_category":0,"spay_email":""},"product_cat":[16],"product_tag":[],"class_list":["post-64","product","type-product","status-publish","has-post-thumbnail","hentry","product_cat-macetas"],"jetpack-related-posts":[{"id":75,"url":"https:\/\/mygarden.mx\/index.php\/product\/tina\/","url_meta":{"origin":64,"position":0},"title":"Tina","date":"12 de abril de 2021","format":false,"excerpt":"Tina Cer\u00e1mica \u00a1Selecciona el color de tu preferencia! Medidas: 23.5 cm largo x 8 cm alto x 13 cm ancho Material: Cer\u00e1mica","rel":"","context":"Entrada similar","img":{"alt_text":"","src":"https:\/\/i0.wp.com\/mygarden.mx\/wp-content\/uploads\/2021\/04\/Tinita.png?fit=1080%2C1080&ssl=1&resize=350%2C200","width":350,"height":200},"classes":[]},{"id":41,"url":"https:\/\/mygarden.mx\/index.php\/product\/cabezota\/","url_meta":{"origin":64,"position":1},"title":"Cabezota","date":"12 de abril de 2021","format":false,"excerpt":"Cabezota \u00a1Selecciona el color de tu preferencia! Medidas: 39 cm altura x 19 cm ancho Material: Barro","rel":"","context":"Entrada similar","img":{"alt_text":"Maceta cabeza","src":"https:\/\/i0.wp.com\/mygarden.mx\/wp-content\/uploads\/2023\/06\/2.png?fit=1200%2C1200&ssl=1&resize=350%2C200","width":350,"height":200},"classes":[]},{"id":48,"url":"https:\/\/mygarden.mx\/index.php\/product\/diamante-barro\/","url_meta":{"origin":64,"position":2},"title":"Diamante Barro","date":"12 de abril de 2021","format":false,"excerpt":"Diamante \u00a1Selecciona el color de tu preferencia! Medidas: 20 cm di\u00e1metro x 17 cm altura Material: Barro","rel":"","context":"Entrada similar","img":{"alt_text":"","src":"https:\/\/i0.wp.com\/mygarden.mx\/wp-content\/uploads\/2021\/04\/Diamante-rojo-oxido.png?fit=1200%2C1200&ssl=1&resize=350%2C200","width":350,"height":200},"classes":[]},{"id":51,"url":"https:\/\/mygarden.mx\/index.php\/product\/diamante-ceramica\/","url_meta":{"origin":64,"position":3},"title":"Diamante Cer\u00e1mica","date":"12 de abril de 2021","format":false,"excerpt":"Diamante Cer\u00e1mica Color: Blanco Medidas: 20 cm di\u00e1metro x 17 cm altura Material: Cer\u00e1mica","rel":"","context":"Entrada similar","img":{"alt_text":"","src":"https:\/\/i0.wp.com\/mygarden.mx\/wp-content\/uploads\/2021\/04\/Diamante-ceramica-blanco.png?fit=1200%2C1200&ssl=1&resize=350%2C200","width":350,"height":200},"classes":[]},{"id":67,"url":"https:\/\/mygarden.mx\/index.php\/product\/palomera-ceramica\/","url_meta":{"origin":64,"position":4},"title":"Palomera Cer\u00e1mica","date":"12 de abril de 2021","format":false,"excerpt":"Palomera Cer\u00e1mica Color: Blanca Medidas: 27 cm di\u00e1metro x 21 cm altura Material: Cer\u00e1mica","rel":"","context":"Entrada similar","img":{"alt_text":"","src":"https:\/\/i0.wp.com\/mygarden.mx\/wp-content\/uploads\/2021\/04\/Palomera1.png?fit=1200%2C1200&ssl=1&resize=350%2C200","width":350,"height":200},"classes":[]},{"id":33,"url":"https:\/\/mygarden.mx\/index.php\/product\/cabeza-buda\/","url_meta":{"origin":64,"position":5},"title":"Cabeza Buda","date":"12 de abril de 2021","format":false,"excerpt":"Cabeza Buda \u00a1Selecciona el color de tu preferencia! Medidas: 12 cm di\u00e1metro x 19 cm altura Material: Barro","rel":"","context":"Entrada similar","img":{"alt_text":"","src":"https:\/\/i0.wp.com\/mygarden.mx\/wp-content\/uploads\/2021\/04\/Cabeza-de-buda-barro1.png?fit=1200%2C1200&ssl=1&resize=350%2C200","width":350,"height":200},"classes":[]}],"_links":{"self":[{"href":"https:\/\/mygarden.mx\/index.php\/wp-json\/wp\/v2\/product\/64"}],"collection":[{"href":"https:\/\/mygarden.mx\/index.php\/wp-json\/wp\/v2\/product"}],"about":[{"href":"https:\/\/mygarden.mx\/index.php\/wp-json\/wp\/v2\/types\/product"}],"replies":[{"embeddable":true,"href":"https:\/\/mygarden.mx\/index.php\/wp-json\/wp\/v2\/comments?post=64"}],"wp:featuredmedia":[{"embeddable":true,"href":"https:\/\/mygarden.mx\/index.php\/wp-json\/wp\/v2\/media\/2961"}],"wp:attachment":[{"href":"https:\/\/mygarden.mx\/index.php\/wp-json\/wp\/v2\/media?parent=64"}],"wp:term":[{"taxonomy":"product_cat","embeddable":true,"href":"https:\/\/mygarden.mx\/index.php\/wp-json\/wp\/v2\/product_cat?post=64"},{"taxonomy":"product_tag","embeddable":true,"href":"https:\/\/mygarden.mx\/index.php\/wp-json\/wp\/v2\/product_tag?post=64"}],"curies":[{"name":"wp","href":"https:\/\/api.w.org\/{rel}","templated":true}]}}

<p>Humanitxs para todxs</p>
<p>¡Selecciona el color de tu preferencia!</p>
<p>Medidas varían de acuerdo al modelo, en promedio tienen 10 cm de diámetro x 15 cm de alto.</p>
<p>Material: Cerámica</p>

Tina Cerámica ¡Selecciona el color de tu preferencia! Medidas: 23.5 cm largo x 8 cm alto x 13 cm ancho Material: Cerámica

Diamante ¡Selecciona el color de tu preferencia! Medidas: 20 cm diámetro x 17 cm altura Material: Barro

Diamante Cerámica

Diamante Cerámica Color: Blanco Medidas: 20 cm diámetro x 17 cm altura Material: Cerámica

Palomera Cerámica

Palomera Cerámica Color: Blanca Medidas: 27 cm diámetro x 21 cm altura Material: Cerámica

Cabeza Buda ¡Selecciona el color de tu preferencia! Medidas: 12 cm diámetro x 19 cm altura Material: Barro
